{"id":30380,"date":"2024-03-08T16:49:53","date_gmt":"2024-03-08T09:49:53","guid":{"rendered":"https:\/\/maison-chance.org\/shop\/?post_type=product&#038;p=30380"},"modified":"2024-11-08T13:44:46","modified_gmt":"2024-11-08T06:44:46","slug":"ba-lo-thoi-trang","status":"publish","type":"product","link":"https:\/\/maison-chance.org\/shop\/san-pham\/ba-lo-thoi-trang","title":{"rendered":"Ba l\u00f4 th\u1eddi trang"},"content":{"rendered":"<p style=\"text-align: justify;\"><a href=\"https:\/\/maison-chance.org\/shop\/san-pham\/ba-lo-thoi-trang\">Ba l\u00f4 th\u1eddi trang J06BL<\/a> kh\u00f4ng ch\u1ec9 \u0111\u01a1n thu\u1ea7n l\u00e0 m\u1ed9t m\u00f3n \u0111\u1ed3 ti\u1ec7n l\u1ee3i m\u00e0 c\u00f2n l\u00e0 minh ch\u1ee9ng r\u00f5 r\u00e0ng cho s\u1ef1 k\u1ebft n\u1ed1i v\u00e0 quan t\u00e2m \u0111\u1ebfn c\u1ed9ng \u0111\u1ed3ng ng\u01b0\u1eddi khuy\u1ebft t\u1eadt. V\u1edbi ch\u1ea5t li\u1ec7u v\u1ea3i jean b\u1ec1n b\u1ec9 v\u00e0 s\u00e1ng t\u1ea1o, m\u1ed7i chi\u1ebfc ba l\u00f4 \u0111\u01b0\u1ee3c s\u1ea3n xu\u1ea5t th\u1ee7 c\u00f4ng t\u1ea1i Nh\u00e0 May M\u1eafn kh\u00f4ng ch\u1ec9 \u0111\u00e1p \u1ee9ng nhu c\u1ea7u s\u1eed d\u1ee5ng h\u00e0ng ng\u00e0y m\u00e0 c\u00f2n l\u00e0 l\u1eddi cam k\u1ebft v\u1edbi tr\u00e1ch nhi\u1ec7m x\u00e3 h\u1ed9i.<\/p>\n<p style=\"text-align: justify;\">V\u1edbi k\u00edch th\u01b0\u1edbc l\u00fd t\u01b0\u1edfng 38,5 x 40 cm, ba l\u00f4 J06BL mang \u0111\u1ebfn s\u1ef1 tho\u1ea3i m\u00e1i v\u00e0 ti\u1ec7n l\u1ee3i cho m\u1ecdi ho\u1ea1t \u0111\u1ed9ng &#8211; t\u1eeb c\u00f4ng vi\u1ec7c, h\u1ecdc t\u1eadp \u0111\u1ebfn nh\u1eefng chuy\u1ebfn di chuy\u1ec3n xa. D\u00f9 \u1edf b\u1ea5t k\u1ef3 n\u01a1i \u0111\u00e2u, b\u1ea1n s\u1ebd lu\u00f4n t\u1ef1 tin v\u1edbi phong c\u00e1ch \u0111\u1ed9c \u0111\u00e1o v\u00e0 ch\u1ea5t l\u01b0\u1ee3ng b\u1ec1n v\u1eefng c\u1ee7a s\u1ea3n ph\u1ea9m n\u00e0y.<\/p>\n<p>T\u1ea1i Sao B\u1ea1n N\u00ean Ch\u1ecdn <a href=\"https:\/\/maison-chance.org\/shop\/ba-lo\">Ba L\u00f4 Th\u1eddi Trang<\/a> J06BL?<\/p>\n<p style=\"text-align: justify;\">Thi\u1ebft K\u1ebf \u0110\u1ed9c \u0110\u00e1o: Mang phong c\u00e1ch hi\u1ec7n \u0111\u1ea1i v\u00e0 tinh t\u1ebf, t\u1eebng \u0111\u01b0\u1eddng may c\u1ee7a ba l\u00f4 J06BL \u0111\u1ec1u th\u1ec3 hi\u1ec7n s\u1ef1 kh\u00e9o l\u00e9o v\u00e0 gu th\u1ea9m m\u1ef9, gi\u00fap b\u1ea1n t\u1ef1 tin th\u1ec3 hi\u1ec7n c\u00e1 t\u00ednh ri\u00eang.<\/p>\n<p style=\"text-align: justify;\">Ch\u1ea5t Li\u1ec7u B\u1ec1n B\u1ec9: S\u1eed d\u1ee5ng ch\u1ea5t li\u1ec7u v\u1ea3i jean cao c\u1ea5p, s\u1ea3n ph\u1ea9m c\u00f3 \u0111\u1ed9 b\u1ec1n cao v\u00e0 d\u1ec5 d\u00e0ng v\u1ec7 sinh, \u0111\u1ea3m b\u1ea3o b\u1ea1n s\u1eed d\u1ee5ng l\u00e2u d\u00e0i m\u00e0 kh\u00f4ng lo phai m\u00e0u hay h\u01b0 h\u1ecfng.<\/p>\n<p style=\"text-align: justify;\">T\u00e1c \u0110\u1ed9ng C\u1ed9ng \u0110\u1ed3ng: M\u1ed7i l\u1ea7n mua s\u1ea3n ph\u1ea9m c\u1ee7a Nh\u00e0 May M\u1eafn l\u00e0 b\u1ea1n \u0111ang g\u00f3p ph\u1ea7n h\u1ed7 tr\u1ee3 ng\u01b0\u1eddi khuy\u1ebft t\u1eadt, gi\u00fap h\u1ecd c\u00f3 c\u00f4ng vi\u1ec7c \u1ed5n \u0111\u1ecbnh v\u00e0 kh\u1eb3ng \u0111\u1ecbnh gi\u00e1 tr\u1ecb b\u1ea3n th\u00e2n trong x\u00e3 h\u1ed9i.<\/p>\n<p style=\"text-align: justify;\">H\u00e3y \u0111\u1ec3 chi\u1ebfc ba l\u00f4 J06BL tr\u1edf th\u00e0nh m\u1ed9t ph\u1ea7n trong c\u00e2u chuy\u1ec7n cu\u1ed9c s\u1ed1ng c\u1ee7a b\u1ea1n &#8211; m\u1ed9t c\u00e2u chuy\u1ec7n kh\u00f4ng ch\u1ec9 v\u1ec1 phong c\u00e1ch m\u00e0 c\u00f2n l\u00e0 s\u1ef1 s\u1ebb chia, y\u00eau th\u01b0\u01a1ng \u0111\u1ebfn nh\u1eefng m\u1ea3nh \u0111\u1eddi k\u00e9m may m\u1eafn quanh ch\u00fang ta. M\u1ed7i chi\u1ebfc ba l\u00f4 J06BL b\u1ea1n mua l\u00e0 m\u1ed9t th\u00f4ng \u0111i\u1ec7p, l\u00e0 ngu\u1ed3n \u0111\u1ed9ng vi\u00ean kh\u00edch l\u1ec7, lan t\u1ecfa y\u00eau th\u01b0\u01a1ng \u0111\u1ebfn c\u1ed9ng \u0111\u1ed3ng. H\u00e3y c\u00f9ng <a href=\"https:\/\/maison-chance.org\/shop\">Nh\u00e0 May M\u1eafn<\/a> vi\u1ebft n\u00ean nh\u1eefng c\u00e2u chuy\u1ec7n \u0111\u1eb9p b\u1eb1ng s\u1ef1 l\u1ee5a ch\u1ecdn \u00fd ngh\u0129a n\u00e0y &#8211; h\u00e0nh \u0111\u1ed9ng nh\u1ecf c\u1ee7a b\u1ea1n c\u00f3 th\u1ec3 m\u1edf ra c\u00e1nh c\u1eeda hy v\u1ecdng v\u00e0 c\u00f3 t\u00e1c \u0111\u1ed9ng t\u00edch c\u1ef1c \u0111\u1ebfn cu\u1ed9c s\u1ed1ng c\u1ee7a nhi\u1ec1u ng\u01b0\u1eddi kh\u00f3 kh\u0103n.<\/p>\n","protected":false},"excerpt":{"rendered":"<p style=\"text-align: justify\">S\u1ea3n ph\u1ea9m do c\u00e1c b\u1ea1n khuy\u1ebft t\u1eadt k\u00e9m may m\u1eafn s\u1ea3n xu\u1ea5t th\u1ee7 c\u00f4ng k\u00ednh mong nh\u1eadn \u0111\u01b0\u1ee3c s\u1ef1 \u1ee7ng h\u1ed9 c\u1ee7a Qu\u00fd kh\u00e1ch h\u00e0ng.<\/p>\n<p>Ch\u1ea5t li\u1ec7u: V\u1ea3i jean<\/p>\n<p>Code: J06BL<\/p>\n<p>K\u00edch th\u01b0\u1edbc : 38,5 x 40 cm<\/p>\n<p>Hotline : <span style=\"font-size: 20px\"><strong><span style=\"color: #ff0000\">0909 06 25 28<\/span><\/strong><\/span><\/p>\n<p style=\"text-align: justify\">N\u1ebfu b\u1ea1n \u1edf Vi\u1ec7t Nam vui l\u00f2ng li\u00ean h\u1ec7 ch\u00fang t\u00f4i theo s\u1ed1 hotline ho\u1eb7c fanpage doanh nghi\u1ec7p Nh\u00e0 May M\u1eafn ch\u00fang t\u00f4i \u0111\u1ec3 bi\u1ebft gi\u00e1 b\u00e1n t\u1ea1i Vi\u1ec7t Nam.<\/p>\n","protected":false},"featured_media":40163,"template":"","meta":[],"product_brand":[],"product_cat":[142,137],"product_tag":[],"class_list":{"0":"post-30380","1":"product","2":"type-product","3":"status-publish","4":"has-post-thumbnail","6":"product_cat-ba-lo","7":"product_cat-phong-may","9":"first","10":"instock","11":"shipping-taxable","12":"purchasable","13":"product-type-simple"},"yoast_head":"<!-- This site is optimized with the Yoast SEO Premium plugin v22.7 (Yoast SEO v25.3.1) - https:\/\/yoast.com\/wordpress\/plugins\/seo\/ -->\n<title>Ba l\u00f4 th\u1eddi trang - Nh\u00e0 May M\u1eafn - Maison Chance<\/title>\n<meta name=\"description\" content=\"Ba l\u00f4 th\u1eddi trang J06BL kh\u00f4ng ch\u1ec9 \u0111\u01a1n thu\u1ea7n l\u00e0 m\u1ed9t m\u00f3n \u0111\u1ed3 ti\u1ec7n l\u1ee3i m\u00e0 c\u00f2n l\u00e0 minh ch\u1ee9ng r\u00f5 r\u00e0ng cho s\u1ef1 k\u1ebft n\u1ed1i v\u00e0 quan t\u00e2m \u0111\u1ebfn c\u1ed9ng \u0111\u1ed3ng ng\u01b0\u1eddi khuy\u1ebft t\u1eadt.\" \/>\n<meta name=\"robots\" content=\"index, follow, max-snippet:-1, max-image-preview:large, max-video-preview:-1\" \/>\n<link rel=\"canonical\" href=\"https:\/\/maison-chance.org\/shop\/san-pham\/ba-lo-thoi-trang\" \/>\n<meta property=\"og:locale\" content=\"vi_VN\" \/>\n<meta property=\"og:type\" content=\"article\" \/>\n<meta property=\"og:title\" content=\"Ba l\u00f4 th\u1eddi trang\" \/>\n<meta property=\"og:description\" content=\"Ba l\u00f4 th\u1eddi trang J06BL kh\u00f4ng ch\u1ec9 \u0111\u01a1n thu\u1ea7n l\u00e0 m\u1ed9t m\u00f3n \u0111\u1ed3 ti\u1ec7n l\u1ee3i m\u00e0 c\u00f2n l\u00e0 minh ch\u1ee9ng r\u00f5 r\u00e0ng cho s\u1ef1 k\u1ebft n\u1ed1i v\u00e0 quan t\u00e2m \u0111\u1ebfn c\u1ed9ng \u0111\u1ed3ng ng\u01b0\u1eddi khuy\u1ebft t\u1eadt.\" \/>\n<meta property=\"og:url\" content=\"https:\/\/maison-chance.org\/shop\/san-pham\/ba-lo-thoi-trang\" \/>\n<meta property=\"og:site_name\" content=\"Nh\u00e0 May M\u1eafn - Maison Chance\" \/>\n<meta property=\"article:publisher\" content=\"https:\/\/www.facebook.com\/dnxh.nhamayman\/\" \/>\n<meta property=\"article:modified_time\" content=\"2024-11-08T06:44:46+00:00\" \/>\n<meta property=\"og:image\" content=\"https:\/\/maison-chance.org\/shop\/wp-content\/uploads\/2024\/03\/ba-lo-thoi-trang-1.jpg\" \/>\n\t<meta property=\"og:image:width\" content=\"600\" \/>\n\t<meta property=\"og:image:height\" content=\"600\" \/>\n\t<meta property=\"og:image:type\" content=\"image\/jpeg\" \/>\n<meta name=\"twitter:card\" content=\"summary_large_image\" \/>\n<meta name=\"twitter:label1\" content=\"Gi\u00e1\" \/>\n\t<meta name=\"twitter:data1\" content=\"18.70&nbsp;&#036;\" \/>\n\t<meta name=\"twitter:label2\" content=\"Availability\" \/>\n\t<meta name=\"twitter:data2\" content=\"In stock\" \/>\n<script type=\"application\/ld+json\" class=\"yoast-schema-graph\">{\"@context\":\"https:\/\/schema.org\",\"@graph\":[{\"@type\":\"WebPage\",\"@id\":\"https:\/\/maison-chance.org\/shop\/san-pham\/ba-lo-thoi-trang\",\"url\":\"https:\/\/maison-chance.org\/shop\/san-pham\/ba-lo-thoi-trang\",\"name\":\"Ba l\u00f4 th\u1eddi trang - Nh\u00e0 May M\u1eafn - Maison Chance\",\"isPartOf\":{\"@id\":\"https:\/\/maison-chance.org\/shop\/#website\"},\"primaryImageOfPage\":{\"@id\":\"https:\/\/maison-chance.org\/shop\/san-pham\/ba-lo-thoi-trang#primaryimage\"},\"image\":{\"@id\":\"https:\/\/maison-chance.org\/shop\/san-pham\/ba-lo-thoi-trang#primaryimage\"},\"thumbnailUrl\":\"https:\/\/maison-chance.org\/shop\/wp-content\/uploads\/2024\/03\/ba-lo-thoi-trang-1.jpg\",\"datePublished\":\"2024-03-08T09:49:53+00:00\",\"dateModified\":\"2024-11-08T06:44:46+00:00\",\"description\":\"Ba l\u00f4 th\u1eddi trang J06BL kh\u00f4ng ch\u1ec9 \u0111\u01a1n thu\u1ea7n l\u00e0 m\u1ed9t m\u00f3n \u0111\u1ed3 ti\u1ec7n l\u1ee3i m\u00e0 c\u00f2n l\u00e0 minh ch\u1ee9ng r\u00f5 r\u00e0ng cho s\u1ef1 k\u1ebft n\u1ed1i v\u00e0 quan t\u00e2m \u0111\u1ebfn c\u1ed9ng \u0111\u1ed3ng ng\u01b0\u1eddi khuy\u1ebft t\u1eadt.\",\"breadcrumb\":{\"@id\":\"https:\/\/maison-chance.org\/shop\/san-pham\/ba-lo-thoi-trang#breadcrumb\"},\"inLanguage\":\"vi-VN\",\"potentialAction\":[{\"@type\":\"ReadAction\",\"target\":[\"https:\/\/maison-chance.org\/shop\/san-pham\/ba-lo-thoi-trang\"]}]},{\"@type\":\"ImageObject\",\"inLanguage\":\"vi-VN\",\"@id\":\"https:\/\/maison-chance.org\/shop\/san-pham\/ba-lo-thoi-trang#primaryimage\",\"url\":\"https:\/\/maison-chance.org\/shop\/wp-content\/uploads\/2024\/03\/ba-lo-thoi-trang-1.jpg\",\"contentUrl\":\"https:\/\/maison-chance.org\/shop\/wp-content\/uploads\/2024\/03\/ba-lo-thoi-trang-1.jpg\",\"width\":600,\"height\":600,\"caption\":\"Ba l\u00f4 th\u1eddi trang\"},{\"@type\":\"BreadcrumbList\",\"@id\":\"https:\/\/maison-chance.org\/shop\/san-pham\/ba-lo-thoi-trang#breadcrumb\",\"itemListElement\":[{\"@type\":\"ListItem\",\"position\":1,\"name\":\"Trang ch\u1ee7\",\"item\":\"https:\/\/maison-chance.org\/shop\/\"},{\"@type\":\"ListItem\",\"position\":2,\"name\":\"Shop\",\"item\":\"https:\/\/maison-chance.org\/shop\/shop\"},{\"@type\":\"ListItem\",\"position\":3,\"name\":\"Ba l\u00f4 th\u1eddi trang\"}]},{\"@type\":\"WebSite\",\"@id\":\"https:\/\/maison-chance.org\/shop\/#website\",\"url\":\"https:\/\/maison-chance.org\/shop\/\",\"name\":\"Nh\u00e0 May M\u1eafn - Maison Chance\",\"description\":\"M\u1ecdi l\u1ee3i nhu\u1eadn thu v\u1ec1 t\u1eeb vi\u1ec7c b\u00e1n h\u00e0ng s\u1ebd tr\u00edch m\u1ed9t ph\u1ea7n \u0111\u1ec3 ch\u0103m lo cho \u0111\u1eddi s\u1ed1ng c\u00e1c b\u1ea1n khuy\u1ebft t\u1eadt v\u00e0 tr\u1ebb m\u1ed3 c\u00f4i \u1edf \u0111\u00e2y\",\"publisher\":{\"@id\":\"https:\/\/maison-chance.org\/shop\/#organization\"},\"potentialAction\":[{\"@type\":\"SearchAction\",\"target\":{\"@type\":\"EntryPoint\",\"urlTemplate\":\"https:\/\/maison-chance.org\/shop\/?s={search_term_string}\"},\"query-input\":{\"@type\":\"PropertyValueSpecification\",\"valueRequired\":true,\"valueName\":\"search_term_string\"}}],\"inLanguage\":\"vi-VN\"},{\"@type\":\"Organization\",\"@id\":\"https:\/\/maison-chance.org\/shop\/#organization\",\"name\":\"Nh\u00e0 May M\u1eafn - Maison Chance\",\"url\":\"https:\/\/maison-chance.org\/shop\/\",\"logo\":{\"@type\":\"ImageObject\",\"inLanguage\":\"vi-VN\",\"@id\":\"https:\/\/maison-chance.org\/shop\/#\/schema\/logo\/image\/\",\"url\":\"https:\/\/maison-chance.org\/shop\/wp-content\/uploads\/2024\/03\/cropped-Logo_DNXH.png\",\"contentUrl\":\"https:\/\/maison-chance.org\/shop\/wp-content\/uploads\/2024\/03\/cropped-Logo_DNXH.png\",\"width\":512,\"height\":512,\"caption\":\"Nh\u00e0 May M\u1eafn - Maison Chance\"},\"image\":{\"@id\":\"https:\/\/maison-chance.org\/shop\/#\/schema\/logo\/image\/\"},\"sameAs\":[\"https:\/\/www.facebook.com\/dnxh.nhamayman\/\"]}]}<\/script>\n<meta property=\"product:price:amount\" content=\"18.70\" \/>\n<meta property=\"product:price:currency\" content=\"USD\" \/>\n<meta property=\"og:availability\" content=\"instock\" \/>\n<meta property=\"product:availability\" content=\"instock\" \/>\n<meta property=\"product:condition\" content=\"new\" \/>\n<!-- \/ Yoast SEO Premium plugin. -->","yoast_head_json":{"title":"Ba l\u00f4 th\u1eddi trang - Nh\u00e0 May M\u1eafn - Maison Chance","description":"Ba l\u00f4 th\u1eddi trang J06BL kh\u00f4ng ch\u1ec9 \u0111\u01a1n thu\u1ea7n l\u00e0 m\u1ed9t m\u00f3n \u0111\u1ed3 ti\u1ec7n l\u1ee3i m\u00e0 c\u00f2n l\u00e0 minh ch\u1ee9ng r\u00f5 r\u00e0ng cho s\u1ef1 k\u1ebft n\u1ed1i v\u00e0 quan t\u00e2m \u0111\u1ebfn c\u1ed9ng \u0111\u1ed3ng ng\u01b0\u1eddi khuy\u1ebft t\u1eadt.","robots":{"index":"index","follow":"follow","max-snippet":"max-snippet:-1","max-image-preview":"max-image-preview:large","max-video-preview":"max-video-preview:-1"},"canonical":"https:\/\/maison-chance.org\/shop\/san-pham\/ba-lo-thoi-trang","og_locale":"vi_VN","og_type":"article","og_title":"Ba l\u00f4 th\u1eddi trang","og_description":"Ba l\u00f4 th\u1eddi trang J06BL kh\u00f4ng ch\u1ec9 \u0111\u01a1n thu\u1ea7n l\u00e0 m\u1ed9t m\u00f3n \u0111\u1ed3 ti\u1ec7n l\u1ee3i m\u00e0 c\u00f2n l\u00e0 minh ch\u1ee9ng r\u00f5 r\u00e0ng cho s\u1ef1 k\u1ebft n\u1ed1i v\u00e0 quan t\u00e2m \u0111\u1ebfn c\u1ed9ng \u0111\u1ed3ng ng\u01b0\u1eddi khuy\u1ebft t\u1eadt.","og_url":"https:\/\/maison-chance.org\/shop\/san-pham\/ba-lo-thoi-trang","og_site_name":"Nh\u00e0 May M\u1eafn - Maison Chance","article_publisher":"https:\/\/www.facebook.com\/dnxh.nhamayman\/","article_modified_time":"2024-11-08T06:44:46+00:00","og_image":[{"width":600,"height":600,"url":"https:\/\/maison-chance.org\/shop\/wp-content\/uploads\/2024\/03\/ba-lo-thoi-trang-1.jpg","type":"image\/jpeg"}],"twitter_card":"summary_large_image","twitter_misc":{"Gi\u00e1":"18.70&nbsp;&#36;","Availability":"In stock"},"schema":{"@context":"https:\/\/schema.org","@graph":[{"@type":"WebPage","@id":"https:\/\/maison-chance.org\/shop\/san-pham\/ba-lo-thoi-trang","url":"https:\/\/maison-chance.org\/shop\/san-pham\/ba-lo-thoi-trang","name":"Ba l\u00f4 th\u1eddi trang - Nh\u00e0 May M\u1eafn - Maison Chance","isPartOf":{"@id":"https:\/\/maison-chance.org\/shop\/#website"},"primaryImageOfPage":{"@id":"https:\/\/maison-chance.org\/shop\/san-pham\/ba-lo-thoi-trang#primaryimage"},"image":{"@id":"https:\/\/maison-chance.org\/shop\/san-pham\/ba-lo-thoi-trang#primaryimage"},"thumbnailUrl":"https:\/\/maison-chance.org\/shop\/wp-content\/uploads\/2024\/03\/ba-lo-thoi-trang-1.jpg","datePublished":"2024-03-08T09:49:53+00:00","dateModified":"2024-11-08T06:44:46+00:00","description":"Ba l\u00f4 th\u1eddi trang J06BL kh\u00f4ng ch\u1ec9 \u0111\u01a1n thu\u1ea7n l\u00e0 m\u1ed9t m\u00f3n \u0111\u1ed3 ti\u1ec7n l\u1ee3i m\u00e0 c\u00f2n l\u00e0 minh ch\u1ee9ng r\u00f5 r\u00e0ng cho s\u1ef1 k\u1ebft n\u1ed1i v\u00e0 quan t\u00e2m \u0111\u1ebfn c\u1ed9ng \u0111\u1ed3ng ng\u01b0\u1eddi khuy\u1ebft t\u1eadt.","breadcrumb":{"@id":"https:\/\/maison-chance.org\/shop\/san-pham\/ba-lo-thoi-trang#breadcrumb"},"inLanguage":"vi-VN","potentialAction":[{"@type":"ReadAction","target":["https:\/\/maison-chance.org\/shop\/san-pham\/ba-lo-thoi-trang"]}]},{"@type":"ImageObject","inLanguage":"vi-VN","@id":"https:\/\/maison-chance.org\/shop\/san-pham\/ba-lo-thoi-trang#primaryimage","url":"https:\/\/maison-chance.org\/shop\/wp-content\/uploads\/2024\/03\/ba-lo-thoi-trang-1.jpg","contentUrl":"https:\/\/maison-chance.org\/shop\/wp-content\/uploads\/2024\/03\/ba-lo-thoi-trang-1.jpg","width":600,"height":600,"caption":"Ba l\u00f4 th\u1eddi trang"},{"@type":"BreadcrumbList","@id":"https:\/\/maison-chance.org\/shop\/san-pham\/ba-lo-thoi-trang#breadcrumb","itemListElement":[{"@type":"ListItem","position":1,"name":"Trang ch\u1ee7","item":"https:\/\/maison-chance.org\/shop\/"},{"@type":"ListItem","position":2,"name":"Shop","item":"https:\/\/maison-chance.org\/shop\/shop"},{"@type":"ListItem","position":3,"name":"Ba l\u00f4 th\u1eddi trang"}]},{"@type":"WebSite","@id":"https:\/\/maison-chance.org\/shop\/#website","url":"https:\/\/maison-chance.org\/shop\/","name":"Nh\u00e0 May M\u1eafn - Maison Chance","description":"M\u1ecdi l\u1ee3i nhu\u1eadn thu v\u1ec1 t\u1eeb vi\u1ec7c b\u00e1n h\u00e0ng s\u1ebd tr\u00edch m\u1ed9t ph\u1ea7n \u0111\u1ec3 ch\u0103m lo cho \u0111\u1eddi s\u1ed1ng c\u00e1c b\u1ea1n khuy\u1ebft t\u1eadt v\u00e0 tr\u1ebb m\u1ed3 c\u00f4i \u1edf \u0111\u00e2y","publisher":{"@id":"https:\/\/maison-chance.org\/shop\/#organization"},"potentialAction":[{"@type":"SearchAction","target":{"@type":"EntryPoint","urlTemplate":"https:\/\/maison-chance.org\/shop\/?s={search_term_string}"},"query-input":{"@type":"PropertyValueSpecification","valueRequired":true,"valueName":"search_term_string"}}],"inLanguage":"vi-VN"},{"@type":"Organization","@id":"https:\/\/maison-chance.org\/shop\/#organization","name":"Nh\u00e0 May M\u1eafn - Maison Chance","url":"https:\/\/maison-chance.org\/shop\/","logo":{"@type":"ImageObject","inLanguage":"vi-VN","@id":"https:\/\/maison-chance.org\/shop\/#\/schema\/logo\/image\/","url":"https:\/\/maison-chance.org\/shop\/wp-content\/uploads\/2024\/03\/cropped-Logo_DNXH.png","contentUrl":"https:\/\/maison-chance.org\/shop\/wp-content\/uploads\/2024\/03\/cropped-Logo_DNXH.png","width":512,"height":512,"caption":"Nh\u00e0 May M\u1eafn - Maison Chance"},"image":{"@id":"https:\/\/maison-chance.org\/shop\/#\/schema\/logo\/image\/"},"sameAs":["https:\/\/www.facebook.com\/dnxh.nhamayman\/"]}]},"product_price_amount":"18.70","product_price_currency":"USD","og_availability":"instock","product_availability":"instock","product_condition":"new"},"_links":{"self":[{"href":"https:\/\/maison-chance.org\/shop\/wp-json\/wp\/v2\/product\/30380","targetHints":{"allow":["GET"]}}],"collection":[{"href":"https:\/\/maison-chance.org\/shop\/wp-json\/wp\/v2\/product"}],"about":[{"href":"https:\/\/maison-chance.org\/shop\/wp-json\/wp\/v2\/types\/product"}],"wp:featuredmedia":[{"embeddable":true,"href":"https:\/\/maison-chance.org\/shop\/wp-json\/wp\/v2\/media\/40163"}],"wp:attachment":[{"href":"https:\/\/maison-chance.org\/shop\/wp-json\/wp\/v2\/media?parent=30380"}],"wp:term":[{"taxonomy":"product_brand","embeddable":true,"href":"https:\/\/maison-chance.org\/shop\/wp-json\/wp\/v2\/product_brand?post=30380"},{"taxonomy":"product_cat","embeddable":true,"href":"https:\/\/maison-chance.org\/shop\/wp-json\/wp\/v2\/product_cat?post=30380"},{"taxonomy":"product_tag","embeddable":true,"href":"https:\/\/maison-chance.org\/shop\/wp-json\/wp\/v2\/product_tag?post=30380"}],"curies":[{"name":"wp","href":"https:\/\/api.w.org\/{rel}","templated":true}]}}