{"id":30551,"date":"2024-03-08T22:12:25","date_gmt":"2024-03-08T15:12:25","guid":{"rendered":"https:\/\/maison-chance.org\/shop\/?post_type=product&#038;p=30551"},"modified":"2024-03-08T22:12:25","modified_gmt":"2024-03-08T15:12:25","slug":"hinh-bong-me","status":"publish","type":"product","link":"https:\/\/maison-chance.org\/shop\/san-pham\/hinh-bong-me","title":{"rendered":"H\u00ecnh b\u00f3ng m\u1eb9"},"content":{"rendered":"<p style=\"text-align: center;\">\ud83c\udf38 <a href=\"\/shop?product_cat=phong-tranh-son-dau\/tranh-truu-tuong\">TRANH S\u01a0N D\u1ea6U TR\u1eeaU T\u01af\u1ee2NG<\/a> &#8211; H\u00ccNH B\u00d3NG M\u1eb8 \ud83c\udf38<\/p>\n<p style=\"text-align: justify;\">\ud83d\udc96 B\u1ea1n \u0111ang t\u00ecm ki\u1ebfm m\u1ed9t b\u1ee9c tranh s\u01a1n d\u1ea7u \u0111\u1ed9c \u0111\u00e1o \u0111\u1ec3 trang tr\u00ed kh\u00f4ng gian s\u1ed1ng c\u1ee7a m\u00ecnh? B\u1ea1n mu\u1ed1n s\u1edf h\u1eefu m\u1ed9t t\u00e1c ph\u1ea9m ngh\u1ec7 thu\u1eadt mang \u00fd ngh\u0129a v\u1ec1 t\u00ecnh m\u1eabu t\u1eed s\u00e2u s\u1eafc? H\u00e3y \u0111\u1ec3 Nh\u00e0 May M\u1eafn ch\u00fang t\u00f4i gi\u1edbi thi\u1ec7u \u0111\u1ebfn b\u1ea1n b\u1ee9c tranh &#8220;H\u00ecnh b\u00f3ng m\u1eb9&#8221; &#8211; m\u1ed9t t\u00e1c ph\u1ea9m \u0111\u1ea7y c\u1ea3m x\u00fac v\u00e0 \u00fd ngh\u0129a!<\/p>\n<p style=\"text-align: justify;\">\ud83c\udfa8 V\u1edbi gam m\u00e0u v\u00e0ng cam, l\u00e1 c\u00e2y xanh d\u01b0\u01a1ng, tranh s\u01a1n d\u1ea7u &#8220;H\u00ecnh b\u00f3ng m\u1eb9&#8221; mang \u0111\u1ebfn cho b\u1ea1n h\u00ecnh \u1ea3nh ng\u01b0\u1eddi m\u1eb9 v\u1edbi v\u1ebb ngo\u00e0i hi\u1ec1n h\u1eadu v\u00e0 y\u00eau th\u01b0\u01a1ng. Nh\u1eefng co b\u01b0\u1edbm m\u00e0u h\u1ed3ng sinh \u0111\u1ed9ng tr\u00ean b\u1ee9c tranh c\u00e0ng l\u00e0m t\u0103ng th\u00eam v\u1ebb \u0111\u00e1ng y\u00eau v\u00e0 quy\u1ebfn r\u0169 c\u1ee7a ng\u01b0\u1eddi ph\u1ee5 n\u1eef.<\/p>\n<p><img decoding=\"async\" class=\"size-full wp-image-16350 aligncenter\" src=\"https:\/\/maison-chance.org\/shop\/wp-content\/uploads\/2023\/12\/60x80-Nguyen-Van-Chien-Hinh-bong-me.png\" alt=\"H\u00ecnh b\u00f3ng m\u1eb9\" width=\"600\" height=\"600\" \/><\/p>\n<p style=\"text-align: justify;\">\ud83d\uddbc\ufe0f K\u00edch th\u01b0\u1edbc l\u1edbn 60 x 80 cm c\u1ee7a <a href=\"\/shop?product_cat=phong-tranh-son-dau\">tranh s\u01a1n d\u1ea7u<\/a> l\u00e0m n\u1ed5i b\u1eadt \u0111\u01b0\u1ee3c chi ti\u1ebft v\u00e0 s\u1ef1 t\u1ec9 m\u1ec9 trong t\u1eebng n\u00e9t v\u1ebd. \u0110\u1eb7t trong kh\u00f4ng gian ph\u00f2ng kh\u00e1ch, ph\u00f2ng ng\u1ee7 hay ph\u00f2ng l\u00e0m vi\u1ec7c, tranh s\u1ebd tr\u1edf th\u00e0nh \u0111i\u1ec3m nh\u1ea5n thu h\u00fat m\u1ecdi \u00e1nh nh\u00ecn v\u00e0 t\u1ea1o n\u00ean kh\u00f4ng gian s\u1ed1ng \u1ea5m c\u00fang v\u00e0 th\u01b0 th\u00e1i.<\/p>\n<p style=\"text-align: justify;\">\ud83e\udd1d\ud83e\udd1d\ud83e\udd1d \u0110\u1eb7c bi\u1ec7t, b\u1ee9c tranh &#8220;<a href=\"\/shop?p=16349\">h\u00ecnh b\u00f3ng m\u1eb9<\/a>&#8221; l\u00e0 s\u1ea3n ph\u1ea9m c\u1ee7a Nguy\u1ec5n V\u0103n Chi\u1ebfn &#8211; m\u1ed9t h\u1ecda s\u0129 khuy\u1ebft t\u1eadt t\u00e0i n\u0103ng. M\u1ed7i l\u1ea7n b\u1ea1n mua tranh, b\u1ea1n \u0111ang \u1ee7ng h\u1ed9 cho s\u1ef1 ph\u00e1t tri\u1ec3n v\u00e0 t\u1ef1 tin c\u1ee7a nh\u1eefng ng\u01b0\u1eddi khuy\u1ebft t\u1eadt. H\u00e3y c\u00f9ng chung tay x\u00e2y d\u1ef1ng m\u1ed9t x\u00e3 h\u1ed9i v\u0103n minh v\u00e0 \u0111\u1ea7y l\u00f2ng nh\u00e2n \u00e1i!<\/p>\n<p style=\"text-align: justify;\">\ud83d\udc95\ud83d\udc95\ud83d\udc95 H\u00e3y \u0111\u1ec3 tranh s\u01a1n d\u1ea7u &#8220;h\u00ecnh b\u00f3ng m\u1eb9&#8221; tr\u1edf th\u00e0nh m\u00f3n qu\u00e0 \u00fd ngh\u0129a cho b\u1ea1n b\u00e8, ng\u01b0\u1eddi th\u00e2n y\u00eau ho\u1eb7c \u0111\u1ec3 trang tr\u00ed kh\u00f4ng gian s\u1ed1ng c\u1ee7a b\u1ea1n. M\u1ed7i l\u1ea7n nh\u00ecn v\u00e0o b\u1ee9c tranh, b\u1ea1n s\u1ebd c\u1ea3m nh\u1eadn \u0111\u01b0\u1ee3c t\u00ecnh y\u00eau th\u01b0\u01a1ng v\u00e0 s\u1ef1 quan t\u00e2m t\u1eeb ng\u01b0\u1eddi m\u1eb9 &#8211; ngu\u1ed3n c\u1ea3m h\u1ee9ng v\u00f4 t\u1eadn c\u1ee7a cu\u1ed9c s\u1ed1ng! \ud83d\udc95\ud83d\udc95\ud83d\udc95<\/p>\n<div dir=\"auto\" style=\"text-align: justify;\"><span class=\"x3nfvp2 x1j61x8r x1fcty0u xdj266r xhhsvwb xat24cr xgzva0m xxymvpz xlup9mm x1kky2od\"><img decoding=\"async\" class=\"xz74otr\" src=\"https:\/\/static.xx.fbcdn.net\/images\/emoji.php\/v9\/ted\/2\/16\/2764.png\" alt=\"\u2764\" width=\"16\" height=\"16\" \/><\/span> R\u1ea5t mong s\u1ebd nh\u1eadn \u0111\u01b0\u1ee3c s\u1ef1 \u1ee7ng h\u1ed9 t\u1eeb qu\u00fd kh\u00e1ch <span class=\"x3nfvp2 x1j61x8r x1fcty0u xdj266r xhhsvwb xat24cr xgzva0m xxymvpz xlup9mm x1kky2od\"><img decoding=\"async\" class=\"xz74otr\" src=\"https:\/\/static.xx.fbcdn.net\/images\/emoji.php\/v9\/ted\/2\/16\/2764.png\" alt=\"\u2764\" width=\"16\" height=\"16\" \/><\/span><\/div>\n<div dir=\"auto\" style=\"text-align: justify;\">&#8212;&#8212;&#8212;&#8212;&#8212;&#8212;&#8212;&#8212;&#8212;&#8212;&#8212;&#8212;&#8212;&#8212;&#8212;&#8212;&#8212;&#8212;&#8212;&#8212;&#8212;&#8212;&#8211;<\/div>\n<div dir=\"auto\" style=\"text-align: justify;\"><span class=\"x3nfvp2 x1j61x8r x1fcty0u xdj266r xhhsvwb xat24cr xgzva0m xxymvpz xlup9mm x1kky2od\"><img decoding=\"async\" class=\"xz74otr\" src=\"https:\/\/static.xx.fbcdn.net\/images\/emoji.php\/v9\/ted\/2\/16\/2764.png\" alt=\"\u2764\" width=\"16\" height=\"16\" \/><\/span> M\u1ecdi l\u1ee3i nhu\u1eadn thu v\u1ec1 t\u1eeb vi\u1ec7c b\u00e1n h\u00e0ng s\u1ebd tr\u00edch m\u1ed9t ph\u1ea7n \u0111\u1ec3 ch\u0103m lo cho \u0111\u1eddi s\u1ed1ng c\u00e1c b\u1ea1n khuy\u1ebft t\u1eadt v\u00e0 tr\u1ebb m\u1ed3 c\u00f4i \u1edf \u0111\u00e2y. Ph\u1ea7n c\u00f2n l\u1ea1i s\u1ebd ti\u1ebfp t\u1ee5c duy tr\u00ec ho\u1ea1t \u0111\u1ed9ng c\u1ee7a t\u1ed5 ch\u1ee9c <span class=\"x3nfvp2 x1j61x8r x1fcty0u xdj266r xhhsvwb xat24cr xgzva0m xxymvpz xlup9mm x1kky2od\"><img decoding=\"async\" class=\"xz74otr\" src=\"https:\/\/static.xx.fbcdn.net\/images\/emoji.php\/v9\/ted\/2\/16\/2764.png\" alt=\"\u2764\" width=\"16\" height=\"16\" \/><\/span><\/div>\n<div dir=\"auto\" style=\"text-align: justify;\"><span class=\"x3nfvp2 x1j61x8r x1fcty0u xdj266r xhhsvwb xat24cr xgzva0m xxymvpz xlup9mm x1kky2od\"><img decoding=\"async\" class=\"xz74otr\" src=\"https:\/\/static.xx.fbcdn.net\/images\/emoji.php\/v9\/ta3\/2\/16\/260e.png\" alt=\"\u260e\" width=\"16\" height=\"16\" \/><\/span> Hotline: 0909 06 2528 ( Zalo<span class=\"x3nfvp2 x1j61x8r x1fcty0u xdj266r xhhsvwb xat24cr xgzva0m xxymvpz xlup9mm x1kky2od\"><img decoding=\"async\" class=\"xz74otr\" src=\"https:\/\/static.xx.fbcdn.net\/images\/emoji.php\/v9\/tf0\/2\/16\/1f449.png\" alt=\"\ud83d\udc49\" width=\"16\" height=\"16\" \/><\/span>).<\/div>\n<div dir=\"auto\" style=\"text-align: justify;\"><span class=\"x3nfvp2 x1j61x8r x1fcty0u xdj266r xhhsvwb xat24cr xgzva0m xxymvpz xlup9mm x1kky2od\"><img decoding=\"async\" class=\"xz74otr\" src=\"https:\/\/static.xx.fbcdn.net\/images\/emoji.php\/v9\/t2b\/2\/16\/1f4bb.png\" alt=\"\ud83d\udcbb\" width=\"16\" height=\"16\" \/><\/span> Website: <a href=\"https:\/\/maison-chance.org\/shop\">https:\/\/maison-chance.org\/shop<\/a><\/div>\n","protected":false},"excerpt":{"rendered":"<p style=\"text-align: justify;\">C\u00e1c s\u1ea3n ph\u1ea9m tranh s\u01a1n d\u1ea7u do Nh\u00e0 May M\u1eafn cung c\u1ea5p l\u00e0 nh\u1eefng s\u1ea3n ph\u1ea9m c\u1ee7a c\u00e1c b\u1ea1n khuy\u1ebft t\u1eadt k\u00e9m may m\u1eafn v\u1ebd.<\/p>\n<p>&nbsp;<\/p>\n<p style=\"text-align: justify;\">K\u00edch th\u01b0\u1edbc (cm) : 60&#215;80<\/p>\n<p>&nbsp;<\/p>\n<p>Th\u1ec3 lo\u1ea1i : Tranh s\u00e1ng t\u00e1c<\/p>\n<p>&nbsp;<\/p>\n<p>T\u00e1c gi\u1ea3 : Nguy\u1ec5n V\u0103n Chi\u1ebfn<\/p>\n<p>&nbsp;<\/p>\n<p style=\"text-align: justify;\">Hotline : <span style=\"color: #ff0000; font-size: 18pt;\"><strong>0937 973 919<\/strong><\/span><\/p>\n<p>&nbsp;<\/p>\n","protected":false},"featured_media":30552,"template":"","meta":[],"product_brand":[],"product_cat":[144,148],"product_tag":[],"class_list":{"0":"post-30551","1":"product","2":"type-product","3":"status-publish","4":"has-post-thumbnail","6":"product_cat-phong-tranh-son-dau","7":"product_cat-tranh-truu-tuong","9":"first","10":"instock","11":"shipping-taxable","12":"product-type-simple"},"yoast_head":"<!-- This site is optimized with the Yoast SEO Premium plugin v22.7 (Yoast SEO v25.3.1) - https:\/\/yoast.com\/wordpress\/plugins\/seo\/ -->\n<title>H\u00ecnh b\u00f3ng m\u1eb9 - Nh\u00e0 May M\u1eafn - Maison Chance<\/title>\n<meta name=\"robots\" content=\"index, follow, max-snippet:-1, max-image-preview:large, max-video-preview:-1\" \/>\n<link rel=\"canonical\" href=\"https:\/\/maison-chance.org\/shop\/san-pham\/hinh-bong-me\" \/>\n<meta property=\"og:locale\" content=\"vi_VN\" \/>\n<meta property=\"og:type\" content=\"article\" \/>\n<meta property=\"og:title\" content=\"H\u00ecnh b\u00f3ng m\u1eb9\" \/>\n<meta property=\"og:description\" content=\"C\u00e1c s\u1ea3n ph\u1ea9m tranh s\u01a1n d\u1ea7u do Nh\u00e0 May M\u1eafn cung c\u1ea5p l\u00e0 nh\u1eefng s\u1ea3n ph\u1ea9m c\u1ee7a c\u00e1c b\u1ea1n khuy\u1ebft t\u1eadt k\u00e9m may m\u1eafn v\u1ebd. &nbsp; K\u00edch th\u01b0\u1edbc (cm) : 60x80 &nbsp;  Th\u1ec3 lo\u1ea1i : Tranh s\u00e1ng t\u00e1c  &nbsp;  T\u00e1c gi\u1ea3 : Nguy\u1ec5n V\u0103n Chi\u1ebfn  &nbsp; Hotline : 0937 973 919 &nbsp;\" \/>\n<meta property=\"og:url\" content=\"https:\/\/maison-chance.org\/shop\/san-pham\/hinh-bong-me\" \/>\n<meta property=\"og:site_name\" content=\"Nh\u00e0 May M\u1eafn - Maison Chance\" \/>\n<meta property=\"article:publisher\" content=\"https:\/\/www.facebook.com\/dnxh.nhamayman\/\" \/>\n<meta property=\"og:image\" content=\"https:\/\/maison-chance.org\/shop\/wp-content\/uploads\/2024\/03\/60x80-Nguyen-Van-Chien-Hinh-bong-me.png\" \/>\n\t<meta property=\"og:image:width\" content=\"600\" \/>\n\t<meta property=\"og:image:height\" content=\"600\" \/>\n\t<meta property=\"og:image:type\" content=\"image\/png\" \/>\n<meta name=\"twitter:card\" content=\"summary_large_image\" \/>\n<meta name=\"twitter:label1\" content=\"Gi\u00e1\" \/>\n\t<meta name=\"twitter:data1\" content=\"\" \/>\n\t<meta name=\"twitter:label2\" content=\"Availability\" \/>\n\t<meta name=\"twitter:data2\" content=\"In stock\" \/>\n<script type=\"application\/ld+json\" class=\"yoast-schema-graph\">{\"@context\":\"https:\/\/schema.org\",\"@graph\":[{\"@type\":\"WebPage\",\"@id\":\"https:\/\/maison-chance.org\/shop\/san-pham\/hinh-bong-me\",\"url\":\"https:\/\/maison-chance.org\/shop\/san-pham\/hinh-bong-me\",\"name\":\"H\u00ecnh b\u00f3ng m\u1eb9 - Nh\u00e0 May M\u1eafn - Maison Chance\",\"isPartOf\":{\"@id\":\"https:\/\/maison-chance.org\/shop\/#website\"},\"primaryImageOfPage\":{\"@id\":\"https:\/\/maison-chance.org\/shop\/san-pham\/hinh-bong-me#primaryimage\"},\"image\":{\"@id\":\"https:\/\/maison-chance.org\/shop\/san-pham\/hinh-bong-me#primaryimage\"},\"thumbnailUrl\":\"https:\/\/maison-chance.org\/shop\/wp-content\/uploads\/2024\/03\/60x80-Nguyen-Van-Chien-Hinh-bong-me.png\",\"datePublished\":\"2024-03-08T15:12:25+00:00\",\"breadcrumb\":{\"@id\":\"https:\/\/maison-chance.org\/shop\/san-pham\/hinh-bong-me#breadcrumb\"},\"inLanguage\":\"vi-VN\",\"potentialAction\":[{\"@type\":\"ReadAction\",\"target\":[\"https:\/\/maison-chance.org\/shop\/san-pham\/hinh-bong-me\"]}]},{\"@type\":\"ImageObject\",\"inLanguage\":\"vi-VN\",\"@id\":\"https:\/\/maison-chance.org\/shop\/san-pham\/hinh-bong-me#primaryimage\",\"url\":\"https:\/\/maison-chance.org\/shop\/wp-content\/uploads\/2024\/03\/60x80-Nguyen-Van-Chien-Hinh-bong-me.png\",\"contentUrl\":\"https:\/\/maison-chance.org\/shop\/wp-content\/uploads\/2024\/03\/60x80-Nguyen-Van-Chien-Hinh-bong-me.png\",\"width\":600,\"height\":600,\"caption\":\"H\u00ecnh b\u00f3ng m\u1eb9\"},{\"@type\":\"BreadcrumbList\",\"@id\":\"https:\/\/maison-chance.org\/shop\/san-pham\/hinh-bong-me#breadcrumb\",\"itemListElement\":[{\"@type\":\"ListItem\",\"position\":1,\"name\":\"Trang ch\u1ee7\",\"item\":\"https:\/\/maison-chance.org\/shop\/\"},{\"@type\":\"ListItem\",\"position\":2,\"name\":\"Shop\",\"item\":\"https:\/\/maison-chance.org\/shop\/shop\"},{\"@type\":\"ListItem\",\"position\":3,\"name\":\"H\u00ecnh b\u00f3ng m\u1eb9\"}]},{\"@type\":\"WebSite\",\"@id\":\"https:\/\/maison-chance.org\/shop\/#website\",\"url\":\"https:\/\/maison-chance.org\/shop\/\",\"name\":\"Nh\u00e0 May M\u1eafn - Maison Chance\",\"description\":\"M\u1ecdi l\u1ee3i nhu\u1eadn thu v\u1ec1 t\u1eeb vi\u1ec7c b\u00e1n h\u00e0ng s\u1ebd tr\u00edch m\u1ed9t ph\u1ea7n \u0111\u1ec3 ch\u0103m lo cho \u0111\u1eddi s\u1ed1ng c\u00e1c b\u1ea1n khuy\u1ebft t\u1eadt v\u00e0 tr\u1ebb m\u1ed3 c\u00f4i \u1edf \u0111\u00e2y\",\"publisher\":{\"@id\":\"https:\/\/maison-chance.org\/shop\/#organization\"},\"potentialAction\":[{\"@type\":\"SearchAction\",\"target\":{\"@type\":\"EntryPoint\",\"urlTemplate\":\"https:\/\/maison-chance.org\/shop\/?s={search_term_string}\"},\"query-input\":{\"@type\":\"PropertyValueSpecification\",\"valueRequired\":true,\"valueName\":\"search_term_string\"}}],\"inLanguage\":\"vi-VN\"},{\"@type\":\"Organization\",\"@id\":\"https:\/\/maison-chance.org\/shop\/#organization\",\"name\":\"Nh\u00e0 May M\u1eafn - Maison Chance\",\"url\":\"https:\/\/maison-chance.org\/shop\/\",\"logo\":{\"@type\":\"ImageObject\",\"inLanguage\":\"vi-VN\",\"@id\":\"https:\/\/maison-chance.org\/shop\/#\/schema\/logo\/image\/\",\"url\":\"https:\/\/maison-chance.org\/shop\/wp-content\/uploads\/2024\/03\/cropped-Logo_DNXH.png\",\"contentUrl\":\"https:\/\/maison-chance.org\/shop\/wp-content\/uploads\/2024\/03\/cropped-Logo_DNXH.png\",\"width\":512,\"height\":512,\"caption\":\"Nh\u00e0 May M\u1eafn - Maison Chance\"},\"image\":{\"@id\":\"https:\/\/maison-chance.org\/shop\/#\/schema\/logo\/image\/\"},\"sameAs\":[\"https:\/\/www.facebook.com\/dnxh.nhamayman\/\"]}]}<\/script>\n<meta property=\"product:price:amount\" content=\"0.00\" \/>\n<meta property=\"product:price:currency\" content=\"USD\" \/>\n<meta property=\"og:availability\" content=\"instock\" \/>\n<meta property=\"product:availability\" content=\"instock\" \/>\n<meta property=\"product:condition\" content=\"new\" \/>\n<!-- \/ Yoast SEO Premium plugin. -->","yoast_head_json":{"title":"H\u00ecnh b\u00f3ng m\u1eb9 - Nh\u00e0 May M\u1eafn - Maison Chance","robots":{"index":"index","follow":"follow","max-snippet":"max-snippet:-1","max-image-preview":"max-image-preview:large","max-video-preview":"max-video-preview:-1"},"canonical":"https:\/\/maison-chance.org\/shop\/san-pham\/hinh-bong-me","og_locale":"vi_VN","og_type":"article","og_title":"H\u00ecnh b\u00f3ng m\u1eb9","og_description":"C\u00e1c s\u1ea3n ph\u1ea9m tranh s\u01a1n d\u1ea7u do Nh\u00e0 May M\u1eafn cung c\u1ea5p l\u00e0 nh\u1eefng s\u1ea3n ph\u1ea9m c\u1ee7a c\u00e1c b\u1ea1n khuy\u1ebft t\u1eadt k\u00e9m may m\u1eafn v\u1ebd. &nbsp; K\u00edch th\u01b0\u1edbc (cm) : 60x80 &nbsp;  Th\u1ec3 lo\u1ea1i : Tranh s\u00e1ng t\u00e1c  &nbsp;  T\u00e1c gi\u1ea3 : Nguy\u1ec5n V\u0103n Chi\u1ebfn  &nbsp; Hotline : 0937 973 919 &nbsp;","og_url":"https:\/\/maison-chance.org\/shop\/san-pham\/hinh-bong-me","og_site_name":"Nh\u00e0 May M\u1eafn - Maison Chance","article_publisher":"https:\/\/www.facebook.com\/dnxh.nhamayman\/","og_image":[{"width":600,"height":600,"url":"https:\/\/maison-chance.org\/shop\/wp-content\/uploads\/2024\/03\/60x80-Nguyen-Van-Chien-Hinh-bong-me.png","type":"image\/png"}],"twitter_card":"summary_large_image","twitter_misc":{"Gi\u00e1":"","Availability":"In stock"},"schema":{"@context":"https:\/\/schema.org","@graph":[{"@type":"WebPage","@id":"https:\/\/maison-chance.org\/shop\/san-pham\/hinh-bong-me","url":"https:\/\/maison-chance.org\/shop\/san-pham\/hinh-bong-me","name":"H\u00ecnh b\u00f3ng m\u1eb9 - Nh\u00e0 May M\u1eafn - Maison Chance","isPartOf":{"@id":"https:\/\/maison-chance.org\/shop\/#website"},"primaryImageOfPage":{"@id":"https:\/\/maison-chance.org\/shop\/san-pham\/hinh-bong-me#primaryimage"},"image":{"@id":"https:\/\/maison-chance.org\/shop\/san-pham\/hinh-bong-me#primaryimage"},"thumbnailUrl":"https:\/\/maison-chance.org\/shop\/wp-content\/uploads\/2024\/03\/60x80-Nguyen-Van-Chien-Hinh-bong-me.png","datePublished":"2024-03-08T15:12:25+00:00","breadcrumb":{"@id":"https:\/\/maison-chance.org\/shop\/san-pham\/hinh-bong-me#breadcrumb"},"inLanguage":"vi-VN","potentialAction":[{"@type":"ReadAction","target":["https:\/\/maison-chance.org\/shop\/san-pham\/hinh-bong-me"]}]},{"@type":"ImageObject","inLanguage":"vi-VN","@id":"https:\/\/maison-chance.org\/shop\/san-pham\/hinh-bong-me#primaryimage","url":"https:\/\/maison-chance.org\/shop\/wp-content\/uploads\/2024\/03\/60x80-Nguyen-Van-Chien-Hinh-bong-me.png","contentUrl":"https:\/\/maison-chance.org\/shop\/wp-content\/uploads\/2024\/03\/60x80-Nguyen-Van-Chien-Hinh-bong-me.png","width":600,"height":600,"caption":"H\u00ecnh b\u00f3ng m\u1eb9"},{"@type":"BreadcrumbList","@id":"https:\/\/maison-chance.org\/shop\/san-pham\/hinh-bong-me#breadcrumb","itemListElement":[{"@type":"ListItem","position":1,"name":"Trang ch\u1ee7","item":"https:\/\/maison-chance.org\/shop\/"},{"@type":"ListItem","position":2,"name":"Shop","item":"https:\/\/maison-chance.org\/shop\/shop"},{"@type":"ListItem","position":3,"name":"H\u00ecnh b\u00f3ng m\u1eb9"}]},{"@type":"WebSite","@id":"https:\/\/maison-chance.org\/shop\/#website","url":"https:\/\/maison-chance.org\/shop\/","name":"Nh\u00e0 May M\u1eafn - Maison Chance","description":"M\u1ecdi l\u1ee3i nhu\u1eadn thu v\u1ec1 t\u1eeb vi\u1ec7c b\u00e1n h\u00e0ng s\u1ebd tr\u00edch m\u1ed9t ph\u1ea7n \u0111\u1ec3 ch\u0103m lo cho \u0111\u1eddi s\u1ed1ng c\u00e1c b\u1ea1n khuy\u1ebft t\u1eadt v\u00e0 tr\u1ebb m\u1ed3 c\u00f4i \u1edf \u0111\u00e2y","publisher":{"@id":"https:\/\/maison-chance.org\/shop\/#organization"},"potentialAction":[{"@type":"SearchAction","target":{"@type":"EntryPoint","urlTemplate":"https:\/\/maison-chance.org\/shop\/?s={search_term_string}"},"query-input":{"@type":"PropertyValueSpecification","valueRequired":true,"valueName":"search_term_string"}}],"inLanguage":"vi-VN"},{"@type":"Organization","@id":"https:\/\/maison-chance.org\/shop\/#organization","name":"Nh\u00e0 May M\u1eafn - Maison Chance","url":"https:\/\/maison-chance.org\/shop\/","logo":{"@type":"ImageObject","inLanguage":"vi-VN","@id":"https:\/\/maison-chance.org\/shop\/#\/schema\/logo\/image\/","url":"https:\/\/maison-chance.org\/shop\/wp-content\/uploads\/2024\/03\/cropped-Logo_DNXH.png","contentUrl":"https:\/\/maison-chance.org\/shop\/wp-content\/uploads\/2024\/03\/cropped-Logo_DNXH.png","width":512,"height":512,"caption":"Nh\u00e0 May M\u1eafn - Maison Chance"},"image":{"@id":"https:\/\/maison-chance.org\/shop\/#\/schema\/logo\/image\/"},"sameAs":["https:\/\/www.facebook.com\/dnxh.nhamayman\/"]}]},"product_price_amount":"0.00","product_price_currency":"USD","og_availability":"instock","product_availability":"instock","product_condition":"new"},"_links":{"self":[{"href":"https:\/\/maison-chance.org\/shop\/wp-json\/wp\/v2\/product\/30551","targetHints":{"allow":["GET"]}}],"collection":[{"href":"https:\/\/maison-chance.org\/shop\/wp-json\/wp\/v2\/product"}],"about":[{"href":"https:\/\/maison-chance.org\/shop\/wp-json\/wp\/v2\/types\/product"}],"wp:featuredmedia":[{"embeddable":true,"href":"https:\/\/maison-chance.org\/shop\/wp-json\/wp\/v2\/media\/30552"}],"wp:attachment":[{"href":"https:\/\/maison-chance.org\/shop\/wp-json\/wp\/v2\/media?parent=30551"}],"wp:term":[{"taxonomy":"product_brand","embeddable":true,"href":"https:\/\/maison-chance.org\/shop\/wp-json\/wp\/v2\/product_brand?post=30551"},{"taxonomy":"product_cat","embeddable":true,"href":"https:\/\/maison-chance.org\/shop\/wp-json\/wp\/v2\/product_cat?post=30551"},{"taxonomy":"product_tag","embeddable":true,"href":"https:\/\/maison-chance.org\/shop\/wp-json\/wp\/v2\/product_tag?post=30551"}],"curies":[{"name":"wp","href":"https:\/\/api.w.org\/{rel}","templated":true}]}}