{"id":35732,"date":"2024-03-27T20:46:45","date_gmt":"2024-03-27T13:46:45","guid":{"rendered":"https:\/\/maison-chance.org\/shop\/?post_type=product&#038;p=35732"},"modified":"2026-01-31T11:12:58","modified_gmt":"2026-01-31T04:12:58","slug":"hat-dieu-rang-muoi","status":"publish","type":"product","link":"https:\/\/maison-chance.org\/shop\/san-pham\/hat-dieu-rang-muoi","title":{"rendered":"H\u1ea1t \u0111i\u1ec1u rang mu\u1ed1i"},"content":{"rendered":"<p>H\u1ea1t \u0111i\u1ec1u rang mu\u1ed1i c\u00f3 v\u1ecb b\u00e9o t\u1ef1 nhi\u00ean c\u1ee7a h\u1ea1t \u0111i\u1ec1u k\u1ebft h\u1ee3p v\u1edbi v\u1ecb m\u1eb7n nh\u1eb9 v\u1eeba ph\u1ea3i, gi\u00fap l\u00e0m n\u1ed5i b\u1eadt h\u01b0\u01a1ng v\u1ecb m\u00e0 kh\u00f4ng qu\u00e1 g\u1eaft. H\u1ea1t \u0111\u01b0\u1ee3c rang ch\u00edn \u0111\u1ec1u, gi\u00f2n, d\u1ec5 \u0103n v\u00e0 ph\u00f9 h\u1ee3p l\u00e0m m\u00f3n \u0103n v\u1eb7t h\u1eb1ng ng\u00e0y.<\/p>\n<p>S\u1ea3n ph\u1ea9m th\u00edch h\u1ee3p \u0111\u1ec3 d\u00f9ng tr\u1ef1c ti\u1ebfp, \u0103n k\u00e8m tr\u00e0 ho\u1eb7c bia nh\u1eb9, ho\u1eb7c l\u00e0m m\u00f3n nh\u00e2m nhi trong c\u00e1c bu\u1ed5i g\u1eb7p g\u1ee1. H\u1ea1t \u0111i\u1ec1u rang mu\u1ed1i c\u00f3 th\u1ec3 d\u00f9ng cho nhi\u1ec1u \u0111\u1ed1i t\u01b0\u1ee3ng, t\u1eeb ng\u01b0\u1eddi l\u1edbn \u0111\u1ebfn tr\u1ebb em, v\u00e0 l\u00e0 l\u1ef1a ch\u1ecdn quen thu\u1ed9c cho gia \u0111\u00ecnh ho\u1eb7c l\u00e0m qu\u00e0 bi\u1ebfu \u0111\u01a1n gi\u1ea3n.<\/p>\n","protected":false},"excerpt":{"rendered":"<p>T\u00ean s\u1ea3n ph\u1ea9m: H\u1ea1t \u0111i\u1ec1u rang mu\u1ed1i<br \/>\n&#8211; Th\u00e0nh ph\u1ea7n: H\u1ea1t \u0111i\u1ec1u, mu\u1ed1i<br \/>\n&#8211; Kh\u1ed1i l\u01b0\u1ee3ng: 500ml<br \/>\n&#8211; B\u1ea3o qu\u1ea3n: \u0110\u1ec3 n\u01a1i kh\u00f4 r\u00e1o, tr\u00e1nh \u00e1nh n\u1eafng tr\u1ef1c ti\u1ebfp. \u0110\u00f3ng k\u00edn sau khi s\u1eed d\u1ee5ng<\/p>\n","protected":false},"featured_media":42090,"template":"","meta":[],"product_brand":[],"product_cat":[164,165],"product_tag":[],"class_list":{"0":"post-35732","1":"product","2":"type-product","3":"status-publish","4":"has-post-thumbnail","6":"product_cat-nong-san-dak-nong","7":"product_cat-nong-san-say-kho","9":"first","10":"instock","11":"shipping-taxable","12":"purchasable","13":"product-type-simple"},"yoast_head":"<!-- This site is optimized with the Yoast SEO Premium plugin v22.7 (Yoast SEO v25.3.1) - https:\/\/yoast.com\/wordpress\/plugins\/seo\/ -->\n<title>H\u1ea1t \u0111i\u1ec1u rang mu\u1ed1i - Nh\u00e0 May M\u1eafn - Maison Chance<\/title>\n<meta name=\"description\" content=\"H\u1ea1t \u0111i\u1ec1u rang mu\u1ed1i c\u00f3 c\u00f4ng d\u1ee5ng gi\u00fap tim, h\u1ec7 th\u1ea7n kinh v\u00e0 c\u01a1 b\u1eafp kh\u1ecfe m\u1ea1nh, h\u1ed7 tr\u1ee3 trong vi\u1ec7c h\u00ecnh th\u00e0nh c\u00e1c t\u1ebf b\u00e0o h\u1ed3ng c\u1ea7u, h\u1ed7 tr\u1ee3 c\u1ea3i thi\u1ec7n s\u1ee9c kh\u1ecfe c\u1ee7a x\u01b0\u01a1ng, r\u0103ng ...\" \/>\n<meta name=\"robots\" content=\"index, follow, max-snippet:-1, max-image-preview:large, max-video-preview:-1\" \/>\n<link rel=\"canonical\" href=\"https:\/\/maison-chance.org\/shop\/san-pham\/hat-dieu-rang-muoi\" \/>\n<meta property=\"og:locale\" content=\"vi_VN\" \/>\n<meta property=\"og:type\" content=\"article\" \/>\n<meta property=\"og:title\" content=\"H\u1ea1t \u0111i\u1ec1u rang mu\u1ed1i\" \/>\n<meta property=\"og:description\" content=\"H\u1ea1t \u0111i\u1ec1u rang mu\u1ed1i c\u00f3 c\u00f4ng d\u1ee5ng gi\u00fap tim, h\u1ec7 th\u1ea7n kinh v\u00e0 c\u01a1 b\u1eafp kh\u1ecfe m\u1ea1nh, h\u1ed7 tr\u1ee3 trong vi\u1ec7c h\u00ecnh th\u00e0nh c\u00e1c t\u1ebf b\u00e0o h\u1ed3ng c\u1ea7u, h\u1ed7 tr\u1ee3 c\u1ea3i thi\u1ec7n s\u1ee9c kh\u1ecfe c\u1ee7a x\u01b0\u01a1ng, r\u0103ng ...\" \/>\n<meta property=\"og:url\" content=\"https:\/\/maison-chance.org\/shop\/san-pham\/hat-dieu-rang-muoi\" \/>\n<meta property=\"og:site_name\" content=\"Nh\u00e0 May M\u1eafn - Maison Chance\" \/>\n<meta property=\"article:publisher\" content=\"https:\/\/www.facebook.com\/dnxh.nhamayman\/\" \/>\n<meta property=\"article:modified_time\" content=\"2026-01-31T04:12:58+00:00\" \/>\n<meta property=\"og:image\" content=\"https:\/\/maison-chance.org\/shop\/wp-content\/uploads\/2026\/01\/hat-dieu-muoi-web.png\" \/>\n\t<meta property=\"og:image:width\" content=\"1080\" \/>\n\t<meta property=\"og:image:height\" content=\"1080\" \/>\n\t<meta property=\"og:image:type\" content=\"image\/png\" \/>\n<meta name=\"twitter:card\" content=\"summary_large_image\" \/>\n<meta name=\"twitter:label1\" content=\"Gi\u00e1\" \/>\n\t<meta name=\"twitter:data1\" content=\"7.80&nbsp;&#036;\" \/>\n\t<meta name=\"twitter:label2\" content=\"Availability\" \/>\n\t<meta name=\"twitter:data2\" content=\"In stock\" \/>\n<script type=\"application\/ld+json\" class=\"yoast-schema-graph\">{\"@context\":\"https:\/\/schema.org\",\"@graph\":[{\"@type\":\"WebPage\",\"@id\":\"https:\/\/maison-chance.org\/shop\/san-pham\/hat-dieu-rang-muoi\",\"url\":\"https:\/\/maison-chance.org\/shop\/san-pham\/hat-dieu-rang-muoi\",\"name\":\"H\u1ea1t \u0111i\u1ec1u rang mu\u1ed1i - Nh\u00e0 May M\u1eafn - Maison Chance\",\"isPartOf\":{\"@id\":\"https:\/\/maison-chance.org\/shop\/#website\"},\"primaryImageOfPage\":{\"@id\":\"https:\/\/maison-chance.org\/shop\/san-pham\/hat-dieu-rang-muoi#primaryimage\"},\"image\":{\"@id\":\"https:\/\/maison-chance.org\/shop\/san-pham\/hat-dieu-rang-muoi#primaryimage\"},\"thumbnailUrl\":\"https:\/\/maison-chance.org\/shop\/wp-content\/uploads\/2026\/01\/hat-dieu-muoi-web.png\",\"datePublished\":\"2024-03-27T13:46:45+00:00\",\"dateModified\":\"2026-01-31T04:12:58+00:00\",\"description\":\"H\u1ea1t \u0111i\u1ec1u rang mu\u1ed1i c\u00f3 c\u00f4ng d\u1ee5ng gi\u00fap tim, h\u1ec7 th\u1ea7n kinh v\u00e0 c\u01a1 b\u1eafp kh\u1ecfe m\u1ea1nh, h\u1ed7 tr\u1ee3 trong vi\u1ec7c h\u00ecnh th\u00e0nh c\u00e1c t\u1ebf b\u00e0o h\u1ed3ng c\u1ea7u, h\u1ed7 tr\u1ee3 c\u1ea3i thi\u1ec7n s\u1ee9c kh\u1ecfe c\u1ee7a x\u01b0\u01a1ng, r\u0103ng ...\",\"breadcrumb\":{\"@id\":\"https:\/\/maison-chance.org\/shop\/san-pham\/hat-dieu-rang-muoi#breadcrumb\"},\"inLanguage\":\"vi-VN\",\"potentialAction\":[{\"@type\":\"ReadAction\",\"target\":[\"https:\/\/maison-chance.org\/shop\/san-pham\/hat-dieu-rang-muoi\"]}]},{\"@type\":\"ImageObject\",\"inLanguage\":\"vi-VN\",\"@id\":\"https:\/\/maison-chance.org\/shop\/san-pham\/hat-dieu-rang-muoi#primaryimage\",\"url\":\"https:\/\/maison-chance.org\/shop\/wp-content\/uploads\/2026\/01\/hat-dieu-muoi-web.png\",\"contentUrl\":\"https:\/\/maison-chance.org\/shop\/wp-content\/uploads\/2026\/01\/hat-dieu-muoi-web.png\",\"width\":1080,\"height\":1080},{\"@type\":\"BreadcrumbList\",\"@id\":\"https:\/\/maison-chance.org\/shop\/san-pham\/hat-dieu-rang-muoi#breadcrumb\",\"itemListElement\":[{\"@type\":\"ListItem\",\"position\":1,\"name\":\"Trang ch\u1ee7\",\"item\":\"https:\/\/maison-chance.org\/shop\/\"},{\"@type\":\"ListItem\",\"position\":2,\"name\":\"Shop\",\"item\":\"https:\/\/maison-chance.org\/shop\/shop\"},{\"@type\":\"ListItem\",\"position\":3,\"name\":\"H\u1ea1t \u0111i\u1ec1u rang mu\u1ed1i\"}]},{\"@type\":\"WebSite\",\"@id\":\"https:\/\/maison-chance.org\/shop\/#website\",\"url\":\"https:\/\/maison-chance.org\/shop\/\",\"name\":\"Nh\u00e0 May M\u1eafn - Maison Chance\",\"description\":\"M\u1ecdi l\u1ee3i nhu\u1eadn thu v\u1ec1 t\u1eeb vi\u1ec7c b\u00e1n h\u00e0ng s\u1ebd tr\u00edch m\u1ed9t ph\u1ea7n \u0111\u1ec3 ch\u0103m lo cho \u0111\u1eddi s\u1ed1ng c\u00e1c b\u1ea1n khuy\u1ebft t\u1eadt v\u00e0 tr\u1ebb m\u1ed3 c\u00f4i \u1edf \u0111\u00e2y\",\"publisher\":{\"@id\":\"https:\/\/maison-chance.org\/shop\/#organization\"},\"potentialAction\":[{\"@type\":\"SearchAction\",\"target\":{\"@type\":\"EntryPoint\",\"urlTemplate\":\"https:\/\/maison-chance.org\/shop\/?s={search_term_string}\"},\"query-input\":{\"@type\":\"PropertyValueSpecification\",\"valueRequired\":true,\"valueName\":\"search_term_string\"}}],\"inLanguage\":\"vi-VN\"},{\"@type\":\"Organization\",\"@id\":\"https:\/\/maison-chance.org\/shop\/#organization\",\"name\":\"Nh\u00e0 May M\u1eafn - Maison Chance\",\"url\":\"https:\/\/maison-chance.org\/shop\/\",\"logo\":{\"@type\":\"ImageObject\",\"inLanguage\":\"vi-VN\",\"@id\":\"https:\/\/maison-chance.org\/shop\/#\/schema\/logo\/image\/\",\"url\":\"https:\/\/maison-chance.org\/shop\/wp-content\/uploads\/2024\/03\/cropped-Logo_DNXH.png\",\"contentUrl\":\"https:\/\/maison-chance.org\/shop\/wp-content\/uploads\/2024\/03\/cropped-Logo_DNXH.png\",\"width\":512,\"height\":512,\"caption\":\"Nh\u00e0 May M\u1eafn - Maison Chance\"},\"image\":{\"@id\":\"https:\/\/maison-chance.org\/shop\/#\/schema\/logo\/image\/\"},\"sameAs\":[\"https:\/\/www.facebook.com\/dnxh.nhamayman\/\"]}]}<\/script>\n<meta property=\"product:price:amount\" content=\"7.80\" \/>\n<meta property=\"product:price:currency\" content=\"USD\" \/>\n<meta property=\"og:availability\" content=\"instock\" \/>\n<meta property=\"product:availability\" content=\"instock\" \/>\n<meta property=\"product:condition\" content=\"new\" \/>\n<!-- \/ Yoast SEO Premium plugin. -->","yoast_head_json":{"title":"H\u1ea1t \u0111i\u1ec1u rang mu\u1ed1i - Nh\u00e0 May M\u1eafn - Maison Chance","description":"H\u1ea1t \u0111i\u1ec1u rang mu\u1ed1i c\u00f3 c\u00f4ng d\u1ee5ng gi\u00fap tim, h\u1ec7 th\u1ea7n kinh v\u00e0 c\u01a1 b\u1eafp kh\u1ecfe m\u1ea1nh, h\u1ed7 tr\u1ee3 trong vi\u1ec7c h\u00ecnh th\u00e0nh c\u00e1c t\u1ebf b\u00e0o h\u1ed3ng c\u1ea7u, h\u1ed7 tr\u1ee3 c\u1ea3i thi\u1ec7n s\u1ee9c kh\u1ecfe c\u1ee7a x\u01b0\u01a1ng, r\u0103ng ...","robots":{"index":"index","follow":"follow","max-snippet":"max-snippet:-1","max-image-preview":"max-image-preview:large","max-video-preview":"max-video-preview:-1"},"canonical":"https:\/\/maison-chance.org\/shop\/san-pham\/hat-dieu-rang-muoi","og_locale":"vi_VN","og_type":"article","og_title":"H\u1ea1t \u0111i\u1ec1u rang mu\u1ed1i","og_description":"H\u1ea1t \u0111i\u1ec1u rang mu\u1ed1i c\u00f3 c\u00f4ng d\u1ee5ng gi\u00fap tim, h\u1ec7 th\u1ea7n kinh v\u00e0 c\u01a1 b\u1eafp kh\u1ecfe m\u1ea1nh, h\u1ed7 tr\u1ee3 trong vi\u1ec7c h\u00ecnh th\u00e0nh c\u00e1c t\u1ebf b\u00e0o h\u1ed3ng c\u1ea7u, h\u1ed7 tr\u1ee3 c\u1ea3i thi\u1ec7n s\u1ee9c kh\u1ecfe c\u1ee7a x\u01b0\u01a1ng, r\u0103ng ...","og_url":"https:\/\/maison-chance.org\/shop\/san-pham\/hat-dieu-rang-muoi","og_site_name":"Nh\u00e0 May M\u1eafn - Maison Chance","article_publisher":"https:\/\/www.facebook.com\/dnxh.nhamayman\/","article_modified_time":"2026-01-31T04:12:58+00:00","og_image":[{"width":1080,"height":1080,"url":"https:\/\/maison-chance.org\/shop\/wp-content\/uploads\/2026\/01\/hat-dieu-muoi-web.png","type":"image\/png"}],"twitter_card":"summary_large_image","twitter_misc":{"Gi\u00e1":"7.80&nbsp;&#36;","Availability":"In stock"},"schema":{"@context":"https:\/\/schema.org","@graph":[{"@type":"WebPage","@id":"https:\/\/maison-chance.org\/shop\/san-pham\/hat-dieu-rang-muoi","url":"https:\/\/maison-chance.org\/shop\/san-pham\/hat-dieu-rang-muoi","name":"H\u1ea1t \u0111i\u1ec1u rang mu\u1ed1i - Nh\u00e0 May M\u1eafn - Maison Chance","isPartOf":{"@id":"https:\/\/maison-chance.org\/shop\/#website"},"primaryImageOfPage":{"@id":"https:\/\/maison-chance.org\/shop\/san-pham\/hat-dieu-rang-muoi#primaryimage"},"image":{"@id":"https:\/\/maison-chance.org\/shop\/san-pham\/hat-dieu-rang-muoi#primaryimage"},"thumbnailUrl":"https:\/\/maison-chance.org\/shop\/wp-content\/uploads\/2026\/01\/hat-dieu-muoi-web.png","datePublished":"2024-03-27T13:46:45+00:00","dateModified":"2026-01-31T04:12:58+00:00","description":"H\u1ea1t \u0111i\u1ec1u rang mu\u1ed1i c\u00f3 c\u00f4ng d\u1ee5ng gi\u00fap tim, h\u1ec7 th\u1ea7n kinh v\u00e0 c\u01a1 b\u1eafp kh\u1ecfe m\u1ea1nh, h\u1ed7 tr\u1ee3 trong vi\u1ec7c h\u00ecnh th\u00e0nh c\u00e1c t\u1ebf b\u00e0o h\u1ed3ng c\u1ea7u, h\u1ed7 tr\u1ee3 c\u1ea3i thi\u1ec7n s\u1ee9c kh\u1ecfe c\u1ee7a x\u01b0\u01a1ng, r\u0103ng ...","breadcrumb":{"@id":"https:\/\/maison-chance.org\/shop\/san-pham\/hat-dieu-rang-muoi#breadcrumb"},"inLanguage":"vi-VN","potentialAction":[{"@type":"ReadAction","target":["https:\/\/maison-chance.org\/shop\/san-pham\/hat-dieu-rang-muoi"]}]},{"@type":"ImageObject","inLanguage":"vi-VN","@id":"https:\/\/maison-chance.org\/shop\/san-pham\/hat-dieu-rang-muoi#primaryimage","url":"https:\/\/maison-chance.org\/shop\/wp-content\/uploads\/2026\/01\/hat-dieu-muoi-web.png","contentUrl":"https:\/\/maison-chance.org\/shop\/wp-content\/uploads\/2026\/01\/hat-dieu-muoi-web.png","width":1080,"height":1080},{"@type":"BreadcrumbList","@id":"https:\/\/maison-chance.org\/shop\/san-pham\/hat-dieu-rang-muoi#breadcrumb","itemListElement":[{"@type":"ListItem","position":1,"name":"Trang ch\u1ee7","item":"https:\/\/maison-chance.org\/shop\/"},{"@type":"ListItem","position":2,"name":"Shop","item":"https:\/\/maison-chance.org\/shop\/shop"},{"@type":"ListItem","position":3,"name":"H\u1ea1t \u0111i\u1ec1u rang mu\u1ed1i"}]},{"@type":"WebSite","@id":"https:\/\/maison-chance.org\/shop\/#website","url":"https:\/\/maison-chance.org\/shop\/","name":"Nh\u00e0 May M\u1eafn - Maison Chance","description":"M\u1ecdi l\u1ee3i nhu\u1eadn thu v\u1ec1 t\u1eeb vi\u1ec7c b\u00e1n h\u00e0ng s\u1ebd tr\u00edch m\u1ed9t ph\u1ea7n \u0111\u1ec3 ch\u0103m lo cho \u0111\u1eddi s\u1ed1ng c\u00e1c b\u1ea1n khuy\u1ebft t\u1eadt v\u00e0 tr\u1ebb m\u1ed3 c\u00f4i \u1edf \u0111\u00e2y","publisher":{"@id":"https:\/\/maison-chance.org\/shop\/#organization"},"potentialAction":[{"@type":"SearchAction","target":{"@type":"EntryPoint","urlTemplate":"https:\/\/maison-chance.org\/shop\/?s={search_term_string}"},"query-input":{"@type":"PropertyValueSpecification","valueRequired":true,"valueName":"search_term_string"}}],"inLanguage":"vi-VN"},{"@type":"Organization","@id":"https:\/\/maison-chance.org\/shop\/#organization","name":"Nh\u00e0 May M\u1eafn - Maison Chance","url":"https:\/\/maison-chance.org\/shop\/","logo":{"@type":"ImageObject","inLanguage":"vi-VN","@id":"https:\/\/maison-chance.org\/shop\/#\/schema\/logo\/image\/","url":"https:\/\/maison-chance.org\/shop\/wp-content\/uploads\/2024\/03\/cropped-Logo_DNXH.png","contentUrl":"https:\/\/maison-chance.org\/shop\/wp-content\/uploads\/2024\/03\/cropped-Logo_DNXH.png","width":512,"height":512,"caption":"Nh\u00e0 May M\u1eafn - Maison Chance"},"image":{"@id":"https:\/\/maison-chance.org\/shop\/#\/schema\/logo\/image\/"},"sameAs":["https:\/\/www.facebook.com\/dnxh.nhamayman\/"]}]},"product_price_amount":"7.80","product_price_currency":"USD","og_availability":"instock","product_availability":"instock","product_condition":"new"},"_links":{"self":[{"href":"https:\/\/maison-chance.org\/shop\/wp-json\/wp\/v2\/product\/35732","targetHints":{"allow":["GET"]}}],"collection":[{"href":"https:\/\/maison-chance.org\/shop\/wp-json\/wp\/v2\/product"}],"about":[{"href":"https:\/\/maison-chance.org\/shop\/wp-json\/wp\/v2\/types\/product"}],"wp:featuredmedia":[{"embeddable":true,"href":"https:\/\/maison-chance.org\/shop\/wp-json\/wp\/v2\/media\/42090"}],"wp:attachment":[{"href":"https:\/\/maison-chance.org\/shop\/wp-json\/wp\/v2\/media?parent=35732"}],"wp:term":[{"taxonomy":"product_brand","embeddable":true,"href":"https:\/\/maison-chance.org\/shop\/wp-json\/wp\/v2\/product_brand?post=35732"},{"taxonomy":"product_cat","embeddable":true,"href":"https:\/\/maison-chance.org\/shop\/wp-json\/wp\/v2\/product_cat?post=35732"},{"taxonomy":"product_tag","embeddable":true,"href":"https:\/\/maison-chance.org\/shop\/wp-json\/wp\/v2\/product_tag?post=35732"}],"curies":[{"name":"wp","href":"https:\/\/api.w.org\/{rel}","templated":true}]}}