{"id":36543,"date":"2024-10-23T07:00:21","date_gmt":"2024-10-23T00:00:21","guid":{"rendered":"https:\/\/maison-chance.org\/shop\/?post_type=product&#038;p=36543"},"modified":"2025-03-05T11:41:46","modified_gmt":"2025-03-05T04:41:46","slug":"thu-nhoi-bong-hinh-con-voi-vai-thai","status":"publish","type":"product","link":"https:\/\/maison-chance.org\/shop\/san-pham\/thu-nhoi-bong-hinh-con-voi-vai-thai","title":{"rendered":"Con voi"},"content":{"rendered":"<p data-start=\"0\" data-end=\"67\"><strong data-start=\"3\" data-end=\"62\">VOI V\u1ea2I TH\u00c1I CAO C\u1ea4P \u2013 BI\u1ec2U T\u01af\u1ee2NG C\u1ee6A MAY M\u1eaeN &amp; B\u00ccNH AN<\/strong><\/p>\n<p data-start=\"69\" data-end=\"332\">B\u1ea1n c\u00f3 bi\u1ebft r\u1eb1ng voi kh\u00f4ng ch\u1ec9 l\u00e0 lo\u00e0i v\u1eadt m\u1ea1nh m\u1ebd m\u00e0 c\u00f2n l\u00e0 bi\u1ec3u t\u01b0\u1ee3ng c\u1ee7a tr\u00ed tu\u1ec7, may m\u1eafn v\u00e0 s\u1ef1 ki\u00ean c\u01b0\u1eddng? V\u00e0 gi\u1edd \u0111\u00e2y, v\u1ebb \u0111\u1eb9p \u1ea5y \u0111\u01b0\u1ee3c t\u00e1i hi\u1ec7n ho\u00e0n h\u1ea3o trong voi v\u1ea3i Th\u00e1i cao c\u1ea5p (TH16TB) \u2013 m\u1ed9t m\u00f3n qu\u00e0 v\u1eeba tinh t\u1ebf, v\u1eeba ch\u1ee9a \u0111\u1ef1ng \u00fd ngh\u0129a s\u00e2u s\u1eafc.<\/p>\n<p data-start=\"69\" data-end=\"332\"><strong data-start=\"337\" data-end=\"390\">H\u00ccNH D\u00c1NG \u0110\u00c1NG Y\u00caU \u2013 TH\u1ed4I H\u1ed2N V\u00c0O KH\u00d4NG GIAN S\u1ed0NG<\/strong><\/p>\n<p data-start=\"69\" data-end=\"332\">M\u1ed7i <a href=\"https:\/\/maison-chance.org\/shop\/san-pham\/thu-nhoi-bong-hinh-con-voi-vai-thai\">con voi nh\u1ed3i b\u00f4ng v\u1ea3i Th\u00e1i<\/a> \u0111\u01b0\u1ee3c ch\u1ebf t\u00e1c th\u1ee7 c\u00f4ng t\u1eeb v\u1ea3i Th\u00e1i cao c\u1ea5p, v\u1edbi t\u1eebng \u0111\u01b0\u1eddng kim m\u0169i ch\u1ec9 m\u1ec1m m\u1ea1i nh\u01b0ng ch\u1eafc ch\u1eafn. Th\u00e2n tr\u00f2n tr\u1ecba, \u0111\u00f4i tai to tr\u00f2n \u00f4m tr\u1ecdn bao \u0111i\u1ec1u \u1ea5m \u00e1p, chi\u1ebfc v\u00f2i cong cong nh\u01b0 v\u1eaby ch\u00e0o, t\u1ea5t c\u1ea3 t\u1ea1o n\u00ean m\u1ed9t t\u1ed5ng th\u1ec3 v\u1eeba d\u1ec5 th\u01b0\u01a1ng, v\u1eeba sang tr\u1ecdng.<\/p>\n<p data-start=\"657\" data-end=\"700\"><strong data-start=\"660\" data-end=\"698\">BA K\u00cdCH TH\u01af\u1edaC, PH\u00d9 H\u1ee2P M\u1eccI NHU C\u1ea6U<\/strong><\/p>\n<ul data-start=\"701\" data-end=\"1038\">\n<li data-start=\"701\" data-end=\"813\">Nh\u1ecf xinh (10 x 19 cm) \u2013 \u0110\u1eb7t tr\u00ean b\u00e0n l\u00e0m vi\u1ec7c, gi\u00e1 s\u00e1ch, hay mang theo b\u00ean m\u00ecnh nh\u01b0 m\u1ed9t m\u00f3n qu\u00e0 may m\u1eafn.<\/li>\n<li data-start=\"814\" data-end=\"915\">V\u1eeba v\u1eb7n (13 x 20 cm) \u2013 Trang tr\u00ed g\u00f3c h\u1ecdc t\u1eadp, k\u1ec7 t\u1ee7, l\u00e0m b\u00f9a h\u1ed9 m\u1ec7nh nh\u1eb9 nh\u00e0ng nh\u01b0ng \u00fd ngh\u0129a.<\/li>\n<li data-start=\"916\" data-end=\"1038\">L\u1edbn h\u01a1n (15 x 23 cm) \u2013 L\u00e0m g\u1ed1i \u00f4m, \u0111i\u1ec3m nh\u1ea5n trong ph\u00f2ng kh\u00e1ch hay ph\u00f2ng ng\u1ee7, mang \u0111\u1ebfn c\u1ea3m gi\u00e1c \u1ea5m \u00e1p v\u00e0 b\u00ecnh y\u00ean.<\/li>\n<\/ul>\n<p><strong data-start=\"819\" data-end=\"860\">M\u00d3N QU\u00c0 \u00dd NGH\u0128A \u2013 G\u1eecI G\u1eaeM Y\u00caU TH\u01af\u01a0NG!<\/strong><\/p>\n<p>Trong nhi\u1ec1u n\u1ec1n v\u0103n h\u00f3a, voi l\u00e0 lo\u00e0i v\u1eadt t\u01b0\u1ee3ng tr\u01b0ng cho s\u1ef1 v\u1eefng ch\u00e3i, may m\u1eafn v\u00e0 tr\u00ed tu\u1ec7. T\u1eb7ng m\u1ed9t ch\u00fa voi v\u1ea3i Th\u00e1i cho ng\u01b0\u1eddi th\u00e2n, b\u1ea1n b\u00e8 hay \u0111\u1ed1i t\u00e1c ch\u00ednh l\u00e0 g\u1eedi g\u1eafm l\u1eddi ch\u00fac b\u00ecnh an, th\u00e0nh c\u00f4ng v\u00e0 h\u1ea1nh ph\u00fac. D\u00f9 l\u00e0 qu\u00e0 t\u1eb7ng sinh nh\u1eadt, trang tr\u00ed nh\u00e0 c\u1eeda hay mang theo b\u00ean m\u00ecnh, ch\u00fa voi n\u00e0y lu\u00f4n mang \u0111\u1ebfn nh\u1eefng \u0111i\u1ec1u t\u1ed1t l\u00e0nh.<\/p>\n<p style=\"text-align: justify\">\u0110i\u1ec1u \u0111\u1eb7c bi\u1ec7t nh\u1ea5t c\u1ee7a s\u1ea3n ph\u1ea9m n\u00e0y n\u1eb1m \u1edf c\u00e2u chuy\u1ec7n \u0111\u1eb1ng sau n\u00f3. M\u1ed7i ch\u00fa voi l\u00e0 k\u1ebft qu\u1ea3 c\u1ee7a s\u1ef1 n\u1ed7 l\u1ef1c kh\u00f4ng ng\u1eebng c\u1ee7a <a href=\"https:\/\/maison-chance.org\/shop\/phong-may\">c\u00e1c th\u1ee3 may khuy\u1ebft t\u1eadt<\/a> t\u1ea1i Nh\u00e0 May M\u1eafn. H\u1ecd \u0111\u00e3 v\u01b0\u1ee3t qua nh\u1eefng r\u00e0o c\u1ea3n v\u1ec1 th\u1ec3 ch\u1ea5t \u0111\u1ec3 t\u1ea1o ra nh\u1eefng s\u1ea3n ph\u1ea9m ch\u1ea5t l\u01b0\u1ee3ng, \u0111\u1ea7y t\u00ednh ngh\u1ec7 thu\u1eadt. Khi b\u1ea1n s\u1edf h\u1eefu m\u1ed9t ch\u00fa voi nh\u1ed3i b\u00f4ng, b\u1ea1n kh\u00f4ng ch\u1ec9 c\u00f3 m\u1ed9t m\u00f3n \u0111\u1ed3 \u0111\u00e1ng y\u00eau, m\u00e0 c\u00f2n \u0111ang g\u00f3p ph\u1ea7n t\u1ea1o ra c\u01a1 h\u1ed9i vi\u1ec7c l\u00e0m v\u00e0 \u0111\u1ed9ng l\u1ef1c s\u1ed1ng cho nh\u1eefng con ng\u01b0\u1eddi \u0111\u1eb7c bi\u1ec7t n\u00e0y.<\/p>\n<p style=\"text-align: justify\">Mua m\u1ed9t con voi nh\u1ed3i b\u00f4ng t\u1eeb <a href=\"https:\/\/maison-chance.org\/shop\">Nh\u00e0 May M\u1eafn<\/a> kh\u00f4ng ch\u1ec9 l\u00e0 m\u1ed9t quy\u1ebft \u0111\u1ecbnh mua s\u1eafm th\u00f4ng th\u01b0\u1eddng. \u0110\u00f3 l\u00e0 h\u00e0nh \u0111\u1ed9ng \u1ee7ng h\u1ed9 cho m\u1ed9t c\u1ed9ng \u0111\u1ed3ng \u0111ang n\u1ed7 l\u1ef1c v\u01b0\u01a1n l\u00ean, l\u00e0 c\u00e1ch b\u1ea1n g\u00f3p ph\u1ea7n t\u1ea1o n\u00ean m\u1ed9t x\u00e3 h\u1ed9i bao dung v\u00e0 nh\u00e2n \u00e1i h\u01a1n. M\u1ed7i \u0111\u1ed3ng ti\u1ec1n b\u1ea1n chi ra kh\u00f4ng ch\u1ec9 \u0111\u1ed5i l\u1ea5y m\u1ed9t s\u1ea3n ph\u1ea9m ch\u1ea5t l\u01b0\u1ee3ng, m\u00e0 c\u00f2n l\u00e0 ngu\u1ed3n \u0111\u1ed9ng vi\u00ean to l\u1edbn, ti\u1ebfp th\u00eam s\u1ee9c m\u1ea1nh cho nh\u1eefng th\u1ee3 may khuy\u1ebft t\u1eadt ti\u1ebfp t\u1ee5c c\u00f4ng vi\u1ec7c \u00fd ngh\u0129a c\u1ee7a h\u1ecd.<\/p>\n<p><em>Voi v\u1ea3i Th\u00e1i cao c\u1ea5p \u2013 Ch\u00fat b\u00ecnh y\u00ean gi\u1eefa nh\u1ecbp s\u1ed1ng v\u1ed9i v\u00e3!<\/em><\/p>\n","protected":false},"excerpt":{"rendered":"<p style=\"text-align: justify\">S\u1ea3n ph\u1ea9m do c\u00e1c b\u1ea1n khuy\u1ebft t\u1eadt k\u00e9m may m\u1eafn s\u1ea3n xu\u1ea5t th\u1ee7 c\u00f4ng k\u00ednh mong nh\u1eadn \u0111\u01b0\u1ee3c s\u1ef1 \u1ee7ng h\u1ed9 c\u1ee7a Qu\u00fd kh\u00e1ch h\u00e0ng.<\/p>\n<p>Ch\u1ea5t li\u1ec7u: V\u1ea3i th\u1ed5 c\u1ea9m<\/p>\n<p>Code: TH16TB<\/p>\n<p>Hotline : <span style=\"font-size: 20px\"><strong><span style=\"color: #ff0000\">0909 06 25 28<\/span><\/strong><\/span><\/p>\n<p style=\"text-align: justify\">N\u1ebfu b\u1ea1n \u1edf Vi\u1ec7t Nam vui l\u00f2ng li\u00ean h\u1ec7 ch\u00fang t\u00f4i theo s\u1ed1 hotline ho\u1eb7c fanpage doanh nghi\u1ec7p Nh\u00e0 May M\u1eafn ch\u00fang t\u00f4i \u0111\u1ec3 bi\u1ebft gi\u00e1 b\u00e1n t\u1ea1i Vi\u1ec7t Nam.<\/p>\n","protected":false},"featured_media":36544,"template":"","meta":[],"product_brand":[],"product_cat":[137,138],"product_tag":[],"class_list":{"0":"post-36543","1":"product","2":"type-product","3":"status-publish","4":"has-post-thumbnail","6":"product_cat-phong-may","7":"product_cat-thu-nhoi-bong","9":"first","10":"instock","11":"shipping-taxable","12":"purchasable","13":"product-type-variable"},"yoast_head":"<!-- This site is optimized with the Yoast SEO Premium plugin v22.7 (Yoast SEO v25.3.1) - https:\/\/yoast.com\/wordpress\/plugins\/seo\/ -->\n<title>Con voi - th\u00fa nh\u1ed3i b\u00f4ng v\u1ea3i Th\u00e1i - Nh\u00e0 May M\u1eafn - Maison Chance<\/title>\n<meta name=\"description\" content=\"Th\u00fa nh\u1ed3i b\u00f4ng h\u00ecnh con voi v\u1ea3i Th\u00e1i l\u00e0 t\u00e1c ph\u1ea9m th\u1ee7 c\u00f4ng tinh t\u1ebf \u0111\u01b0\u1ee3c ch\u1ebf t\u00e1c t\u1eeb v\u1ea3i Th\u00e1i cao c\u1ea5p. S\u1ef1 k\u1ebft h\u1ee3p gi\u1eefa m\u00e0u s\u1eafc sang tr\u1ecdng v\u00e0 h\u1ecda ti\u1ebft truy\u1ec1n th\u1ed1ng t\u1ea1o n\u00ean m\u1ed9t t\u1ed5ng th\u1ec3 h\u00e0i h\u00f2a, b\u1eaft m\u1eaft\" \/>\n<meta name=\"robots\" content=\"index, follow, max-snippet:-1, max-image-preview:large, max-video-preview:-1\" \/>\n<link rel=\"canonical\" href=\"https:\/\/maison-chance.org\/shop\/san-pham\/thu-nhoi-bong-hinh-con-voi-vai-thai\" \/>\n<meta property=\"og:locale\" content=\"vi_VN\" \/>\n<meta property=\"og:type\" content=\"article\" \/>\n<meta property=\"og:title\" content=\"Con voi\" \/>\n<meta property=\"og:description\" content=\"Th\u00fa nh\u1ed3i b\u00f4ng h\u00ecnh con voi v\u1ea3i Th\u00e1i l\u00e0 t\u00e1c ph\u1ea9m th\u1ee7 c\u00f4ng tinh t\u1ebf \u0111\u01b0\u1ee3c ch\u1ebf t\u00e1c t\u1eeb v\u1ea3i Th\u00e1i cao c\u1ea5p. S\u1ef1 k\u1ebft h\u1ee3p gi\u1eefa m\u00e0u s\u1eafc sang tr\u1ecdng v\u00e0 h\u1ecda ti\u1ebft truy\u1ec1n th\u1ed1ng t\u1ea1o n\u00ean m\u1ed9t t\u1ed5ng th\u1ec3 h\u00e0i h\u00f2a, b\u1eaft m\u1eaft\" \/>\n<meta property=\"og:url\" content=\"https:\/\/maison-chance.org\/shop\/san-pham\/thu-nhoi-bong-hinh-con-voi-vai-thai\" \/>\n<meta property=\"og:site_name\" content=\"Nh\u00e0 May M\u1eafn - Maison Chance\" \/>\n<meta property=\"article:publisher\" content=\"https:\/\/www.facebook.com\/dnxh.nhamayman\/\" \/>\n<meta property=\"article:modified_time\" content=\"2025-03-05T04:41:46+00:00\" \/>\n<meta property=\"og:image\" content=\"https:\/\/maison-chance.org\/shop\/wp-content\/uploads\/2024\/03\/thu-nhoi-bong-hinh-con-voi-vai-thai-1.jpg\" \/>\n\t<meta property=\"og:image:width\" content=\"600\" \/>\n\t<meta property=\"og:image:height\" content=\"600\" \/>\n\t<meta property=\"og:image:type\" content=\"image\/jpeg\" \/>\n<meta name=\"twitter:card\" content=\"summary_large_image\" \/>\n<meta name=\"twitter:label1\" content=\"Availability\" \/>\n\t<meta name=\"twitter:data1\" content=\"In stock\" \/>\n<script type=\"application\/ld+json\" class=\"yoast-schema-graph\">{\"@context\":\"https:\/\/schema.org\",\"@graph\":[{\"@type\":\"WebPage\",\"@id\":\"https:\/\/maison-chance.org\/shop\/san-pham\/thu-nhoi-bong-hinh-con-voi-vai-thai\",\"url\":\"https:\/\/maison-chance.org\/shop\/san-pham\/thu-nhoi-bong-hinh-con-voi-vai-thai\",\"name\":\"Con voi - th\u00fa nh\u1ed3i b\u00f4ng v\u1ea3i Th\u00e1i - Nh\u00e0 May M\u1eafn - Maison Chance\",\"isPartOf\":{\"@id\":\"https:\/\/maison-chance.org\/shop\/#website\"},\"primaryImageOfPage\":{\"@id\":\"https:\/\/maison-chance.org\/shop\/san-pham\/thu-nhoi-bong-hinh-con-voi-vai-thai#primaryimage\"},\"image\":{\"@id\":\"https:\/\/maison-chance.org\/shop\/san-pham\/thu-nhoi-bong-hinh-con-voi-vai-thai#primaryimage\"},\"thumbnailUrl\":\"https:\/\/maison-chance.org\/shop\/wp-content\/uploads\/2024\/03\/thu-nhoi-bong-hinh-con-voi-vai-thai-1.jpg\",\"datePublished\":\"2024-10-23T00:00:21+00:00\",\"dateModified\":\"2025-03-05T04:41:46+00:00\",\"description\":\"Th\u00fa nh\u1ed3i b\u00f4ng h\u00ecnh con voi v\u1ea3i Th\u00e1i l\u00e0 t\u00e1c ph\u1ea9m th\u1ee7 c\u00f4ng tinh t\u1ebf \u0111\u01b0\u1ee3c ch\u1ebf t\u00e1c t\u1eeb v\u1ea3i Th\u00e1i cao c\u1ea5p. S\u1ef1 k\u1ebft h\u1ee3p gi\u1eefa m\u00e0u s\u1eafc sang tr\u1ecdng v\u00e0 h\u1ecda ti\u1ebft truy\u1ec1n th\u1ed1ng t\u1ea1o n\u00ean m\u1ed9t t\u1ed5ng th\u1ec3 h\u00e0i h\u00f2a, b\u1eaft m\u1eaft\",\"breadcrumb\":{\"@id\":\"https:\/\/maison-chance.org\/shop\/san-pham\/thu-nhoi-bong-hinh-con-voi-vai-thai#breadcrumb\"},\"inLanguage\":\"vi-VN\",\"potentialAction\":[{\"@type\":\"ReadAction\",\"target\":[\"https:\/\/maison-chance.org\/shop\/san-pham\/thu-nhoi-bong-hinh-con-voi-vai-thai\"]}]},{\"@type\":\"ImageObject\",\"inLanguage\":\"vi-VN\",\"@id\":\"https:\/\/maison-chance.org\/shop\/san-pham\/thu-nhoi-bong-hinh-con-voi-vai-thai#primaryimage\",\"url\":\"https:\/\/maison-chance.org\/shop\/wp-content\/uploads\/2024\/03\/thu-nhoi-bong-hinh-con-voi-vai-thai-1.jpg\",\"contentUrl\":\"https:\/\/maison-chance.org\/shop\/wp-content\/uploads\/2024\/03\/thu-nhoi-bong-hinh-con-voi-vai-thai-1.jpg\",\"width\":600,\"height\":600,\"caption\":\"Th\u00fa nh\u1ed3i b\u00f4ng h\u00ecnh con Voi v\u1ea3i Th\u00e1i\"},{\"@type\":\"BreadcrumbList\",\"@id\":\"https:\/\/maison-chance.org\/shop\/san-pham\/thu-nhoi-bong-hinh-con-voi-vai-thai#breadcrumb\",\"itemListElement\":[{\"@type\":\"ListItem\",\"position\":1,\"name\":\"Trang ch\u1ee7\",\"item\":\"https:\/\/maison-chance.org\/shop\/\"},{\"@type\":\"ListItem\",\"position\":2,\"name\":\"Shop\",\"item\":\"https:\/\/maison-chance.org\/shop\/shop\"},{\"@type\":\"ListItem\",\"position\":3,\"name\":\"Con voi\"}]},{\"@type\":\"WebSite\",\"@id\":\"https:\/\/maison-chance.org\/shop\/#website\",\"url\":\"https:\/\/maison-chance.org\/shop\/\",\"name\":\"Nh\u00e0 May M\u1eafn - Maison Chance\",\"description\":\"M\u1ecdi l\u1ee3i nhu\u1eadn thu v\u1ec1 t\u1eeb vi\u1ec7c b\u00e1n h\u00e0ng s\u1ebd tr\u00edch m\u1ed9t ph\u1ea7n \u0111\u1ec3 ch\u0103m lo cho \u0111\u1eddi s\u1ed1ng c\u00e1c b\u1ea1n khuy\u1ebft t\u1eadt v\u00e0 tr\u1ebb m\u1ed3 c\u00f4i \u1edf \u0111\u00e2y\",\"publisher\":{\"@id\":\"https:\/\/maison-chance.org\/shop\/#organization\"},\"potentialAction\":[{\"@type\":\"SearchAction\",\"target\":{\"@type\":\"EntryPoint\",\"urlTemplate\":\"https:\/\/maison-chance.org\/shop\/?s={search_term_string}\"},\"query-input\":{\"@type\":\"PropertyValueSpecification\",\"valueRequired\":true,\"valueName\":\"search_term_string\"}}],\"inLanguage\":\"vi-VN\"},{\"@type\":\"Organization\",\"@id\":\"https:\/\/maison-chance.org\/shop\/#organization\",\"name\":\"Nh\u00e0 May M\u1eafn - Maison Chance\",\"url\":\"https:\/\/maison-chance.org\/shop\/\",\"logo\":{\"@type\":\"ImageObject\",\"inLanguage\":\"vi-VN\",\"@id\":\"https:\/\/maison-chance.org\/shop\/#\/schema\/logo\/image\/\",\"url\":\"https:\/\/maison-chance.org\/shop\/wp-content\/uploads\/2024\/03\/cropped-Logo_DNXH.png\",\"contentUrl\":\"https:\/\/maison-chance.org\/shop\/wp-content\/uploads\/2024\/03\/cropped-Logo_DNXH.png\",\"width\":512,\"height\":512,\"caption\":\"Nh\u00e0 May M\u1eafn - Maison Chance\"},\"image\":{\"@id\":\"https:\/\/maison-chance.org\/shop\/#\/schema\/logo\/image\/\"},\"sameAs\":[\"https:\/\/www.facebook.com\/dnxh.nhamayman\/\"]}]}<\/script>\n<meta property=\"og:availability\" content=\"instock\" \/>\n<meta property=\"product:availability\" content=\"instock\" \/>\n<meta property=\"product:condition\" content=\"new\" \/>\n<!-- \/ Yoast SEO Premium plugin. -->","yoast_head_json":{"title":"Con voi - th\u00fa nh\u1ed3i b\u00f4ng v\u1ea3i Th\u00e1i - Nh\u00e0 May M\u1eafn - Maison Chance","description":"Th\u00fa nh\u1ed3i b\u00f4ng h\u00ecnh con voi v\u1ea3i Th\u00e1i l\u00e0 t\u00e1c ph\u1ea9m th\u1ee7 c\u00f4ng tinh t\u1ebf \u0111\u01b0\u1ee3c ch\u1ebf t\u00e1c t\u1eeb v\u1ea3i Th\u00e1i cao c\u1ea5p. S\u1ef1 k\u1ebft h\u1ee3p gi\u1eefa m\u00e0u s\u1eafc sang tr\u1ecdng v\u00e0 h\u1ecda ti\u1ebft truy\u1ec1n th\u1ed1ng t\u1ea1o n\u00ean m\u1ed9t t\u1ed5ng th\u1ec3 h\u00e0i h\u00f2a, b\u1eaft m\u1eaft","robots":{"index":"index","follow":"follow","max-snippet":"max-snippet:-1","max-image-preview":"max-image-preview:large","max-video-preview":"max-video-preview:-1"},"canonical":"https:\/\/maison-chance.org\/shop\/san-pham\/thu-nhoi-bong-hinh-con-voi-vai-thai","og_locale":"vi_VN","og_type":"article","og_title":"Con voi","og_description":"Th\u00fa nh\u1ed3i b\u00f4ng h\u00ecnh con voi v\u1ea3i Th\u00e1i l\u00e0 t\u00e1c ph\u1ea9m th\u1ee7 c\u00f4ng tinh t\u1ebf \u0111\u01b0\u1ee3c ch\u1ebf t\u00e1c t\u1eeb v\u1ea3i Th\u00e1i cao c\u1ea5p. S\u1ef1 k\u1ebft h\u1ee3p gi\u1eefa m\u00e0u s\u1eafc sang tr\u1ecdng v\u00e0 h\u1ecda ti\u1ebft truy\u1ec1n th\u1ed1ng t\u1ea1o n\u00ean m\u1ed9t t\u1ed5ng th\u1ec3 h\u00e0i h\u00f2a, b\u1eaft m\u1eaft","og_url":"https:\/\/maison-chance.org\/shop\/san-pham\/thu-nhoi-bong-hinh-con-voi-vai-thai","og_site_name":"Nh\u00e0 May M\u1eafn - Maison Chance","article_publisher":"https:\/\/www.facebook.com\/dnxh.nhamayman\/","article_modified_time":"2025-03-05T04:41:46+00:00","og_image":[{"width":600,"height":600,"url":"https:\/\/maison-chance.org\/shop\/wp-content\/uploads\/2024\/03\/thu-nhoi-bong-hinh-con-voi-vai-thai-1.jpg","type":"image\/jpeg"}],"twitter_card":"summary_large_image","twitter_misc":{"Availability":"In stock"},"schema":{"@context":"https:\/\/schema.org","@graph":[{"@type":"WebPage","@id":"https:\/\/maison-chance.org\/shop\/san-pham\/thu-nhoi-bong-hinh-con-voi-vai-thai","url":"https:\/\/maison-chance.org\/shop\/san-pham\/thu-nhoi-bong-hinh-con-voi-vai-thai","name":"Con voi - th\u00fa nh\u1ed3i b\u00f4ng v\u1ea3i Th\u00e1i - Nh\u00e0 May M\u1eafn - Maison Chance","isPartOf":{"@id":"https:\/\/maison-chance.org\/shop\/#website"},"primaryImageOfPage":{"@id":"https:\/\/maison-chance.org\/shop\/san-pham\/thu-nhoi-bong-hinh-con-voi-vai-thai#primaryimage"},"image":{"@id":"https:\/\/maison-chance.org\/shop\/san-pham\/thu-nhoi-bong-hinh-con-voi-vai-thai#primaryimage"},"thumbnailUrl":"https:\/\/maison-chance.org\/shop\/wp-content\/uploads\/2024\/03\/thu-nhoi-bong-hinh-con-voi-vai-thai-1.jpg","datePublished":"2024-10-23T00:00:21+00:00","dateModified":"2025-03-05T04:41:46+00:00","description":"Th\u00fa nh\u1ed3i b\u00f4ng h\u00ecnh con voi v\u1ea3i Th\u00e1i l\u00e0 t\u00e1c ph\u1ea9m th\u1ee7 c\u00f4ng tinh t\u1ebf \u0111\u01b0\u1ee3c ch\u1ebf t\u00e1c t\u1eeb v\u1ea3i Th\u00e1i cao c\u1ea5p. S\u1ef1 k\u1ebft h\u1ee3p gi\u1eefa m\u00e0u s\u1eafc sang tr\u1ecdng v\u00e0 h\u1ecda ti\u1ebft truy\u1ec1n th\u1ed1ng t\u1ea1o n\u00ean m\u1ed9t t\u1ed5ng th\u1ec3 h\u00e0i h\u00f2a, b\u1eaft m\u1eaft","breadcrumb":{"@id":"https:\/\/maison-chance.org\/shop\/san-pham\/thu-nhoi-bong-hinh-con-voi-vai-thai#breadcrumb"},"inLanguage":"vi-VN","potentialAction":[{"@type":"ReadAction","target":["https:\/\/maison-chance.org\/shop\/san-pham\/thu-nhoi-bong-hinh-con-voi-vai-thai"]}]},{"@type":"ImageObject","inLanguage":"vi-VN","@id":"https:\/\/maison-chance.org\/shop\/san-pham\/thu-nhoi-bong-hinh-con-voi-vai-thai#primaryimage","url":"https:\/\/maison-chance.org\/shop\/wp-content\/uploads\/2024\/03\/thu-nhoi-bong-hinh-con-voi-vai-thai-1.jpg","contentUrl":"https:\/\/maison-chance.org\/shop\/wp-content\/uploads\/2024\/03\/thu-nhoi-bong-hinh-con-voi-vai-thai-1.jpg","width":600,"height":600,"caption":"Th\u00fa nh\u1ed3i b\u00f4ng h\u00ecnh con Voi v\u1ea3i Th\u00e1i"},{"@type":"BreadcrumbList","@id":"https:\/\/maison-chance.org\/shop\/san-pham\/thu-nhoi-bong-hinh-con-voi-vai-thai#breadcrumb","itemListElement":[{"@type":"ListItem","position":1,"name":"Trang ch\u1ee7","item":"https:\/\/maison-chance.org\/shop\/"},{"@type":"ListItem","position":2,"name":"Shop","item":"https:\/\/maison-chance.org\/shop\/shop"},{"@type":"ListItem","position":3,"name":"Con voi"}]},{"@type":"WebSite","@id":"https:\/\/maison-chance.org\/shop\/#website","url":"https:\/\/maison-chance.org\/shop\/","name":"Nh\u00e0 May M\u1eafn - Maison Chance","description":"M\u1ecdi l\u1ee3i nhu\u1eadn thu v\u1ec1 t\u1eeb vi\u1ec7c b\u00e1n h\u00e0ng s\u1ebd tr\u00edch m\u1ed9t ph\u1ea7n \u0111\u1ec3 ch\u0103m lo cho \u0111\u1eddi s\u1ed1ng c\u00e1c b\u1ea1n khuy\u1ebft t\u1eadt v\u00e0 tr\u1ebb m\u1ed3 c\u00f4i \u1edf \u0111\u00e2y","publisher":{"@id":"https:\/\/maison-chance.org\/shop\/#organization"},"potentialAction":[{"@type":"SearchAction","target":{"@type":"EntryPoint","urlTemplate":"https:\/\/maison-chance.org\/shop\/?s={search_term_string}"},"query-input":{"@type":"PropertyValueSpecification","valueRequired":true,"valueName":"search_term_string"}}],"inLanguage":"vi-VN"},{"@type":"Organization","@id":"https:\/\/maison-chance.org\/shop\/#organization","name":"Nh\u00e0 May M\u1eafn - Maison Chance","url":"https:\/\/maison-chance.org\/shop\/","logo":{"@type":"ImageObject","inLanguage":"vi-VN","@id":"https:\/\/maison-chance.org\/shop\/#\/schema\/logo\/image\/","url":"https:\/\/maison-chance.org\/shop\/wp-content\/uploads\/2024\/03\/cropped-Logo_DNXH.png","contentUrl":"https:\/\/maison-chance.org\/shop\/wp-content\/uploads\/2024\/03\/cropped-Logo_DNXH.png","width":512,"height":512,"caption":"Nh\u00e0 May M\u1eafn - Maison Chance"},"image":{"@id":"https:\/\/maison-chance.org\/shop\/#\/schema\/logo\/image\/"},"sameAs":["https:\/\/www.facebook.com\/dnxh.nhamayman\/"]}]},"og_availability":"instock","product_availability":"instock","product_condition":"new"},"_links":{"self":[{"href":"https:\/\/maison-chance.org\/shop\/wp-json\/wp\/v2\/product\/36543","targetHints":{"allow":["GET"]}}],"collection":[{"href":"https:\/\/maison-chance.org\/shop\/wp-json\/wp\/v2\/product"}],"about":[{"href":"https:\/\/maison-chance.org\/shop\/wp-json\/wp\/v2\/types\/product"}],"wp:featuredmedia":[{"embeddable":true,"href":"https:\/\/maison-chance.org\/shop\/wp-json\/wp\/v2\/media\/36544"}],"wp:attachment":[{"href":"https:\/\/maison-chance.org\/shop\/wp-json\/wp\/v2\/media?parent=36543"}],"wp:term":[{"taxonomy":"product_brand","embeddable":true,"href":"https:\/\/maison-chance.org\/shop\/wp-json\/wp\/v2\/product_brand?post=36543"},{"taxonomy":"product_cat","embeddable":true,"href":"https:\/\/maison-chance.org\/shop\/wp-json\/wp\/v2\/product_cat?post=36543"},{"taxonomy":"product_tag","embeddable":true,"href":"https:\/\/maison-chance.org\/shop\/wp-json\/wp\/v2\/product_tag?post=36543"}],"curies":[{"name":"wp","href":"https:\/\/api.w.org\/{rel}","templated":true}]}}