{"id":36902,"date":"2024-10-01T07:00:06","date_gmt":"2024-10-01T00:00:06","guid":{"rendered":"https:\/\/maison-chance.org\/shop\/?post_type=product&#038;p=36902"},"modified":"2025-03-13T09:47:54","modified_gmt":"2025-03-13T02:47:54","slug":"thu-nhoi-bong-hinh-con-tho-vai-tho-cam","status":"publish","type":"product","link":"https:\/\/maison-chance.org\/shop\/san-pham\/thu-nhoi-bong-hinh-con-tho-vai-tho-cam","title":{"rendered":"Con th\u1ecf"},"content":{"rendered":"<p data-start=\"0\" data-end=\"53\"><strong data-start=\"3\" data-end=\"48\">Xin ch\u00e0o, m\u00ecnh l\u00e0 <a href=\"https:\/\/maison-chance.org\/shop\/san-pham\/thu-nhoi-bong-hinh-con-tho-vai-tho-cam\">Th\u1ecf Th\u1ed5 C\u1ea9m<\/a> TC28TB \u0111\u00e2y!<\/strong><\/p>\n<p data-start=\"55\" data-end=\"337\">Ai n\u00f3i b\u00e9 nh\u1ecf l\u00e0 kh\u00f4ng n\u1ed5i b\u1eadt? M\u00ecnh tuy ch\u1ec9 cao 15 cm v\u00e0 r\u1ed9ng 6 cm, nh\u01b0ng m\u00ecnh c\u00f3 th\u1ec3 khi\u1ebfn m\u1ecdi ng\u01b0\u1eddi \u201ctan ch\u1ea3y\u201d ngay t\u1eeb c\u00e1i nh\u00ecn \u0111\u1ea7u ti\u00ean \u0111\u1ea5y! M\u00ecnh kho\u00e1c tr\u00ean m\u00ecnh b\u1ed9 \u00e1o v\u1ea3i th\u1ed5 c\u1ea9m \u0111\u1ed9c \u0111\u00e1o, v\u1edbi hoa v\u0103n tinh t\u1ebf, r\u1ef1c r\u1ee1 s\u1eafc m\u00e0u \u2013 m\u1ed9t v\u1ebb \u0111\u1eb9p v\u1eeba truy\u1ec1n th\u1ed1ng l\u1ea1i v\u1eeba hi\u1ec7n \u0111\u1ea1i. \u0110i\u1ec1u \u0111\u1eb7c bi\u1ec7t l\u00e0 m\u1ed7i h\u1ecda ti\u1ebft tr\u00ean b\u1ed9 \u00e1o c\u1ee7a m\u00ecnh \u0111\u1ec1u \u0111\u01b0\u1ee3c c\u00e1c c\u00f4 ch\u00fa th\u1ee3 may khuy\u1ebft t\u1eadt t\u1ea1i Nh\u00e0 May M\u1eafn ch\u0103m ch\u00fat c\u1ea9n th\u1eadn, t\u1ec9 m\u1ec9 t\u1eebng \u0111\u01b0\u1eddng kim, m\u0169i ch\u1ec9.<\/p>\n<p data-start=\"796\" data-end=\"878\"><strong data-start=\"796\" data-end=\"876\">B\u1ea1n bi\u1ebft kh\u00f4ng? M\u00ecnh nh\u1ecf nh\u1eafn v\u1eady th\u00f4i nh\u01b0ng c\u00f3 r\u1ea5t nhi\u1ec1u c\u00f4ng d\u1ee5ng \u0111\u1ea5y nh\u00e9:<\/strong><\/p>\n<ul data-start=\"879\" data-end=\"1619\">\n<li data-start=\"879\" data-end=\"1077\">Trang tr\u00ed g\u00f3c l\u00e0m vi\u1ec7c: \u0110\u1eb7t m\u00ecnh tr\u00ean b\u00e0n l\u00e0m vi\u1ec7c, m\u00ecnh s\u1ebd gi\u00fap b\u1ea1n gi\u1ea3m b\u1edbt c\u0103ng th\u1eb3ng, m\u1ec7t m\u1ecfi. Nh\u00ecn m\u00ecnh m\u1ed7i ng\u00e0y, ch\u1eafc ch\u1eafn b\u1ea1n s\u1ebd c\u00f3 th\u00eam n\u0103ng l\u01b0\u1ee3ng t\u00edch c\u1ef1c v\u00e0 tinh th\u1ea7n vui t\u01b0\u01a1i h\u01a1n!<\/li>\n<li data-start=\"1078\" data-end=\"1203\">L\u00e0m \u0111\u1eb9p g\u00f3c h\u1ecdc t\u1eadp: \u0110\u1ec3 m\u00ecnh tr\u00ean k\u1ec7 s\u00e1ch hay b\u00e0n h\u1ecdc, m\u00ecnh s\u1ebd bi\u1ebfn g\u00f3c nh\u1ecf \u1ea5y tr\u1edf n\u00ean sinh \u0111\u1ed9ng v\u00e0 \u0111\u00e1ng y\u00eau v\u00f4 c\u00f9ng!<\/li>\n<li data-start=\"1204\" data-end=\"1406\">B\u1ea1n \u0111\u1ed3ng h\u00e0nh nh\u00ed nh\u1ea3nh: V\u1edbi k\u00edch th\u01b0\u1edbc g\u1ecdn nh\u1eb9, b\u1ea1n c\u00f3 th\u1ec3 mang m\u00ecnh \u0111i kh\u1eafp m\u1ecdi n\u01a1i \u2013 t\u1eeb t\u00fai x\u00e1ch, balo cho \u0111\u1ebfn xe h\u01a1i. M\u00ecnh s\u1ebd lu\u00f4n \u1edf b\u00ean b\u1ea1n, mang l\u1ea1i ni\u1ec1m vui nho nh\u1ecf trong su\u1ed1t h\u00e0nh tr\u00ecnh.<\/li>\n<li data-start=\"1407\" data-end=\"1619\">Qu\u00e0 t\u1eb7ng \u0111\u1ea7y \u00fd ngh\u0129a: M\u00ecnh kh\u00f4ng ch\u1ec9 d\u1ec5 th\u01b0\u01a1ng m\u00e0 c\u00f2n l\u00e0 m\u00f3n qu\u00e0 ch\u1ee9a \u0111\u1ef1ng y\u00eau th\u01b0\u01a1ng v\u00e0 s\u1ef1 quan t\u00e2m s\u00e2u s\u1eafc. H\u00e3y t\u1eb7ng m\u00ecnh cho b\u1ea1n b\u00e8, ng\u01b0\u1eddi th\u00e2n hay c\u00e1c b\u00e9 nh\u1ecf, ch\u1eafc ch\u1eafn ai c\u0169ng s\u1ebd th\u00edch m\u00ea cho m\u00e0 xem!<\/li>\n<\/ul>\n<p data-start=\"1621\" data-end=\"2078\">\u0110i\u1ec1u \u0111\u1eb7c bi\u1ec7t nh\u1ea5t \u1edf m\u00ecnh ch\u00ednh l\u00e0 c\u00e2u chuy\u1ec7n \u0111\u1eb1ng sau m\u1ed7i \u0111\u01b0\u1eddng kim, m\u0169i ch\u1ec9. M\u00ecnh \u0111\u01b0\u1ee3c l\u00e0m ra t\u1eeb \u0111\u00f4i b\u00e0n tay t\u00e0i hoa c\u1ee7a c\u00e1c th\u1ee3 may khuy\u1ebft t\u1eadt t\u1ea1i <a href=\"https:\/\/maison-chance.org\/shop\">Nh\u00e0 May M\u1eafn<\/a> \u2013 n\u01a1i ch\u1eafp c\u00e1nh cho nh\u1eefng \u01b0\u1edbc m\u01a1 v\u00e0 mang l\u1ea1i cu\u1ed9c s\u1ed1ng t\u1ed1t \u0111\u1eb9p h\u01a1n cho c\u1ed9ng \u0111\u1ed3ng ng\u01b0\u1eddi khuy\u1ebft t\u1eadt. M\u1ed7i s\u1ea3n ph\u1ea9m b\u00e1n ra kh\u00f4ng ch\u1ec9 mang l\u1ea1i ni\u1ec1m vui cho ng\u01b0\u1eddi s\u1edf h\u1eefu m\u00e0 c\u00f2n l\u00e0 ngu\u1ed3n \u0111\u1ed9ng vi\u00ean to l\u1edbn cho nh\u1eefng ng\u01b0\u1eddi th\u1ee3 t\u1ea1i \u0111\u00e2y, gi\u00fap h\u1ecd t\u1ef1 tin h\u01a1n, c\u00f3 vi\u1ec7c l\u00e0m \u1ed5n \u0111\u1ecbnh v\u00e0 h\u00f2a nh\u1eadp v\u1edbi x\u00e3 h\u1ed9i.<\/p>\n<p data-start=\"1621\" data-end=\"2078\"><em>C\u00f2n ch\u1ea7n ch\u1edd g\u00ec n\u1eefa? H\u00e3y \u201crinh\u201d ngay m\u1ed9t b\u00e9 Th\u1ecf Th\u1ed5 C\u1ea9m TC28TB d\u1ec5 th\u01b0\u01a1ng n\u00e0y v\u1ec1 nh\u00e0 \u0111\u1ec3 c\u00f9ng nhau t\u1ea1o n\u00ean nh\u1eefng kho\u1ea3nh kh\u1eafc vui t\u01b0\u01a1i m\u1ed7i ng\u00e0y nh\u00e9! B\u1ea1n c\u0169ng \u0111\u1eebng qu\u00ean chia s\u1ebb ni\u1ec1m vui n\u00e0y v\u1edbi b\u1ea1n b\u00e8 v\u00e0 ng\u01b0\u1eddi th\u00e2n c\u1ee7a m\u00ecnh nha!<\/em><\/p>\n","protected":false},"excerpt":{"rendered":"<p style=\"text-align: justify\">S\u1ea3n ph\u1ea9m do c\u00e1c b\u1ea1n khuy\u1ebft t\u1eadt k\u00e9m may m\u1eafn s\u1ea3n xu\u1ea5t th\u1ee7 c\u00f4ng k\u00ednh mong nh\u1eadn \u0111\u01b0\u1ee3c s\u1ef1 \u1ee7ng h\u1ed9 c\u1ee7a Qu\u00fd kh\u00e1ch h\u00e0ng.<\/p>\n<p>Ch\u1ea5t li\u1ec7u: V\u1ea3i th\u1ed5 c\u1ea9m<\/p>\n<p>Code: TC28TB<\/p>\n<p>Hotline : <span style=\"font-size: 20px\"><strong><span style=\"color: #ff0000\">0909 06 25 28<\/span><\/strong><\/span><\/p>\n<p style=\"text-align: justify\">N\u1ebfu b\u1ea1n \u1edf Vi\u1ec7t Nam vui l\u00f2ng li\u00ean h\u1ec7 ch\u00fang t\u00f4i theo s\u1ed1 hotline ho\u1eb7c fanpage doanh nghi\u1ec7p Nh\u00e0 May M\u1eafn ch\u00fang t\u00f4i \u0111\u1ec3 bi\u1ebft gi\u00e1 b\u00e1n t\u1ea1i Vi\u1ec7t Nam.<\/p>\n","protected":false},"featured_media":36903,"template":"","meta":[],"product_brand":[],"product_cat":[137,138],"product_tag":[],"class_list":{"0":"post-36902","1":"product","2":"type-product","3":"status-publish","4":"has-post-thumbnail","6":"product_cat-phong-may","7":"product_cat-thu-nhoi-bong","9":"first","10":"instock","11":"shipping-taxable","12":"purchasable","13":"product-type-simple"},"yoast_head":"<!-- This site is optimized with the Yoast SEO Premium plugin v22.7 (Yoast SEO v25.3.1) - https:\/\/yoast.com\/wordpress\/plugins\/seo\/ -->\n<title>Con th\u1ecf - th\u00fa nh\u1ed3i b\u00f4ng v\u1ea3i th\u1ed5 c\u1ea9m - Nh\u00e0 May M\u1eafn - Maison Chance<\/title>\n<meta name=\"description\" content=\"Con th\u1ecf nh\u1ed3i b\u00f4ng t\u1eeb v\u1ea3i th\u1ed5 c\u1ea9m, s\u1ea3n ph\u1ea9m th\u1ee7 c\u00f4ng \u0111\u1ed9c \u0111\u00e1o t\u1eeb th\u1ee3 may khuy\u1ebft t\u1eadt t\u1ea1i Nh\u00e0 May M\u1eafn. Trang tr\u00ed kh\u00f4ng gian s\u1ed1ng v\u00e0 \u1ee7ng h\u1ed9 ng\u01b0\u1eddi khuy\u1ebft t\u1eadt\" \/>\n<meta name=\"robots\" content=\"index, follow, max-snippet:-1, max-image-preview:large, max-video-preview:-1\" \/>\n<link rel=\"canonical\" href=\"https:\/\/maison-chance.org\/shop\/san-pham\/thu-nhoi-bong-hinh-con-tho-vai-tho-cam\" \/>\n<meta property=\"og:locale\" content=\"vi_VN\" \/>\n<meta property=\"og:type\" content=\"article\" \/>\n<meta property=\"og:title\" content=\"Con th\u1ecf\" \/>\n<meta property=\"og:description\" content=\"Con th\u1ecf nh\u1ed3i b\u00f4ng t\u1eeb v\u1ea3i th\u1ed5 c\u1ea9m, s\u1ea3n ph\u1ea9m th\u1ee7 c\u00f4ng \u0111\u1ed9c \u0111\u00e1o t\u1eeb th\u1ee3 may khuy\u1ebft t\u1eadt t\u1ea1i Nh\u00e0 May M\u1eafn. Trang tr\u00ed kh\u00f4ng gian s\u1ed1ng v\u00e0 \u1ee7ng h\u1ed9 ng\u01b0\u1eddi khuy\u1ebft t\u1eadt\" \/>\n<meta property=\"og:url\" content=\"https:\/\/maison-chance.org\/shop\/san-pham\/thu-nhoi-bong-hinh-con-tho-vai-tho-cam\" \/>\n<meta property=\"og:site_name\" content=\"Nh\u00e0 May M\u1eafn - Maison Chance\" \/>\n<meta property=\"article:publisher\" content=\"https:\/\/www.facebook.com\/dnxh.nhamayman\/\" \/>\n<meta property=\"article:modified_time\" content=\"2025-03-13T02:47:54+00:00\" \/>\n<meta property=\"og:image\" content=\"https:\/\/maison-chance.org\/shop\/wp-content\/uploads\/2024\/04\/thu-nhoi-bong-hinh-con-tho-vai-tho-cam-1.jpg\" \/>\n\t<meta property=\"og:image:width\" content=\"600\" \/>\n\t<meta property=\"og:image:height\" content=\"600\" \/>\n\t<meta property=\"og:image:type\" content=\"image\/jpeg\" \/>\n<meta name=\"twitter:card\" content=\"summary_large_image\" \/>\n<meta name=\"twitter:label1\" content=\"Gi\u00e1\" \/>\n\t<meta name=\"twitter:data1\" content=\"4.00&nbsp;&#036;\" \/>\n\t<meta name=\"twitter:label2\" content=\"Availability\" \/>\n\t<meta name=\"twitter:data2\" content=\"In stock\" \/>\n<script type=\"application\/ld+json\" class=\"yoast-schema-graph\">{\"@context\":\"https:\/\/schema.org\",\"@graph\":[{\"@type\":\"WebPage\",\"@id\":\"https:\/\/maison-chance.org\/shop\/san-pham\/thu-nhoi-bong-hinh-con-tho-vai-tho-cam\",\"url\":\"https:\/\/maison-chance.org\/shop\/san-pham\/thu-nhoi-bong-hinh-con-tho-vai-tho-cam\",\"name\":\"Con th\u1ecf - th\u00fa nh\u1ed3i b\u00f4ng v\u1ea3i th\u1ed5 c\u1ea9m - Nh\u00e0 May M\u1eafn - Maison Chance\",\"isPartOf\":{\"@id\":\"https:\/\/maison-chance.org\/shop\/#website\"},\"primaryImageOfPage\":{\"@id\":\"https:\/\/maison-chance.org\/shop\/san-pham\/thu-nhoi-bong-hinh-con-tho-vai-tho-cam#primaryimage\"},\"image\":{\"@id\":\"https:\/\/maison-chance.org\/shop\/san-pham\/thu-nhoi-bong-hinh-con-tho-vai-tho-cam#primaryimage\"},\"thumbnailUrl\":\"https:\/\/maison-chance.org\/shop\/wp-content\/uploads\/2024\/04\/thu-nhoi-bong-hinh-con-tho-vai-tho-cam-1.jpg\",\"datePublished\":\"2024-10-01T00:00:06+00:00\",\"dateModified\":\"2025-03-13T02:47:54+00:00\",\"description\":\"Con th\u1ecf nh\u1ed3i b\u00f4ng t\u1eeb v\u1ea3i th\u1ed5 c\u1ea9m, s\u1ea3n ph\u1ea9m th\u1ee7 c\u00f4ng \u0111\u1ed9c \u0111\u00e1o t\u1eeb th\u1ee3 may khuy\u1ebft t\u1eadt t\u1ea1i Nh\u00e0 May M\u1eafn. Trang tr\u00ed kh\u00f4ng gian s\u1ed1ng v\u00e0 \u1ee7ng h\u1ed9 ng\u01b0\u1eddi khuy\u1ebft t\u1eadt\",\"breadcrumb\":{\"@id\":\"https:\/\/maison-chance.org\/shop\/san-pham\/thu-nhoi-bong-hinh-con-tho-vai-tho-cam#breadcrumb\"},\"inLanguage\":\"vi-VN\",\"potentialAction\":[{\"@type\":\"ReadAction\",\"target\":[\"https:\/\/maison-chance.org\/shop\/san-pham\/thu-nhoi-bong-hinh-con-tho-vai-tho-cam\"]}]},{\"@type\":\"ImageObject\",\"inLanguage\":\"vi-VN\",\"@id\":\"https:\/\/maison-chance.org\/shop\/san-pham\/thu-nhoi-bong-hinh-con-tho-vai-tho-cam#primaryimage\",\"url\":\"https:\/\/maison-chance.org\/shop\/wp-content\/uploads\/2024\/04\/thu-nhoi-bong-hinh-con-tho-vai-tho-cam-1.jpg\",\"contentUrl\":\"https:\/\/maison-chance.org\/shop\/wp-content\/uploads\/2024\/04\/thu-nhoi-bong-hinh-con-tho-vai-tho-cam-1.jpg\",\"width\":600,\"height\":600,\"caption\":\"Th\u00fa nh\u1ed3i b\u00f4ng h\u00ecnh con Th\u1ecf v\u1ea3i th\u1ed5 c\u1ea9m\"},{\"@type\":\"BreadcrumbList\",\"@id\":\"https:\/\/maison-chance.org\/shop\/san-pham\/thu-nhoi-bong-hinh-con-tho-vai-tho-cam#breadcrumb\",\"itemListElement\":[{\"@type\":\"ListItem\",\"position\":1,\"name\":\"Trang ch\u1ee7\",\"item\":\"https:\/\/maison-chance.org\/shop\/\"},{\"@type\":\"ListItem\",\"position\":2,\"name\":\"Shop\",\"item\":\"https:\/\/maison-chance.org\/shop\/shop\"},{\"@type\":\"ListItem\",\"position\":3,\"name\":\"Con th\u1ecf\"}]},{\"@type\":\"WebSite\",\"@id\":\"https:\/\/maison-chance.org\/shop\/#website\",\"url\":\"https:\/\/maison-chance.org\/shop\/\",\"name\":\"Nh\u00e0 May M\u1eafn - Maison Chance\",\"description\":\"M\u1ecdi l\u1ee3i nhu\u1eadn thu v\u1ec1 t\u1eeb vi\u1ec7c b\u00e1n h\u00e0ng s\u1ebd tr\u00edch m\u1ed9t ph\u1ea7n \u0111\u1ec3 ch\u0103m lo cho \u0111\u1eddi s\u1ed1ng c\u00e1c b\u1ea1n khuy\u1ebft t\u1eadt v\u00e0 tr\u1ebb m\u1ed3 c\u00f4i \u1edf \u0111\u00e2y\",\"publisher\":{\"@id\":\"https:\/\/maison-chance.org\/shop\/#organization\"},\"potentialAction\":[{\"@type\":\"SearchAction\",\"target\":{\"@type\":\"EntryPoint\",\"urlTemplate\":\"https:\/\/maison-chance.org\/shop\/?s={search_term_string}\"},\"query-input\":{\"@type\":\"PropertyValueSpecification\",\"valueRequired\":true,\"valueName\":\"search_term_string\"}}],\"inLanguage\":\"vi-VN\"},{\"@type\":\"Organization\",\"@id\":\"https:\/\/maison-chance.org\/shop\/#organization\",\"name\":\"Nh\u00e0 May M\u1eafn - Maison Chance\",\"url\":\"https:\/\/maison-chance.org\/shop\/\",\"logo\":{\"@type\":\"ImageObject\",\"inLanguage\":\"vi-VN\",\"@id\":\"https:\/\/maison-chance.org\/shop\/#\/schema\/logo\/image\/\",\"url\":\"https:\/\/maison-chance.org\/shop\/wp-content\/uploads\/2024\/03\/cropped-Logo_DNXH.png\",\"contentUrl\":\"https:\/\/maison-chance.org\/shop\/wp-content\/uploads\/2024\/03\/cropped-Logo_DNXH.png\",\"width\":512,\"height\":512,\"caption\":\"Nh\u00e0 May M\u1eafn - Maison Chance\"},\"image\":{\"@id\":\"https:\/\/maison-chance.org\/shop\/#\/schema\/logo\/image\/\"},\"sameAs\":[\"https:\/\/www.facebook.com\/dnxh.nhamayman\/\"]}]}<\/script>\n<meta property=\"product:price:amount\" content=\"4.00\" \/>\n<meta property=\"product:price:currency\" content=\"USD\" \/>\n<meta property=\"og:availability\" content=\"instock\" \/>\n<meta property=\"product:availability\" content=\"instock\" \/>\n<meta property=\"product:condition\" content=\"new\" \/>\n<!-- \/ Yoast SEO Premium plugin. -->","yoast_head_json":{"title":"Con th\u1ecf - th\u00fa nh\u1ed3i b\u00f4ng v\u1ea3i th\u1ed5 c\u1ea9m - Nh\u00e0 May M\u1eafn - Maison Chance","description":"Con th\u1ecf nh\u1ed3i b\u00f4ng t\u1eeb v\u1ea3i th\u1ed5 c\u1ea9m, s\u1ea3n ph\u1ea9m th\u1ee7 c\u00f4ng \u0111\u1ed9c \u0111\u00e1o t\u1eeb th\u1ee3 may khuy\u1ebft t\u1eadt t\u1ea1i Nh\u00e0 May M\u1eafn. Trang tr\u00ed kh\u00f4ng gian s\u1ed1ng v\u00e0 \u1ee7ng h\u1ed9 ng\u01b0\u1eddi khuy\u1ebft t\u1eadt","robots":{"index":"index","follow":"follow","max-snippet":"max-snippet:-1","max-image-preview":"max-image-preview:large","max-video-preview":"max-video-preview:-1"},"canonical":"https:\/\/maison-chance.org\/shop\/san-pham\/thu-nhoi-bong-hinh-con-tho-vai-tho-cam","og_locale":"vi_VN","og_type":"article","og_title":"Con th\u1ecf","og_description":"Con th\u1ecf nh\u1ed3i b\u00f4ng t\u1eeb v\u1ea3i th\u1ed5 c\u1ea9m, s\u1ea3n ph\u1ea9m th\u1ee7 c\u00f4ng \u0111\u1ed9c \u0111\u00e1o t\u1eeb th\u1ee3 may khuy\u1ebft t\u1eadt t\u1ea1i Nh\u00e0 May M\u1eafn. Trang tr\u00ed kh\u00f4ng gian s\u1ed1ng v\u00e0 \u1ee7ng h\u1ed9 ng\u01b0\u1eddi khuy\u1ebft t\u1eadt","og_url":"https:\/\/maison-chance.org\/shop\/san-pham\/thu-nhoi-bong-hinh-con-tho-vai-tho-cam","og_site_name":"Nh\u00e0 May M\u1eafn - Maison Chance","article_publisher":"https:\/\/www.facebook.com\/dnxh.nhamayman\/","article_modified_time":"2025-03-13T02:47:54+00:00","og_image":[{"width":600,"height":600,"url":"https:\/\/maison-chance.org\/shop\/wp-content\/uploads\/2024\/04\/thu-nhoi-bong-hinh-con-tho-vai-tho-cam-1.jpg","type":"image\/jpeg"}],"twitter_card":"summary_large_image","twitter_misc":{"Gi\u00e1":"4.00&nbsp;&#36;","Availability":"In stock"},"schema":{"@context":"https:\/\/schema.org","@graph":[{"@type":"WebPage","@id":"https:\/\/maison-chance.org\/shop\/san-pham\/thu-nhoi-bong-hinh-con-tho-vai-tho-cam","url":"https:\/\/maison-chance.org\/shop\/san-pham\/thu-nhoi-bong-hinh-con-tho-vai-tho-cam","name":"Con th\u1ecf - th\u00fa nh\u1ed3i b\u00f4ng v\u1ea3i th\u1ed5 c\u1ea9m - Nh\u00e0 May M\u1eafn - Maison Chance","isPartOf":{"@id":"https:\/\/maison-chance.org\/shop\/#website"},"primaryImageOfPage":{"@id":"https:\/\/maison-chance.org\/shop\/san-pham\/thu-nhoi-bong-hinh-con-tho-vai-tho-cam#primaryimage"},"image":{"@id":"https:\/\/maison-chance.org\/shop\/san-pham\/thu-nhoi-bong-hinh-con-tho-vai-tho-cam#primaryimage"},"thumbnailUrl":"https:\/\/maison-chance.org\/shop\/wp-content\/uploads\/2024\/04\/thu-nhoi-bong-hinh-con-tho-vai-tho-cam-1.jpg","datePublished":"2024-10-01T00:00:06+00:00","dateModified":"2025-03-13T02:47:54+00:00","description":"Con th\u1ecf nh\u1ed3i b\u00f4ng t\u1eeb v\u1ea3i th\u1ed5 c\u1ea9m, s\u1ea3n ph\u1ea9m th\u1ee7 c\u00f4ng \u0111\u1ed9c \u0111\u00e1o t\u1eeb th\u1ee3 may khuy\u1ebft t\u1eadt t\u1ea1i Nh\u00e0 May M\u1eafn. Trang tr\u00ed kh\u00f4ng gian s\u1ed1ng v\u00e0 \u1ee7ng h\u1ed9 ng\u01b0\u1eddi khuy\u1ebft t\u1eadt","breadcrumb":{"@id":"https:\/\/maison-chance.org\/shop\/san-pham\/thu-nhoi-bong-hinh-con-tho-vai-tho-cam#breadcrumb"},"inLanguage":"vi-VN","potentialAction":[{"@type":"ReadAction","target":["https:\/\/maison-chance.org\/shop\/san-pham\/thu-nhoi-bong-hinh-con-tho-vai-tho-cam"]}]},{"@type":"ImageObject","inLanguage":"vi-VN","@id":"https:\/\/maison-chance.org\/shop\/san-pham\/thu-nhoi-bong-hinh-con-tho-vai-tho-cam#primaryimage","url":"https:\/\/maison-chance.org\/shop\/wp-content\/uploads\/2024\/04\/thu-nhoi-bong-hinh-con-tho-vai-tho-cam-1.jpg","contentUrl":"https:\/\/maison-chance.org\/shop\/wp-content\/uploads\/2024\/04\/thu-nhoi-bong-hinh-con-tho-vai-tho-cam-1.jpg","width":600,"height":600,"caption":"Th\u00fa nh\u1ed3i b\u00f4ng h\u00ecnh con Th\u1ecf v\u1ea3i th\u1ed5 c\u1ea9m"},{"@type":"BreadcrumbList","@id":"https:\/\/maison-chance.org\/shop\/san-pham\/thu-nhoi-bong-hinh-con-tho-vai-tho-cam#breadcrumb","itemListElement":[{"@type":"ListItem","position":1,"name":"Trang ch\u1ee7","item":"https:\/\/maison-chance.org\/shop\/"},{"@type":"ListItem","position":2,"name":"Shop","item":"https:\/\/maison-chance.org\/shop\/shop"},{"@type":"ListItem","position":3,"name":"Con th\u1ecf"}]},{"@type":"WebSite","@id":"https:\/\/maison-chance.org\/shop\/#website","url":"https:\/\/maison-chance.org\/shop\/","name":"Nh\u00e0 May M\u1eafn - Maison Chance","description":"M\u1ecdi l\u1ee3i nhu\u1eadn thu v\u1ec1 t\u1eeb vi\u1ec7c b\u00e1n h\u00e0ng s\u1ebd tr\u00edch m\u1ed9t ph\u1ea7n \u0111\u1ec3 ch\u0103m lo cho \u0111\u1eddi s\u1ed1ng c\u00e1c b\u1ea1n khuy\u1ebft t\u1eadt v\u00e0 tr\u1ebb m\u1ed3 c\u00f4i \u1edf \u0111\u00e2y","publisher":{"@id":"https:\/\/maison-chance.org\/shop\/#organization"},"potentialAction":[{"@type":"SearchAction","target":{"@type":"EntryPoint","urlTemplate":"https:\/\/maison-chance.org\/shop\/?s={search_term_string}"},"query-input":{"@type":"PropertyValueSpecification","valueRequired":true,"valueName":"search_term_string"}}],"inLanguage":"vi-VN"},{"@type":"Organization","@id":"https:\/\/maison-chance.org\/shop\/#organization","name":"Nh\u00e0 May M\u1eafn - Maison Chance","url":"https:\/\/maison-chance.org\/shop\/","logo":{"@type":"ImageObject","inLanguage":"vi-VN","@id":"https:\/\/maison-chance.org\/shop\/#\/schema\/logo\/image\/","url":"https:\/\/maison-chance.org\/shop\/wp-content\/uploads\/2024\/03\/cropped-Logo_DNXH.png","contentUrl":"https:\/\/maison-chance.org\/shop\/wp-content\/uploads\/2024\/03\/cropped-Logo_DNXH.png","width":512,"height":512,"caption":"Nh\u00e0 May M\u1eafn - Maison Chance"},"image":{"@id":"https:\/\/maison-chance.org\/shop\/#\/schema\/logo\/image\/"},"sameAs":["https:\/\/www.facebook.com\/dnxh.nhamayman\/"]}]},"product_price_amount":"4.00","product_price_currency":"USD","og_availability":"instock","product_availability":"instock","product_condition":"new"},"_links":{"self":[{"href":"https:\/\/maison-chance.org\/shop\/wp-json\/wp\/v2\/product\/36902","targetHints":{"allow":["GET"]}}],"collection":[{"href":"https:\/\/maison-chance.org\/shop\/wp-json\/wp\/v2\/product"}],"about":[{"href":"https:\/\/maison-chance.org\/shop\/wp-json\/wp\/v2\/types\/product"}],"wp:featuredmedia":[{"embeddable":true,"href":"https:\/\/maison-chance.org\/shop\/wp-json\/wp\/v2\/media\/36903"}],"wp:attachment":[{"href":"https:\/\/maison-chance.org\/shop\/wp-json\/wp\/v2\/media?parent=36902"}],"wp:term":[{"taxonomy":"product_brand","embeddable":true,"href":"https:\/\/maison-chance.org\/shop\/wp-json\/wp\/v2\/product_brand?post=36902"},{"taxonomy":"product_cat","embeddable":true,"href":"https:\/\/maison-chance.org\/shop\/wp-json\/wp\/v2\/product_cat?post=36902"},{"taxonomy":"product_tag","embeddable":true,"href":"https:\/\/maison-chance.org\/shop\/wp-json\/wp\/v2\/product_tag?post=36902"}],"curies":[{"name":"wp","href":"https:\/\/api.w.org\/{rel}","templated":true}]}}