{"id":36935,"date":"2024-10-16T07:00:30","date_gmt":"2024-10-16T00:00:30","guid":{"rendered":"https:\/\/maison-chance.org\/shop\/?post_type=product&#038;p=36935"},"modified":"2025-02-22T15:36:37","modified_gmt":"2025-02-22T08:36:37","slug":"thu-nhoi-bong-hinh-con-tom-vai-tho-cam","status":"publish","type":"product","link":"https:\/\/maison-chance.org\/shop\/san-pham\/thu-nhoi-bong-hinh-con-tom-vai-tho-cam","title":{"rendered":"Con t\u00f4m"},"content":{"rendered":"<p style=\"text-align: justify\">C\u00e1c s\u1ea3n ph\u1ea9m c\u1ee7a Nh\u00e0 May M\u1eafn \u0111\u01b0\u1ee3c t\u1ea1o ra b\u1edfi nh\u1eefng th\u1ee3 may l\u00e0 ng\u01b0\u1eddi khuy\u1ebft t\u1eadt, m\u1ed7i s\u1ea3n ph\u1ea9m \u0111\u1ec1u ch\u1ee9a \u0111\u1ef1ng t\u00e2m huy\u1ebft v\u00e0 s\u1ef1 s\u00e1ng t\u1ea1o. M\u1ed9t trong nh\u1eefng s\u1ea3n ph\u1ea9m n\u1ed5i b\u1eadt m\u00e0 b\u1ea1n kh\u00f4ng th\u1ec3 b\u1ecf qua ch\u00ednh l\u00e0 <a href=\"https:\/\/maison-chance.org\/shop\/san-pham\/thu-nhoi-bong-hinh-con-tom-vai-tho-cam\">con t\u00f4m v\u1ea3i th\u1ed5 c\u1ea9m<\/a> s\u1ed1ng \u0111\u1ed9ng- m\u00f3n \u0111\u1ed3 ch\u01a1i nh\u1ed3i b\u00f4ng \u0111\u1ea7y s\u1eafc m\u00e0u v\u00e0 \u00fd ngh\u0129a, ch\u1eafc ch\u1eafn s\u1ebd khi\u1ebfn b\u1ea1n kh\u00f4ng th\u1ec3 r\u1eddi m\u1eaft.<\/p>\n<p style=\"text-align: justify\"><strong>Ch\u1ea5t li\u1ec7u \u0111\u1ed9c \u0111\u00e1o<\/strong>: \u0110\u01b0\u1ee3c l\u00e0m t\u1eeb v\u1ea3i th\u1ed5 c\u1ea9m truy\u1ec1n th\u1ed1ng, m\u1ed7i con t\u00f4m nh\u1ed3i b\u00f4ng mang trong m\u00ecnh tinh hoa v\u0103n h\u00f3a d\u00e2n t\u1ed9c, l\u00e0 s\u1ef1 giao thoa gi\u1eefa ngh\u1ec7 thu\u1eadt v\u00e0 truy\u1ec1n th\u1ed1ng. M\u00e0u s\u1eafc r\u1ef1c r\u1ee1 v\u00e0 h\u1ecda ti\u1ebft tinh t\u1ebf tr\u00ean v\u1ea3i th\u1ed5 c\u1ea9m t\u1ea1o n\u00ean s\u1ef1 h\u1ea5p d\u1eabn kh\u00f3 c\u01b0\u1ee1ng cho s\u1ea3n ph\u1ea9m.<\/p>\n<p style=\"text-align: justify\"><strong>K\u00edch th\u01b0\u1edbc \u0111a d\u1ea1ng<\/strong>: V\u1edbi ba k\u00edch th\u01b0\u1edbc linh ho\u1ea1t (5x13cm, 6x15cm, v\u00e0 7x19cm), b\u1ea1n c\u00f3 th\u1ec3 d\u1ec5 d\u00e0ng ch\u1ecdn l\u1ef1a size ph\u00f9 h\u1ee3p cho m\u1ecdi nhu c\u1ea7u s\u1eed d\u1ee5ng. T\u1eeb m\u00f3n \u0111\u1ed3 trang tr\u00ed nh\u1ecf xinh \u0111\u1ebfn ng\u01b0\u1eddi b\u1ea1n \u00f4m \u1ea5p \u0111\u00e1ng y\u00eau, \u0111\u1ed3 ch\u01a1i nh\u1ed3i b\u00f4ng con t\u00f4m lu\u00f4n c\u00f3 m\u1ed9t phi\u00ean b\u1ea3n ph\u00f9 h\u1ee3p v\u1edbi b\u1ea1n.<\/p>\n<p style=\"text-align: justify\"><strong>Thi\u1ebft k\u1ebf t\u1ec9 m\u1ec9:<\/strong> M\u1ed7i chi ti\u1ebft tr\u00ean con t\u00f4m \u0111\u1ec1u \u0111\u01b0\u1ee3c ch\u0103m ch\u00fat k\u1ef9 l\u01b0\u1ee1ng. T\u1eeb ph\u1ea7n th\u00e2n d\u00e0i, c\u00e1c ch\u00e2n, r\u00e2u cho \u0111\u1ebfn ph\u1ea7n \u0111u\u00f4i, t\u1ea5t c\u1ea3 \u0111\u1ec1u \u0111\u01b0\u1ee3c may th\u1ee7 c\u00f4ng m\u1ed9t c\u00e1ch c\u1ea9n th\u1eadn, t\u1ea1o n\u00ean m\u1ed9t t\u1ed5ng th\u1ec3 h\u00e0i h\u00f2a, sinh \u0111\u1ed9ng v\u00e0 t\u1ef1 nhi\u00ean.<\/p>\n<p style=\"text-align: justify\"><strong>M\u00e0u s\u1eafc \u0111a d\u1ea1ng<\/strong>: Ngo\u00e0i ra, b\u1ea3ng m\u00e0u phong ph\u00fa t\u1eeb h\u1ed3ng pastel d\u1ecbu nh\u1eb9, v\u00e0ng \u1ea5m \u00e1p \u0111\u1ebfn \u0111\u1ecf r\u1ef1c r\u1ee1 k\u1ebft h\u1ee3p c\u00f9ng c\u00e1c h\u1ecda ti\u1ebft hoa v\u0103n \u0111\u1ed9c \u0111\u00e1o gi\u00fap b\u1ea1n d\u1ec5 d\u00e0ng l\u1ef1a ch\u1ecdn theo phong c\u00e1ch trang tr\u00ed y\u00eau th\u00edch c\u1ee7a m\u00ecnh.<\/p>\n<p style=\"text-align: justify\"><strong>\u0110\u00f4i m\u1eaft bi\u1ebft n\u00f3i<\/strong>: \u0110i\u1ec3m nh\u1ea5n \u0111\u1eb7c bi\u1ec7t c\u1ee7a m\u1ed7i con t\u00f4m ch\u00ednh l\u00e0 \u0111\u00f4i m\u1eaft \u0111\u01b0\u1ee3c th\u00eau ho\u1eb7c \u0111\u00ednh c\u01b0\u1eddm t\u1ec9 m\u1ec9, t\u1ea1o n\u00ean v\u1ebb \u0111\u00e1ng y\u00eau kh\u00f3 c\u01b0\u1ee1ng v\u00e0 s\u1ef1 s\u1ed1ng \u0111\u1ed9ng cho s\u1ea3n ph\u1ea9m.<\/p>\n<p data-start=\"1637\" data-end=\"1674\"><strong data-start=\"1644\" data-end=\"1672\">Bi\u1ebfn h\u00f3a kh\u00f4ng gian s\u1ed1ng<\/strong><\/p>\n<ul data-start=\"1734\" data-end=\"2102\">\n<li data-start=\"1734\" data-end=\"1832\"><strong data-start=\"1736\" data-end=\"1752\">Ph\u00f2ng kh\u00e1ch:<\/strong> T\u1ea1o \u0111i\u1ec3m nh\u1ea5n tr\u00ean b\u00e0n tr\u00e0, k\u1ec7 tivi, mang \u0111\u1ebfn kh\u00f4ng kh\u00ed sum v\u1ea7y, \u1ea5m c\u00fang.<\/li>\n<li data-start=\"1833\" data-end=\"1919\"><strong data-start=\"1835\" data-end=\"1849\">Ph\u00f2ng ng\u1ee7:<\/strong> Ng\u01b0\u1eddi b\u1ea1n \u0111\u1ed3ng h\u00e0nh d\u1ec5 th\u01b0\u01a1ng gi\u00fap th\u01b0 gi\u00e3n, t\u1ea1o gi\u1ea5c ng\u1ee7 ngon.<\/li>\n<li data-start=\"1920\" data-end=\"1993\"><strong data-start=\"1922\" data-end=\"1941\">Ph\u00f2ng l\u00e0m vi\u1ec7c:<\/strong> G\u00f3p ph\u1ea7n truy\u1ec1n c\u1ea3m h\u1ee9ng, xua tan c\u0103ng th\u1eb3ng.<\/li>\n<li data-start=\"1994\" data-end=\"2102\"><strong data-start=\"1996\" data-end=\"2018\">Kh\u00f4ng gian tr\u1ebb em:<\/strong> Mang l\u1ea1i s\u1ef1 vui t\u01b0\u01a1i, th\u00e2n thi\u1ec7n, gi\u00fap c\u00e1c b\u00e9 th\u00eam y\u00eau g\u00f3c ri\u00eang t\u01b0 c\u1ee7a m\u00ecnh.<\/li>\n<\/ul>\n<p style=\"text-align: justify\">H\u01a1n n\u1eefa, nh\u1eefng h\u1ecda ti\u1ebft th\u1ed5 c\u1ea9m r\u1ef1c r\u1ee1 t\u1eeb ch\u1ea5t li\u1ec7u v\u1ea3i cao c\u1ea5p kh\u00f4ng ch\u1ec9 t\u1ea1o \u0111i\u1ec3m nh\u1ea5n cho kh\u00f4ng gian m\u00e0 c\u00f2n th\u1ec3 hi\u1ec7n s\u1ef1 kh\u00e9o l\u00e9o v\u00e0 ngh\u1ec7 thu\u1eadt c\u1ee7a c\u00e1c <a href=\"https:\/\/maison-chance.org\/shop\/phong-may\">th\u1ee3 may khuy\u1ebft t\u1eadt.<\/a> B\u1ea1n c\u00f3 th\u1ec3 k\u1ebft h\u1ee3p nh\u1eefng con t\u00f4m n\u00e0y v\u1edbi c\u00e1c m\u00f3n \u0111\u1ed3 trang tr\u00ed kh\u00e1c nh\u01b0 hoa, \u0111\u00e8n hay tranh \u1ea3nh \u0111\u1ec3 t\u1ea1o n\u00ean m\u1ed9t kh\u00f4ng gian \u1ea5m c\u00fang v\u00e0 \u0111\u1ea7y m\u00e0u s\u1eafc. \u0110\u1eb7c bi\u1ec7t, s\u1ea3n ph\u1ea9m con t\u00f4m n\u00e0y c\u0169ng r\u1ea5t th\u00edch h\u1ee3p l\u00e0m qu\u00e0 t\u1eb7ng cho b\u1ea1n b\u00e8 v\u00e0 ng\u01b0\u1eddi th\u00e2n trong c\u00e1c d\u1ecbp l\u1ec5, sinh nh\u1eadt hay s\u1ef1 ki\u1ec7n \u0111\u1eb7c bi\u1ec7t, th\u1ec3 hi\u1ec7n s\u1ef1 quan t\u00e2m v\u00e0 t\u00ecnh c\u1ea3m c\u1ee7a b\u1ea1n.<\/p>\n<p style=\"text-align: justify\">S\u1ea3n ph\u1ea9m nh\u1ed3i b\u00f4ng con t\u00f4m t\u1eeb Nh\u00e0 May M\u1eafn kh\u00f4ng ch\u1ec9 \u0111\u01a1n thu\u1ea7n l\u00e0 m\u1ed9t m\u00f3n \u0111\u1ed3 ch\u01a1i hay m\u1ed9t v\u1eadt trang tr\u00ed, m\u00e0 c\u00f2n l\u00e0 m\u1ed9t bi\u1ec3u t\u01b0\u1ee3ng cho s\u1ef1 n\u1ed7 l\u1ef1c v\u00e0 s\u00e1ng t\u1ea1o c\u1ee7a nh\u1eefng th\u1ee3 may l\u00e0 ng\u01b0\u1eddi khuy\u1ebft t\u1eadt. M\u1ed7i s\u1ea3n ph\u1ea9m \u0111\u1ec1u mang m\u1ed9t c\u00e2u chuy\u1ec7n ri\u00eang, l\u00e0 minh ch\u1ee9ng cho s\u1ef1 ki\u00ean tr\u00ec v\u00e0 \u0111am m\u00ea trong c\u00f4ng vi\u1ec7c. H\u00e3y \u1ee7ng h\u1ed9 s\u1ea3n ph\u1ea9m c\u1ee7a h\u1ecd b\u1eb1ng c\u00e1ch mua s\u1eafm con t\u00f4m \u0111\u1ec3 mang \u0111\u1ebfn ni\u1ec1m vui kh\u00f4ng ch\u1ec9 cho b\u1ea3n th\u00e2n b\u1ea1n m\u00e0 c\u00f2n cho nh\u1eefng con ng\u01b0\u1eddi \u0111ang n\u1ed7 l\u1ef1c v\u01b0\u1ee3t qua kh\u00f3 kh\u0103n.<\/p>\n<p style=\"text-align: justify\">\u0110\u1eebng ch\u1ea7n ch\u1eeb n\u1eefa, h\u00e3y gh\u00e9 th\u0103m <a href=\"https:\/\/maison-chance.org\/shop\">Nh\u00e0 May M\u1eafn<\/a> \u0111\u1ec3 ch\u1ecdn cho m\u00ecnh m\u1ed9t ho\u1eb7c nhi\u1ec1u con t\u00f4m xinh x\u1eafn n\u00e0y nh\u00e9! M\u1ed7i s\u1ea3n ph\u1ea9m b\u1ea1n mua kh\u00f4ng ch\u1ec9 l\u00e0 m\u1ed9t m\u00f3n \u0111\u1ed3 \u0111\u1eb9p m\u00e0 c\u00f2n l\u00e0 m\u1ed9t h\u00e0nh \u0111\u1ed9ng nh\u00e2n v\u0103n, g\u00f3p ph\u1ea7n h\u1ed7 tr\u1ee3 cu\u1ed9c s\u1ed1ng c\u1ee7a nh\u1eefng th\u1ee3 may khuy\u1ebft t\u1eadt. H\u00e3y c\u00f9ng nhau lan t\u1ecfa y\u00eau th\u01b0\u01a1ng v\u00e0 s\u1ef1 s\u1ebb chia!<\/p>\n","protected":false},"excerpt":{"rendered":"<p style=\"text-align: justify\">S\u1ea3n ph\u1ea9m do c\u00e1c b\u1ea1n khuy\u1ebft t\u1eadt k\u00e9m may m\u1eafn s\u1ea3n xu\u1ea5t th\u1ee7 c\u00f4ng k\u00ednh mong nh\u1eadn \u0111\u01b0\u1ee3c s\u1ef1 \u1ee7ng h\u1ed9 c\u1ee7a Qu\u00fd kh\u00e1ch h\u00e0ng.<\/p>\n<p>Ch\u1ea5t li\u1ec7u: V\u1ea3i th\u1ed5 c\u1ea9m<\/p>\n<p>Code: TC24TB<\/p>\n<p>Hotline : <span style=\"font-size: 20px\"><strong><span style=\"color: #ff0000\">0909 06 25 28<\/span><\/strong><\/span><\/p>\n<p style=\"text-align: justify\">N\u1ebfu b\u1ea1n \u1edf Vi\u1ec7t Nam vui l\u00f2ng li\u00ean h\u1ec7 ch\u00fang t\u00f4i theo s\u1ed1 hotline ho\u1eb7c fanpage doanh nghi\u1ec7p Nh\u00e0 May M\u1eafn ch\u00fang t\u00f4i \u0111\u1ec3 bi\u1ebft gi\u00e1 b\u00e1n t\u1ea1i Vi\u1ec7t Nam.<\/p>\n","protected":false},"featured_media":36936,"template":"","meta":[],"product_brand":[],"product_cat":[137,138],"product_tag":[],"class_list":{"0":"post-36935","1":"product","2":"type-product","3":"status-publish","4":"has-post-thumbnail","6":"product_cat-phong-may","7":"product_cat-thu-nhoi-bong","9":"first","10":"instock","11":"shipping-taxable","12":"purchasable","13":"product-type-variable"},"yoast_head":"<!-- This site is optimized with the Yoast SEO Premium plugin v22.7 (Yoast SEO v25.3.1) - https:\/\/yoast.com\/wordpress\/plugins\/seo\/ -->\n<title>Con t\u00f4m - th\u00fa nh\u1ed3i b\u00f4ng v\u1ea3i th\u1ed5 c\u1ea9m - Nh\u00e0 May M\u1eafn - Maison Chance<\/title>\n<meta name=\"description\" content=\"Th\u00fa nh\u1ed3i b\u00f4ng h\u00ecnh con T\u00f4m v\u1ea3i th\u1ed5 c\u1ea9m t\u1ea1i Nh\u00e0 May M\u1eafn, n\u01a1i nh\u1eefng th\u1ee3 may khuy\u1ebft t\u1eadt mang \u0111\u1ebfn nh\u1eefng t\u00e1c ph\u1ea9m th\u1ee7 c\u00f4ng \u0111\u1ed9c \u0111\u00e1o v\u00e0 \u00fd ngh\u0129a. Mua ngay \u0111\u1ec3 \u1ee7ng h\u1ed9 h\u1ecd!\" \/>\n<meta name=\"robots\" content=\"index, follow, max-snippet:-1, max-image-preview:large, max-video-preview:-1\" \/>\n<link rel=\"canonical\" href=\"https:\/\/maison-chance.org\/shop\/san-pham\/thu-nhoi-bong-hinh-con-tom-vai-tho-cam\" \/>\n<meta property=\"og:locale\" content=\"vi_VN\" \/>\n<meta property=\"og:type\" content=\"article\" \/>\n<meta property=\"og:title\" content=\"Con t\u00f4m\" \/>\n<meta property=\"og:description\" content=\"Th\u00fa nh\u1ed3i b\u00f4ng h\u00ecnh con T\u00f4m v\u1ea3i th\u1ed5 c\u1ea9m t\u1ea1i Nh\u00e0 May M\u1eafn, n\u01a1i nh\u1eefng th\u1ee3 may khuy\u1ebft t\u1eadt mang \u0111\u1ebfn nh\u1eefng t\u00e1c ph\u1ea9m th\u1ee7 c\u00f4ng \u0111\u1ed9c \u0111\u00e1o v\u00e0 \u00fd ngh\u0129a. Mua ngay \u0111\u1ec3 \u1ee7ng h\u1ed9 h\u1ecd!\" \/>\n<meta property=\"og:url\" content=\"https:\/\/maison-chance.org\/shop\/san-pham\/thu-nhoi-bong-hinh-con-tom-vai-tho-cam\" \/>\n<meta property=\"og:site_name\" content=\"Nh\u00e0 May M\u1eafn - Maison Chance\" \/>\n<meta property=\"article:publisher\" content=\"https:\/\/www.facebook.com\/dnxh.nhamayman\/\" \/>\n<meta property=\"article:modified_time\" content=\"2025-02-22T08:36:37+00:00\" \/>\n<meta property=\"og:image\" content=\"https:\/\/maison-chance.org\/shop\/wp-content\/uploads\/2024\/04\/thu-nhoi-bong-hinh-con-tom-vai-tho-cam-1.jpg\" \/>\n\t<meta property=\"og:image:width\" content=\"600\" \/>\n\t<meta property=\"og:image:height\" content=\"600\" \/>\n\t<meta property=\"og:image:type\" content=\"image\/jpeg\" \/>\n<meta name=\"twitter:card\" content=\"summary_large_image\" \/>\n<meta name=\"twitter:label1\" content=\"Availability\" \/>\n\t<meta name=\"twitter:data1\" content=\"In stock\" \/>\n<script type=\"application\/ld+json\" class=\"yoast-schema-graph\">{\"@context\":\"https:\/\/schema.org\",\"@graph\":[{\"@type\":\"WebPage\",\"@id\":\"https:\/\/maison-chance.org\/shop\/san-pham\/thu-nhoi-bong-hinh-con-tom-vai-tho-cam\",\"url\":\"https:\/\/maison-chance.org\/shop\/san-pham\/thu-nhoi-bong-hinh-con-tom-vai-tho-cam\",\"name\":\"Con t\u00f4m - th\u00fa nh\u1ed3i b\u00f4ng v\u1ea3i th\u1ed5 c\u1ea9m - Nh\u00e0 May M\u1eafn - Maison Chance\",\"isPartOf\":{\"@id\":\"https:\/\/maison-chance.org\/shop\/#website\"},\"primaryImageOfPage\":{\"@id\":\"https:\/\/maison-chance.org\/shop\/san-pham\/thu-nhoi-bong-hinh-con-tom-vai-tho-cam#primaryimage\"},\"image\":{\"@id\":\"https:\/\/maison-chance.org\/shop\/san-pham\/thu-nhoi-bong-hinh-con-tom-vai-tho-cam#primaryimage\"},\"thumbnailUrl\":\"https:\/\/maison-chance.org\/shop\/wp-content\/uploads\/2024\/04\/thu-nhoi-bong-hinh-con-tom-vai-tho-cam-1.jpg\",\"datePublished\":\"2024-10-16T00:00:30+00:00\",\"dateModified\":\"2025-02-22T08:36:37+00:00\",\"description\":\"Th\u00fa nh\u1ed3i b\u00f4ng h\u00ecnh con T\u00f4m v\u1ea3i th\u1ed5 c\u1ea9m t\u1ea1i Nh\u00e0 May M\u1eafn, n\u01a1i nh\u1eefng th\u1ee3 may khuy\u1ebft t\u1eadt mang \u0111\u1ebfn nh\u1eefng t\u00e1c ph\u1ea9m th\u1ee7 c\u00f4ng \u0111\u1ed9c \u0111\u00e1o v\u00e0 \u00fd ngh\u0129a. Mua ngay \u0111\u1ec3 \u1ee7ng h\u1ed9 h\u1ecd!\",\"breadcrumb\":{\"@id\":\"https:\/\/maison-chance.org\/shop\/san-pham\/thu-nhoi-bong-hinh-con-tom-vai-tho-cam#breadcrumb\"},\"inLanguage\":\"vi-VN\",\"potentialAction\":[{\"@type\":\"ReadAction\",\"target\":[\"https:\/\/maison-chance.org\/shop\/san-pham\/thu-nhoi-bong-hinh-con-tom-vai-tho-cam\"]}]},{\"@type\":\"ImageObject\",\"inLanguage\":\"vi-VN\",\"@id\":\"https:\/\/maison-chance.org\/shop\/san-pham\/thu-nhoi-bong-hinh-con-tom-vai-tho-cam#primaryimage\",\"url\":\"https:\/\/maison-chance.org\/shop\/wp-content\/uploads\/2024\/04\/thu-nhoi-bong-hinh-con-tom-vai-tho-cam-1.jpg\",\"contentUrl\":\"https:\/\/maison-chance.org\/shop\/wp-content\/uploads\/2024\/04\/thu-nhoi-bong-hinh-con-tom-vai-tho-cam-1.jpg\",\"width\":600,\"height\":600,\"caption\":\"Th\u00fa nh\u1ed3i b\u00f4ng h\u00ecnh con T\u00f4m v\u1ea3i th\u1ed5 c\u1ea9m\"},{\"@type\":\"BreadcrumbList\",\"@id\":\"https:\/\/maison-chance.org\/shop\/san-pham\/thu-nhoi-bong-hinh-con-tom-vai-tho-cam#breadcrumb\",\"itemListElement\":[{\"@type\":\"ListItem\",\"position\":1,\"name\":\"Trang ch\u1ee7\",\"item\":\"https:\/\/maison-chance.org\/shop\/\"},{\"@type\":\"ListItem\",\"position\":2,\"name\":\"Shop\",\"item\":\"https:\/\/maison-chance.org\/shop\/shop\"},{\"@type\":\"ListItem\",\"position\":3,\"name\":\"Con t\u00f4m\"}]},{\"@type\":\"WebSite\",\"@id\":\"https:\/\/maison-chance.org\/shop\/#website\",\"url\":\"https:\/\/maison-chance.org\/shop\/\",\"name\":\"Nh\u00e0 May M\u1eafn - Maison Chance\",\"description\":\"M\u1ecdi l\u1ee3i nhu\u1eadn thu v\u1ec1 t\u1eeb vi\u1ec7c b\u00e1n h\u00e0ng s\u1ebd tr\u00edch m\u1ed9t ph\u1ea7n \u0111\u1ec3 ch\u0103m lo cho \u0111\u1eddi s\u1ed1ng c\u00e1c b\u1ea1n khuy\u1ebft t\u1eadt v\u00e0 tr\u1ebb m\u1ed3 c\u00f4i \u1edf \u0111\u00e2y\",\"publisher\":{\"@id\":\"https:\/\/maison-chance.org\/shop\/#organization\"},\"potentialAction\":[{\"@type\":\"SearchAction\",\"target\":{\"@type\":\"EntryPoint\",\"urlTemplate\":\"https:\/\/maison-chance.org\/shop\/?s={search_term_string}\"},\"query-input\":{\"@type\":\"PropertyValueSpecification\",\"valueRequired\":true,\"valueName\":\"search_term_string\"}}],\"inLanguage\":\"vi-VN\"},{\"@type\":\"Organization\",\"@id\":\"https:\/\/maison-chance.org\/shop\/#organization\",\"name\":\"Nh\u00e0 May M\u1eafn - Maison Chance\",\"url\":\"https:\/\/maison-chance.org\/shop\/\",\"logo\":{\"@type\":\"ImageObject\",\"inLanguage\":\"vi-VN\",\"@id\":\"https:\/\/maison-chance.org\/shop\/#\/schema\/logo\/image\/\",\"url\":\"https:\/\/maison-chance.org\/shop\/wp-content\/uploads\/2024\/03\/cropped-Logo_DNXH.png\",\"contentUrl\":\"https:\/\/maison-chance.org\/shop\/wp-content\/uploads\/2024\/03\/cropped-Logo_DNXH.png\",\"width\":512,\"height\":512,\"caption\":\"Nh\u00e0 May M\u1eafn - Maison Chance\"},\"image\":{\"@id\":\"https:\/\/maison-chance.org\/shop\/#\/schema\/logo\/image\/\"},\"sameAs\":[\"https:\/\/www.facebook.com\/dnxh.nhamayman\/\"]}]}<\/script>\n<meta property=\"og:availability\" content=\"instock\" \/>\n<meta property=\"product:availability\" content=\"instock\" \/>\n<meta property=\"product:condition\" content=\"new\" \/>\n<!-- \/ Yoast SEO Premium plugin. -->","yoast_head_json":{"title":"Con t\u00f4m - th\u00fa nh\u1ed3i b\u00f4ng v\u1ea3i th\u1ed5 c\u1ea9m - Nh\u00e0 May M\u1eafn - Maison Chance","description":"Th\u00fa nh\u1ed3i b\u00f4ng h\u00ecnh con T\u00f4m v\u1ea3i th\u1ed5 c\u1ea9m t\u1ea1i Nh\u00e0 May M\u1eafn, n\u01a1i nh\u1eefng th\u1ee3 may khuy\u1ebft t\u1eadt mang \u0111\u1ebfn nh\u1eefng t\u00e1c ph\u1ea9m th\u1ee7 c\u00f4ng \u0111\u1ed9c \u0111\u00e1o v\u00e0 \u00fd ngh\u0129a. Mua ngay \u0111\u1ec3 \u1ee7ng h\u1ed9 h\u1ecd!","robots":{"index":"index","follow":"follow","max-snippet":"max-snippet:-1","max-image-preview":"max-image-preview:large","max-video-preview":"max-video-preview:-1"},"canonical":"https:\/\/maison-chance.org\/shop\/san-pham\/thu-nhoi-bong-hinh-con-tom-vai-tho-cam","og_locale":"vi_VN","og_type":"article","og_title":"Con t\u00f4m","og_description":"Th\u00fa nh\u1ed3i b\u00f4ng h\u00ecnh con T\u00f4m v\u1ea3i th\u1ed5 c\u1ea9m t\u1ea1i Nh\u00e0 May M\u1eafn, n\u01a1i nh\u1eefng th\u1ee3 may khuy\u1ebft t\u1eadt mang \u0111\u1ebfn nh\u1eefng t\u00e1c ph\u1ea9m th\u1ee7 c\u00f4ng \u0111\u1ed9c \u0111\u00e1o v\u00e0 \u00fd ngh\u0129a. Mua ngay \u0111\u1ec3 \u1ee7ng h\u1ed9 h\u1ecd!","og_url":"https:\/\/maison-chance.org\/shop\/san-pham\/thu-nhoi-bong-hinh-con-tom-vai-tho-cam","og_site_name":"Nh\u00e0 May M\u1eafn - Maison Chance","article_publisher":"https:\/\/www.facebook.com\/dnxh.nhamayman\/","article_modified_time":"2025-02-22T08:36:37+00:00","og_image":[{"width":600,"height":600,"url":"https:\/\/maison-chance.org\/shop\/wp-content\/uploads\/2024\/04\/thu-nhoi-bong-hinh-con-tom-vai-tho-cam-1.jpg","type":"image\/jpeg"}],"twitter_card":"summary_large_image","twitter_misc":{"Availability":"In stock"},"schema":{"@context":"https:\/\/schema.org","@graph":[{"@type":"WebPage","@id":"https:\/\/maison-chance.org\/shop\/san-pham\/thu-nhoi-bong-hinh-con-tom-vai-tho-cam","url":"https:\/\/maison-chance.org\/shop\/san-pham\/thu-nhoi-bong-hinh-con-tom-vai-tho-cam","name":"Con t\u00f4m - th\u00fa nh\u1ed3i b\u00f4ng v\u1ea3i th\u1ed5 c\u1ea9m - Nh\u00e0 May M\u1eafn - Maison Chance","isPartOf":{"@id":"https:\/\/maison-chance.org\/shop\/#website"},"primaryImageOfPage":{"@id":"https:\/\/maison-chance.org\/shop\/san-pham\/thu-nhoi-bong-hinh-con-tom-vai-tho-cam#primaryimage"},"image":{"@id":"https:\/\/maison-chance.org\/shop\/san-pham\/thu-nhoi-bong-hinh-con-tom-vai-tho-cam#primaryimage"},"thumbnailUrl":"https:\/\/maison-chance.org\/shop\/wp-content\/uploads\/2024\/04\/thu-nhoi-bong-hinh-con-tom-vai-tho-cam-1.jpg","datePublished":"2024-10-16T00:00:30+00:00","dateModified":"2025-02-22T08:36:37+00:00","description":"Th\u00fa nh\u1ed3i b\u00f4ng h\u00ecnh con T\u00f4m v\u1ea3i th\u1ed5 c\u1ea9m t\u1ea1i Nh\u00e0 May M\u1eafn, n\u01a1i nh\u1eefng th\u1ee3 may khuy\u1ebft t\u1eadt mang \u0111\u1ebfn nh\u1eefng t\u00e1c ph\u1ea9m th\u1ee7 c\u00f4ng \u0111\u1ed9c \u0111\u00e1o v\u00e0 \u00fd ngh\u0129a. Mua ngay \u0111\u1ec3 \u1ee7ng h\u1ed9 h\u1ecd!","breadcrumb":{"@id":"https:\/\/maison-chance.org\/shop\/san-pham\/thu-nhoi-bong-hinh-con-tom-vai-tho-cam#breadcrumb"},"inLanguage":"vi-VN","potentialAction":[{"@type":"ReadAction","target":["https:\/\/maison-chance.org\/shop\/san-pham\/thu-nhoi-bong-hinh-con-tom-vai-tho-cam"]}]},{"@type":"ImageObject","inLanguage":"vi-VN","@id":"https:\/\/maison-chance.org\/shop\/san-pham\/thu-nhoi-bong-hinh-con-tom-vai-tho-cam#primaryimage","url":"https:\/\/maison-chance.org\/shop\/wp-content\/uploads\/2024\/04\/thu-nhoi-bong-hinh-con-tom-vai-tho-cam-1.jpg","contentUrl":"https:\/\/maison-chance.org\/shop\/wp-content\/uploads\/2024\/04\/thu-nhoi-bong-hinh-con-tom-vai-tho-cam-1.jpg","width":600,"height":600,"caption":"Th\u00fa nh\u1ed3i b\u00f4ng h\u00ecnh con T\u00f4m v\u1ea3i th\u1ed5 c\u1ea9m"},{"@type":"BreadcrumbList","@id":"https:\/\/maison-chance.org\/shop\/san-pham\/thu-nhoi-bong-hinh-con-tom-vai-tho-cam#breadcrumb","itemListElement":[{"@type":"ListItem","position":1,"name":"Trang ch\u1ee7","item":"https:\/\/maison-chance.org\/shop\/"},{"@type":"ListItem","position":2,"name":"Shop","item":"https:\/\/maison-chance.org\/shop\/shop"},{"@type":"ListItem","position":3,"name":"Con t\u00f4m"}]},{"@type":"WebSite","@id":"https:\/\/maison-chance.org\/shop\/#website","url":"https:\/\/maison-chance.org\/shop\/","name":"Nh\u00e0 May M\u1eafn - Maison Chance","description":"M\u1ecdi l\u1ee3i nhu\u1eadn thu v\u1ec1 t\u1eeb vi\u1ec7c b\u00e1n h\u00e0ng s\u1ebd tr\u00edch m\u1ed9t ph\u1ea7n \u0111\u1ec3 ch\u0103m lo cho \u0111\u1eddi s\u1ed1ng c\u00e1c b\u1ea1n khuy\u1ebft t\u1eadt v\u00e0 tr\u1ebb m\u1ed3 c\u00f4i \u1edf \u0111\u00e2y","publisher":{"@id":"https:\/\/maison-chance.org\/shop\/#organization"},"potentialAction":[{"@type":"SearchAction","target":{"@type":"EntryPoint","urlTemplate":"https:\/\/maison-chance.org\/shop\/?s={search_term_string}"},"query-input":{"@type":"PropertyValueSpecification","valueRequired":true,"valueName":"search_term_string"}}],"inLanguage":"vi-VN"},{"@type":"Organization","@id":"https:\/\/maison-chance.org\/shop\/#organization","name":"Nh\u00e0 May M\u1eafn - Maison Chance","url":"https:\/\/maison-chance.org\/shop\/","logo":{"@type":"ImageObject","inLanguage":"vi-VN","@id":"https:\/\/maison-chance.org\/shop\/#\/schema\/logo\/image\/","url":"https:\/\/maison-chance.org\/shop\/wp-content\/uploads\/2024\/03\/cropped-Logo_DNXH.png","contentUrl":"https:\/\/maison-chance.org\/shop\/wp-content\/uploads\/2024\/03\/cropped-Logo_DNXH.png","width":512,"height":512,"caption":"Nh\u00e0 May M\u1eafn - Maison Chance"},"image":{"@id":"https:\/\/maison-chance.org\/shop\/#\/schema\/logo\/image\/"},"sameAs":["https:\/\/www.facebook.com\/dnxh.nhamayman\/"]}]},"og_availability":"instock","product_availability":"instock","product_condition":"new"},"_links":{"self":[{"href":"https:\/\/maison-chance.org\/shop\/wp-json\/wp\/v2\/product\/36935","targetHints":{"allow":["GET"]}}],"collection":[{"href":"https:\/\/maison-chance.org\/shop\/wp-json\/wp\/v2\/product"}],"about":[{"href":"https:\/\/maison-chance.org\/shop\/wp-json\/wp\/v2\/types\/product"}],"wp:featuredmedia":[{"embeddable":true,"href":"https:\/\/maison-chance.org\/shop\/wp-json\/wp\/v2\/media\/36936"}],"wp:attachment":[{"href":"https:\/\/maison-chance.org\/shop\/wp-json\/wp\/v2\/media?parent=36935"}],"wp:term":[{"taxonomy":"product_brand","embeddable":true,"href":"https:\/\/maison-chance.org\/shop\/wp-json\/wp\/v2\/product_brand?post=36935"},{"taxonomy":"product_cat","embeddable":true,"href":"https:\/\/maison-chance.org\/shop\/wp-json\/wp\/v2\/product_cat?post=36935"},{"taxonomy":"product_tag","embeddable":true,"href":"https:\/\/maison-chance.org\/shop\/wp-json\/wp\/v2\/product_tag?post=36935"}],"curies":[{"name":"wp","href":"https:\/\/api.w.org\/{rel}","templated":true}]}}