{"id":36977,"date":"2024-09-09T09:16:14","date_gmt":"2024-09-09T02:16:14","guid":{"rendered":"https:\/\/maison-chance.org\/shop\/?post_type=product&#038;p=36977"},"modified":"2025-02-20T12:40:56","modified_gmt":"2025-02-20T05:40:56","slug":"thu-nhoi-bong-hinh-con-huou-cao-co-vai-tho-cam","status":"publish","type":"product","link":"https:\/\/maison-chance.org\/shop\/san-pham\/thu-nhoi-bong-hinh-con-huou-cao-co-vai-tho-cam","title":{"rendered":"H\u01b0\u01a1u cao c\u1ed5"},"content":{"rendered":"<p style=\"text-align: justify\">Nh\u1eefng ch\u00fa <a href=\"https:\/\/maison-chance.org\/shop\/san-pham\/thu-nhoi-bong-hinh-con-huou-cao-co-vai-tho-cam\">h\u01b0\u01a1u cao c\u1ed5 nh\u1ed3i b\u00f4ng v\u1ea3i b\u1ed1 + th\u1ed5 c\u1ea9m<\/a> \u0111\u00e1ng y\u00eau \u0111\u1ebfn t\u1eeb Nh\u00e0 May M\u1eafn \u0111\u00e3 s\u1eb5n s\u00e0ng \u201c\u0111\u1ed1n tim\u201d b\u1ea1n \u0111\u00e2y! \u0110\u01b0\u1ee3c t\u1ea1o ra b\u1edfi \u0111\u00f4i b\u00e0n tay kh\u00e9o l\u00e9o c\u1ee7a c\u00e1c th\u1ee3 may khuy\u1ebft t\u1eadt, m\u1ed7i ch\u00fa h\u01b0\u01a1u kh\u00f4ng ch\u1ec9 l\u00e0 m\u1ed9t m\u00f3n \u0111\u1ed3 trang tr\u00ed xinh x\u1eafn m\u00e0 c\u00f2n ch\u1ee9a \u0111\u1ef1ng c\u00e2u chuy\u1ec7n v\u1ec1 ngh\u1ecb l\u1ef1c v\u00e0 ni\u1ec1m \u0111am m\u00ea s\u00e1ng t\u1ea1o.<\/p>\n<p style=\"text-align: justify\">V\u1edbi k\u00edch th\u01b0\u1edbc nh\u1ecf g\u1ecdn 22 x 6 cm, ch\u00fa h\u01b0\u01a1u cao c\u1ed5 nh\u1ed3i b\u00f4ng n\u00e0y l\u00e0 \u0111i\u1ec3m nh\u1ea5n ho\u00e0n h\u1ea3o cho m\u1ecdi g\u00f3c nh\u1ecf trong ng\u00f4i nh\u00e0 c\u1ee7a b\u1ea1n. H\u00e3y th\u1eed \u0111\u1eb7t ch\u00fang tr\u00ean k\u1ec7 s\u00e1ch, b\u00e0n l\u00e0m vi\u1ec7c hay kh\u00e9o l\u00e9o treo l\u00ean t\u01b0\u1eddng \u2013 s\u1ef1 \u0111\u00e1ng y\u00eau v\u00e0 duy\u00ean d\u00e1ng c\u1ee7a ch\u00fang ch\u1eafc ch\u1eafn s\u1ebd l\u00e0m b\u1eebng s\u00e1ng kh\u00f4ng gian s\u1ed1ng. S\u1edf h\u1eefu m\u00e0u tr\u1eafng ng\u00e0 tinh t\u1ebf, nh\u1eefng ch\u00fa h\u01b0\u01a1u n\u00e0y d\u1ec5 d\u00e0ng h\u00f2a h\u1ee3p v\u1edbi b\u1ea5t k\u1ef3 phong c\u00e1ch n\u1ed9i th\u1ea5t n\u00e0o, t\u1eeb c\u1ed5 \u0111i\u1ec3n \u0111\u1ebfn hi\u1ec7n \u0111\u1ea1i.<\/p>\n<p style=\"text-align: justify\">S\u1ef1 k\u1ebft h\u1ee3p \u0111\u1ed9c \u0111\u00e1o gi\u1eefa v\u1ea3i b\u1ed1 m\u1ec1m m\u1ea1i v\u00e0 v\u1ea3i th\u1ed5 c\u1ea9m mang \u0111\u1eadm n\u00e9t \u0111\u1eb9p truy\u1ec1n th\u1ed1ng t\u1ea1o n\u00ean s\u1ee9c h\u00fat kh\u00f3 c\u01b0\u1ee1ng cho m\u1ed7i s\u1ea3n ph\u1ea9m. Kh\u00f4ng ch\u1ec9 an to\u00e0n cho tr\u1ebb nh\u1ecf m\u00e0 nh\u1eefng ch\u1ea5t li\u1ec7u t\u1ef1 nhi\u00ean n\u00e0y c\u00f2n th\u00e2n thi\u1ec7n v\u1edbi m\u00f4i tr\u01b0\u1eddng, ho\u00e0n to\u00e0n ph\u00f9 h\u1ee3p v\u1edbi l\u1ed1i s\u1ed1ng xanh b\u1ec1n v\u1eefng \u0111ang \u0111\u01b0\u1ee3c \u01b0a chu\u1ed9ng hi\u1ec7n nay.<\/p>\n<p style=\"text-align: justify\">M\u1ed7i \u0111\u01b0\u1eddng kim, m\u0169i ch\u1ec9 \u0111\u1ec1u \u0111\u01b0\u1ee3c ch\u0103m ch\u00fat t\u1ec9 m\u1ec9 b\u1edfi c\u00e1c c\u00f4 ch\u00fa th\u1ee3 may t\u1ea1i Nh\u00e0 May M\u1eafn, gi\u00fap c\u00e1c b\u00e9 h\u01b0\u01a1u v\u1eeba b\u1ec1n \u0111\u1eb9p l\u1ea1i v\u1eeba mang \u0111\u1eadm d\u1ea5u \u1ea5n ri\u00eang bi\u1ec7t. V\u00e0 b\u1ea1n bi\u1ebft kh\u00f4ng? Chi\u1ebfc n\u01a1 xinh x\u1eafn tr\u00ean c\u1ed5 ch\u00ednh l\u00e0 \u0111i\u1ec3m nh\u1ea5n \u0111\u1eb7c bi\u1ec7t m\u00e0 c\u00e1c c\u00f4 ch\u00fa th\u1ee3 \u0111\u00e3 ch\u1ecdn l\u1ef1a c\u1ea9n th\u1eadn, nh\u01b0 mu\u1ed1n g\u1eedi g\u1eafm ch\u00fat \u201c\u0111i\u1ec7u \u0111\u00e0\u201d v\u00e0 ni\u1ec1m vui t\u01b0\u01a1i v\u00e0o t\u1eebng ch\u00fa h\u01b0\u01a1u \u0111\u00e1ng y\u00eau n\u00e0y!<\/p>\n<p style=\"text-align: justify\">Khi b\u1ea1n ch\u1ecdn <a href=\"https:\/\/maison-chance.org\/shop\/phong-may\">mua h\u01b0\u01a1u cao c\u1ed5 nh\u1ed3i b\u00f4ng<\/a> t\u1eeb Nh\u00e0 May M\u1eafn, b\u1ea1n kh\u00f4ng ch\u1ec9 s\u1edf h\u1eefu m\u1ed9t &#8220;ng\u01b0\u1eddi b\u1ea1n nh\u1ecf&#8221; si\u00eau \u0111\u00e1ng y\u00eau m\u00e0 c\u00f2n g\u00f3p ph\u1ea7n h\u1ed7 tr\u1ee3 c\u1ed9ng \u0111\u1ed3ng ng\u01b0\u1eddi khuy\u1ebft t\u1eadt. M\u1ed7i s\u1ea3n ph\u1ea9m \u0111\u01b0\u1ee3c b\u00e1n ra l\u00e0 m\u1ed9t c\u01a1 h\u1ed9i vi\u1ec7c l\u00e0m v\u00e0 ngu\u1ed3n thu nh\u1eadp \u1ed5n \u0111\u1ecbnh cho c\u00e1c th\u1ee3 may t\u1ea1i \u0111\u00e2y. \u0110i\u1ec1u n\u00e0y gi\u00fap h\u1ecd t\u1ef1 tin h\u01a1n, h\u00f2a nh\u1eadp t\u1ed1t h\u01a1n v\u1edbi x\u00e3 h\u1ed9i v\u00e0 c\u00f3 cu\u1ed9c s\u1ed1ng t\u1ed1t \u0111\u1eb9p h\u01a1n.<\/p>\n<p style=\"text-align: justify\">C\u00f2n ch\u1edd g\u00ec n\u1eefa m\u00e0 kh\u00f4ng nhanh tay &#8220;k\u1ebft n\u1ea1p&#8221; ngay m\u1ed9t (hay v\u00e0i) b\u00e9 h\u01b0\u01a1u cao c\u1ed5 v\u00e0o gia \u0111\u00ecnh m\u00ecnh? H\u00e3y c\u00f9ng lan t\u1ecfa ni\u1ec1m vui, s\u1ebb chia y\u00eau th\u01b0\u01a1ng v\u00e0 bi\u1ebfn m\u1ed7i g\u00f3c nh\u1ecf trong nh\u00e0 b\u1ea1n tr\u1edf n\u00ean r\u1ed9n r\u00e0ng h\u01a1n v\u1edbi nh\u1eefng ch\u00fa h\u01b0\u01a1u nh\u1ed3i b\u00f4ng \u0111\u00e1ng y\u00eau n\u00e0y nh\u00e9!<\/p>\n","protected":false},"excerpt":{"rendered":"<p style=\"text-align: justify\">S\u1ea3n ph\u1ea9m do c\u00e1c b\u1ea1n khuy\u1ebft t\u1eadt k\u00e9m may m\u1eafn s\u1ea3n xu\u1ea5t th\u1ee7 c\u00f4ng k\u00ednh mong nh\u1eadn \u0111\u01b0\u1ee3c s\u1ef1 \u1ee7ng h\u1ed9 c\u1ee7a Qu\u00fd kh\u00e1ch h\u00e0ng.<\/p>\n<p>Ch\u1ea5t li\u1ec7u: V\u1ea3i b\u1ed1 + th\u1ed5 c\u1ea9m<\/p>\n<p>Code: TC29TB<\/p>\n<p>Hotline : <span style=\"font-size: 20px\"><strong><span style=\"color: #ff0000\">0909 06 25 28<\/span><\/strong><\/span><\/p>\n<p style=\"text-align: justify\">N\u1ebfu b\u1ea1n \u1edf Vi\u1ec7t Nam vui l\u00f2ng li\u00ean h\u1ec7 ch\u00fang t\u00f4i theo s\u1ed1 hotline ho\u1eb7c fanpage doanh nghi\u1ec7p Nh\u00e0 May M\u1eafn ch\u00fang t\u00f4i \u0111\u1ec3 bi\u1ebft gi\u00e1 b\u00e1n t\u1ea1i Vi\u1ec7t Nam.<\/p>\n","protected":false},"featured_media":36978,"template":"","meta":[],"product_brand":[],"product_cat":[137,138],"product_tag":[],"class_list":{"0":"post-36977","1":"product","2":"type-product","3":"status-publish","4":"has-post-thumbnail","6":"product_cat-phong-may","7":"product_cat-thu-nhoi-bong","9":"first","10":"instock","11":"shipping-taxable","12":"purchasable","13":"product-type-simple"},"yoast_head":"<!-- This site is optimized with the Yoast SEO Premium plugin v22.7 (Yoast SEO v25.3.1) - https:\/\/yoast.com\/wordpress\/plugins\/seo\/ -->\n<title>H\u01b0\u01a1u cao c\u1ed5 - th\u00fa nh\u1ed3i b\u00f4ng v\u1ea3i b\u1ed1 + th\u1ed5 c\u1ea9m - Nh\u00e0 May M\u1eafn - Maison Chance<\/title>\n<meta name=\"description\" content=\"H\u01b0\u01a1u cao c\u1ed5 nh\u1ed3i b\u00f4ng v\u1ea3i b\u1ed1 + th\u1ed5 c\u1ea9m th\u1ee7 c\u00f4ng t\u1eeb Nh\u00e0 May M\u1eafn - m\u00f3n qu\u00e0 \u00fd ngh\u0129a v\u00e0 \u0111\u1ed3 trang tr\u00ed \u0111\u1ed9c \u0111\u00e1o. S\u1ea3n ph\u1ea9m c\u1ee7a th\u1ee3 may khuy\u1ebft t\u1eadt\" \/>\n<meta name=\"robots\" content=\"index, follow, max-snippet:-1, max-image-preview:large, max-video-preview:-1\" \/>\n<link rel=\"canonical\" href=\"https:\/\/maison-chance.org\/shop\/san-pham\/thu-nhoi-bong-hinh-con-huou-cao-co-vai-tho-cam\" \/>\n<meta property=\"og:locale\" content=\"vi_VN\" \/>\n<meta property=\"og:type\" content=\"article\" \/>\n<meta property=\"og:title\" content=\"H\u01b0\u01a1u cao c\u1ed5\" \/>\n<meta property=\"og:description\" content=\"H\u01b0\u01a1u cao c\u1ed5 nh\u1ed3i b\u00f4ng v\u1ea3i b\u1ed1 + th\u1ed5 c\u1ea9m th\u1ee7 c\u00f4ng t\u1eeb Nh\u00e0 May M\u1eafn - m\u00f3n qu\u00e0 \u00fd ngh\u0129a v\u00e0 \u0111\u1ed3 trang tr\u00ed \u0111\u1ed9c \u0111\u00e1o. S\u1ea3n ph\u1ea9m c\u1ee7a th\u1ee3 may khuy\u1ebft t\u1eadt\" \/>\n<meta property=\"og:url\" content=\"https:\/\/maison-chance.org\/shop\/san-pham\/thu-nhoi-bong-hinh-con-huou-cao-co-vai-tho-cam\" \/>\n<meta property=\"og:site_name\" content=\"Nh\u00e0 May M\u1eafn - Maison Chance\" \/>\n<meta property=\"article:publisher\" content=\"https:\/\/www.facebook.com\/dnxh.nhamayman\/\" \/>\n<meta property=\"article:modified_time\" content=\"2025-02-20T05:40:56+00:00\" \/>\n<meta property=\"og:image\" content=\"https:\/\/maison-chance.org\/shop\/wp-content\/uploads\/2024\/04\/thu-nhoi-bong-hinh-con-huou-cao-co-vai-tho-cam-1.jpg\" \/>\n\t<meta property=\"og:image:width\" content=\"600\" \/>\n\t<meta property=\"og:image:height\" content=\"600\" \/>\n\t<meta property=\"og:image:type\" content=\"image\/jpeg\" \/>\n<meta name=\"twitter:card\" content=\"summary_large_image\" \/>\n<meta name=\"twitter:label1\" content=\"Gi\u00e1\" \/>\n\t<meta name=\"twitter:data1\" content=\"4.00&nbsp;&#036;\" \/>\n\t<meta name=\"twitter:label2\" content=\"Availability\" \/>\n\t<meta name=\"twitter:data2\" content=\"In stock\" \/>\n<script type=\"application\/ld+json\" class=\"yoast-schema-graph\">{\"@context\":\"https:\/\/schema.org\",\"@graph\":[{\"@type\":\"WebPage\",\"@id\":\"https:\/\/maison-chance.org\/shop\/san-pham\/thu-nhoi-bong-hinh-con-huou-cao-co-vai-tho-cam\",\"url\":\"https:\/\/maison-chance.org\/shop\/san-pham\/thu-nhoi-bong-hinh-con-huou-cao-co-vai-tho-cam\",\"name\":\"H\u01b0\u01a1u cao c\u1ed5 - th\u00fa nh\u1ed3i b\u00f4ng v\u1ea3i b\u1ed1 + th\u1ed5 c\u1ea9m - Nh\u00e0 May M\u1eafn - Maison Chance\",\"isPartOf\":{\"@id\":\"https:\/\/maison-chance.org\/shop\/#website\"},\"primaryImageOfPage\":{\"@id\":\"https:\/\/maison-chance.org\/shop\/san-pham\/thu-nhoi-bong-hinh-con-huou-cao-co-vai-tho-cam#primaryimage\"},\"image\":{\"@id\":\"https:\/\/maison-chance.org\/shop\/san-pham\/thu-nhoi-bong-hinh-con-huou-cao-co-vai-tho-cam#primaryimage\"},\"thumbnailUrl\":\"https:\/\/maison-chance.org\/shop\/wp-content\/uploads\/2024\/04\/thu-nhoi-bong-hinh-con-huou-cao-co-vai-tho-cam-1.jpg\",\"datePublished\":\"2024-09-09T02:16:14+00:00\",\"dateModified\":\"2025-02-20T05:40:56+00:00\",\"description\":\"H\u01b0\u01a1u cao c\u1ed5 nh\u1ed3i b\u00f4ng v\u1ea3i b\u1ed1 + th\u1ed5 c\u1ea9m th\u1ee7 c\u00f4ng t\u1eeb Nh\u00e0 May M\u1eafn - m\u00f3n qu\u00e0 \u00fd ngh\u0129a v\u00e0 \u0111\u1ed3 trang tr\u00ed \u0111\u1ed9c \u0111\u00e1o. S\u1ea3n ph\u1ea9m c\u1ee7a th\u1ee3 may khuy\u1ebft t\u1eadt\",\"breadcrumb\":{\"@id\":\"https:\/\/maison-chance.org\/shop\/san-pham\/thu-nhoi-bong-hinh-con-huou-cao-co-vai-tho-cam#breadcrumb\"},\"inLanguage\":\"vi-VN\",\"potentialAction\":[{\"@type\":\"ReadAction\",\"target\":[\"https:\/\/maison-chance.org\/shop\/san-pham\/thu-nhoi-bong-hinh-con-huou-cao-co-vai-tho-cam\"]}]},{\"@type\":\"ImageObject\",\"inLanguage\":\"vi-VN\",\"@id\":\"https:\/\/maison-chance.org\/shop\/san-pham\/thu-nhoi-bong-hinh-con-huou-cao-co-vai-tho-cam#primaryimage\",\"url\":\"https:\/\/maison-chance.org\/shop\/wp-content\/uploads\/2024\/04\/thu-nhoi-bong-hinh-con-huou-cao-co-vai-tho-cam-1.jpg\",\"contentUrl\":\"https:\/\/maison-chance.org\/shop\/wp-content\/uploads\/2024\/04\/thu-nhoi-bong-hinh-con-huou-cao-co-vai-tho-cam-1.jpg\",\"width\":600,\"height\":600,\"caption\":\"Th\u00fa nh\u1ed3i b\u00f4ng h\u00ecnh con H\u01b0\u01a1u Cao C\u1ed5 v\u1ea3i th\u1ed5 c\u1ea9m\"},{\"@type\":\"BreadcrumbList\",\"@id\":\"https:\/\/maison-chance.org\/shop\/san-pham\/thu-nhoi-bong-hinh-con-huou-cao-co-vai-tho-cam#breadcrumb\",\"itemListElement\":[{\"@type\":\"ListItem\",\"position\":1,\"name\":\"Trang ch\u1ee7\",\"item\":\"https:\/\/maison-chance.org\/shop\/\"},{\"@type\":\"ListItem\",\"position\":2,\"name\":\"Shop\",\"item\":\"https:\/\/maison-chance.org\/shop\/shop\"},{\"@type\":\"ListItem\",\"position\":3,\"name\":\"H\u01b0\u01a1u cao c\u1ed5\"}]},{\"@type\":\"WebSite\",\"@id\":\"https:\/\/maison-chance.org\/shop\/#website\",\"url\":\"https:\/\/maison-chance.org\/shop\/\",\"name\":\"Nh\u00e0 May M\u1eafn - Maison Chance\",\"description\":\"M\u1ecdi l\u1ee3i nhu\u1eadn thu v\u1ec1 t\u1eeb vi\u1ec7c b\u00e1n h\u00e0ng s\u1ebd tr\u00edch m\u1ed9t ph\u1ea7n \u0111\u1ec3 ch\u0103m lo cho \u0111\u1eddi s\u1ed1ng c\u00e1c b\u1ea1n khuy\u1ebft t\u1eadt v\u00e0 tr\u1ebb m\u1ed3 c\u00f4i \u1edf \u0111\u00e2y\",\"publisher\":{\"@id\":\"https:\/\/maison-chance.org\/shop\/#organization\"},\"potentialAction\":[{\"@type\":\"SearchAction\",\"target\":{\"@type\":\"EntryPoint\",\"urlTemplate\":\"https:\/\/maison-chance.org\/shop\/?s={search_term_string}\"},\"query-input\":{\"@type\":\"PropertyValueSpecification\",\"valueRequired\":true,\"valueName\":\"search_term_string\"}}],\"inLanguage\":\"vi-VN\"},{\"@type\":\"Organization\",\"@id\":\"https:\/\/maison-chance.org\/shop\/#organization\",\"name\":\"Nh\u00e0 May M\u1eafn - Maison Chance\",\"url\":\"https:\/\/maison-chance.org\/shop\/\",\"logo\":{\"@type\":\"ImageObject\",\"inLanguage\":\"vi-VN\",\"@id\":\"https:\/\/maison-chance.org\/shop\/#\/schema\/logo\/image\/\",\"url\":\"https:\/\/maison-chance.org\/shop\/wp-content\/uploads\/2024\/03\/cropped-Logo_DNXH.png\",\"contentUrl\":\"https:\/\/maison-chance.org\/shop\/wp-content\/uploads\/2024\/03\/cropped-Logo_DNXH.png\",\"width\":512,\"height\":512,\"caption\":\"Nh\u00e0 May M\u1eafn - Maison Chance\"},\"image\":{\"@id\":\"https:\/\/maison-chance.org\/shop\/#\/schema\/logo\/image\/\"},\"sameAs\":[\"https:\/\/www.facebook.com\/dnxh.nhamayman\/\"]}]}<\/script>\n<meta property=\"product:price:amount\" content=\"4.00\" \/>\n<meta property=\"product:price:currency\" content=\"USD\" \/>\n<meta property=\"og:availability\" content=\"instock\" \/>\n<meta property=\"product:availability\" content=\"instock\" \/>\n<meta property=\"product:condition\" content=\"new\" \/>\n<!-- \/ Yoast SEO Premium plugin. -->","yoast_head_json":{"title":"H\u01b0\u01a1u cao c\u1ed5 - th\u00fa nh\u1ed3i b\u00f4ng v\u1ea3i b\u1ed1 + th\u1ed5 c\u1ea9m - Nh\u00e0 May M\u1eafn - Maison Chance","description":"H\u01b0\u01a1u cao c\u1ed5 nh\u1ed3i b\u00f4ng v\u1ea3i b\u1ed1 + th\u1ed5 c\u1ea9m th\u1ee7 c\u00f4ng t\u1eeb Nh\u00e0 May M\u1eafn - m\u00f3n qu\u00e0 \u00fd ngh\u0129a v\u00e0 \u0111\u1ed3 trang tr\u00ed \u0111\u1ed9c \u0111\u00e1o. S\u1ea3n ph\u1ea9m c\u1ee7a th\u1ee3 may khuy\u1ebft t\u1eadt","robots":{"index":"index","follow":"follow","max-snippet":"max-snippet:-1","max-image-preview":"max-image-preview:large","max-video-preview":"max-video-preview:-1"},"canonical":"https:\/\/maison-chance.org\/shop\/san-pham\/thu-nhoi-bong-hinh-con-huou-cao-co-vai-tho-cam","og_locale":"vi_VN","og_type":"article","og_title":"H\u01b0\u01a1u cao c\u1ed5","og_description":"H\u01b0\u01a1u cao c\u1ed5 nh\u1ed3i b\u00f4ng v\u1ea3i b\u1ed1 + th\u1ed5 c\u1ea9m th\u1ee7 c\u00f4ng t\u1eeb Nh\u00e0 May M\u1eafn - m\u00f3n qu\u00e0 \u00fd ngh\u0129a v\u00e0 \u0111\u1ed3 trang tr\u00ed \u0111\u1ed9c \u0111\u00e1o. S\u1ea3n ph\u1ea9m c\u1ee7a th\u1ee3 may khuy\u1ebft t\u1eadt","og_url":"https:\/\/maison-chance.org\/shop\/san-pham\/thu-nhoi-bong-hinh-con-huou-cao-co-vai-tho-cam","og_site_name":"Nh\u00e0 May M\u1eafn - Maison Chance","article_publisher":"https:\/\/www.facebook.com\/dnxh.nhamayman\/","article_modified_time":"2025-02-20T05:40:56+00:00","og_image":[{"width":600,"height":600,"url":"https:\/\/maison-chance.org\/shop\/wp-content\/uploads\/2024\/04\/thu-nhoi-bong-hinh-con-huou-cao-co-vai-tho-cam-1.jpg","type":"image\/jpeg"}],"twitter_card":"summary_large_image","twitter_misc":{"Gi\u00e1":"4.00&nbsp;&#36;","Availability":"In stock"},"schema":{"@context":"https:\/\/schema.org","@graph":[{"@type":"WebPage","@id":"https:\/\/maison-chance.org\/shop\/san-pham\/thu-nhoi-bong-hinh-con-huou-cao-co-vai-tho-cam","url":"https:\/\/maison-chance.org\/shop\/san-pham\/thu-nhoi-bong-hinh-con-huou-cao-co-vai-tho-cam","name":"H\u01b0\u01a1u cao c\u1ed5 - th\u00fa nh\u1ed3i b\u00f4ng v\u1ea3i b\u1ed1 + th\u1ed5 c\u1ea9m - Nh\u00e0 May M\u1eafn - Maison Chance","isPartOf":{"@id":"https:\/\/maison-chance.org\/shop\/#website"},"primaryImageOfPage":{"@id":"https:\/\/maison-chance.org\/shop\/san-pham\/thu-nhoi-bong-hinh-con-huou-cao-co-vai-tho-cam#primaryimage"},"image":{"@id":"https:\/\/maison-chance.org\/shop\/san-pham\/thu-nhoi-bong-hinh-con-huou-cao-co-vai-tho-cam#primaryimage"},"thumbnailUrl":"https:\/\/maison-chance.org\/shop\/wp-content\/uploads\/2024\/04\/thu-nhoi-bong-hinh-con-huou-cao-co-vai-tho-cam-1.jpg","datePublished":"2024-09-09T02:16:14+00:00","dateModified":"2025-02-20T05:40:56+00:00","description":"H\u01b0\u01a1u cao c\u1ed5 nh\u1ed3i b\u00f4ng v\u1ea3i b\u1ed1 + th\u1ed5 c\u1ea9m th\u1ee7 c\u00f4ng t\u1eeb Nh\u00e0 May M\u1eafn - m\u00f3n qu\u00e0 \u00fd ngh\u0129a v\u00e0 \u0111\u1ed3 trang tr\u00ed \u0111\u1ed9c \u0111\u00e1o. S\u1ea3n ph\u1ea9m c\u1ee7a th\u1ee3 may khuy\u1ebft t\u1eadt","breadcrumb":{"@id":"https:\/\/maison-chance.org\/shop\/san-pham\/thu-nhoi-bong-hinh-con-huou-cao-co-vai-tho-cam#breadcrumb"},"inLanguage":"vi-VN","potentialAction":[{"@type":"ReadAction","target":["https:\/\/maison-chance.org\/shop\/san-pham\/thu-nhoi-bong-hinh-con-huou-cao-co-vai-tho-cam"]}]},{"@type":"ImageObject","inLanguage":"vi-VN","@id":"https:\/\/maison-chance.org\/shop\/san-pham\/thu-nhoi-bong-hinh-con-huou-cao-co-vai-tho-cam#primaryimage","url":"https:\/\/maison-chance.org\/shop\/wp-content\/uploads\/2024\/04\/thu-nhoi-bong-hinh-con-huou-cao-co-vai-tho-cam-1.jpg","contentUrl":"https:\/\/maison-chance.org\/shop\/wp-content\/uploads\/2024\/04\/thu-nhoi-bong-hinh-con-huou-cao-co-vai-tho-cam-1.jpg","width":600,"height":600,"caption":"Th\u00fa nh\u1ed3i b\u00f4ng h\u00ecnh con H\u01b0\u01a1u Cao C\u1ed5 v\u1ea3i th\u1ed5 c\u1ea9m"},{"@type":"BreadcrumbList","@id":"https:\/\/maison-chance.org\/shop\/san-pham\/thu-nhoi-bong-hinh-con-huou-cao-co-vai-tho-cam#breadcrumb","itemListElement":[{"@type":"ListItem","position":1,"name":"Trang ch\u1ee7","item":"https:\/\/maison-chance.org\/shop\/"},{"@type":"ListItem","position":2,"name":"Shop","item":"https:\/\/maison-chance.org\/shop\/shop"},{"@type":"ListItem","position":3,"name":"H\u01b0\u01a1u cao c\u1ed5"}]},{"@type":"WebSite","@id":"https:\/\/maison-chance.org\/shop\/#website","url":"https:\/\/maison-chance.org\/shop\/","name":"Nh\u00e0 May M\u1eafn - Maison Chance","description":"M\u1ecdi l\u1ee3i nhu\u1eadn thu v\u1ec1 t\u1eeb vi\u1ec7c b\u00e1n h\u00e0ng s\u1ebd tr\u00edch m\u1ed9t ph\u1ea7n \u0111\u1ec3 ch\u0103m lo cho \u0111\u1eddi s\u1ed1ng c\u00e1c b\u1ea1n khuy\u1ebft t\u1eadt v\u00e0 tr\u1ebb m\u1ed3 c\u00f4i \u1edf \u0111\u00e2y","publisher":{"@id":"https:\/\/maison-chance.org\/shop\/#organization"},"potentialAction":[{"@type":"SearchAction","target":{"@type":"EntryPoint","urlTemplate":"https:\/\/maison-chance.org\/shop\/?s={search_term_string}"},"query-input":{"@type":"PropertyValueSpecification","valueRequired":true,"valueName":"search_term_string"}}],"inLanguage":"vi-VN"},{"@type":"Organization","@id":"https:\/\/maison-chance.org\/shop\/#organization","name":"Nh\u00e0 May M\u1eafn - Maison Chance","url":"https:\/\/maison-chance.org\/shop\/","logo":{"@type":"ImageObject","inLanguage":"vi-VN","@id":"https:\/\/maison-chance.org\/shop\/#\/schema\/logo\/image\/","url":"https:\/\/maison-chance.org\/shop\/wp-content\/uploads\/2024\/03\/cropped-Logo_DNXH.png","contentUrl":"https:\/\/maison-chance.org\/shop\/wp-content\/uploads\/2024\/03\/cropped-Logo_DNXH.png","width":512,"height":512,"caption":"Nh\u00e0 May M\u1eafn - Maison Chance"},"image":{"@id":"https:\/\/maison-chance.org\/shop\/#\/schema\/logo\/image\/"},"sameAs":["https:\/\/www.facebook.com\/dnxh.nhamayman\/"]}]},"product_price_amount":"4.00","product_price_currency":"USD","og_availability":"instock","product_availability":"instock","product_condition":"new"},"_links":{"self":[{"href":"https:\/\/maison-chance.org\/shop\/wp-json\/wp\/v2\/product\/36977","targetHints":{"allow":["GET"]}}],"collection":[{"href":"https:\/\/maison-chance.org\/shop\/wp-json\/wp\/v2\/product"}],"about":[{"href":"https:\/\/maison-chance.org\/shop\/wp-json\/wp\/v2\/types\/product"}],"wp:featuredmedia":[{"embeddable":true,"href":"https:\/\/maison-chance.org\/shop\/wp-json\/wp\/v2\/media\/36978"}],"wp:attachment":[{"href":"https:\/\/maison-chance.org\/shop\/wp-json\/wp\/v2\/media?parent=36977"}],"wp:term":[{"taxonomy":"product_brand","embeddable":true,"href":"https:\/\/maison-chance.org\/shop\/wp-json\/wp\/v2\/product_brand?post=36977"},{"taxonomy":"product_cat","embeddable":true,"href":"https:\/\/maison-chance.org\/shop\/wp-json\/wp\/v2\/product_cat?post=36977"},{"taxonomy":"product_tag","embeddable":true,"href":"https:\/\/maison-chance.org\/shop\/wp-json\/wp\/v2\/product_tag?post=36977"}],"curies":[{"name":"wp","href":"https:\/\/api.w.org\/{rel}","templated":true}]}}