{"id":37001,"date":"2024-09-03T07:01:34","date_gmt":"2024-09-03T00:01:34","guid":{"rendered":"https:\/\/maison-chance.org\/shop\/?post_type=product&#038;p=37001"},"modified":"2025-02-24T10:31:47","modified_gmt":"2025-02-24T03:31:47","slug":"te-giac-vai-tho-cam","status":"publish","type":"product","link":"https:\/\/maison-chance.org\/shop\/san-pham\/te-giac-vai-tho-cam","title":{"rendered":"T\u00ea gi\u00e1c"},"content":{"rendered":"<p style=\"text-align: justify\"><strong><a href=\"https:\/\/maison-chance.org\/shop\/thu-nhoi-bong\">Con t\u00ea gi\u00e1c th\u1ed5 c\u1ea9m<\/a> TC34TB &#8211; S\u1eafc m\u00e0u v\u0103n h\u00f3a trong t\u1eebng \u0111\u01b0\u1eddng kim m\u0169i ch\u1ec9<\/strong><\/p>\n<p>Mang trong m\u00ecnh h\u00ecnh \u1ea3nh c\u1ee7a lo\u00e0i \u0111\u1ed9ng v\u1eadt qu\u00fd hi\u1ebfm c\u00f9ng v\u1ebb \u0111\u1eb9p tinh t\u1ebf c\u1ee7a v\u1ea3i th\u1ed5 c\u1ea9m Vi\u1ec7t Nam, con t\u00ea gi\u00e1c th\u1ed5 c\u1ea9m TC34TB kh\u00f4ng ch\u1ec9 l\u00e0 m\u1ed9t m\u00f3n \u0111\u1ed3 trang tr\u00ed m\u00e0 c\u00f2n l\u00e0 t\u00e1c ph\u1ea9m ngh\u1ec7 thu\u1eadt \u0111\u1ed9c \u0111\u00e1o, ch\u1ee9a \u0111\u1ef1ng nhi\u1ec1u gi\u00e1 tr\u1ecb v\u0103n h\u00f3a v\u00e0 nh\u00e2n v\u0103n s\u00e2u s\u1eafc.<\/p>\n<p data-start=\"335\" data-end=\"374\"><strong>V\u1ebb \u0110\u1eb9p Tinh T\u1ebf v\u00e0 \u00dd Ngh\u0129a S\u00e2u S\u1eafc<\/strong><\/p>\n<p data-start=\"375\" data-end=\"759\">V\u1edbi k\u00edch th\u01b0\u1edbc nh\u1ecf g\u1ecdn 18 x 28 cm, con t\u00ea gi\u00e1c th\u1ed5 c\u1ea9m n\u1ed5i b\u1eadt b\u1edfi s\u1ef1 ph\u1ed1i h\u1ee3p h\u00e0i h\u00f2a gi\u1eefa c\u00e1c gam m\u00e0u r\u1ef1c r\u1ee1 nh\u01b0 xanh l\u00e1, \u0111\u1ecf t\u01b0\u01a1i v\u00e0 h\u1ed3ng pastel. Nh\u1eefng h\u1ecda ti\u1ebft h\u00ecnh h\u1ecdc \u0111\u1eb7c tr\u01b0ng c\u1ee7a v\u1ea3i th\u1ed5 c\u1ea9m Vi\u1ec7t Nam \u0111\u01b0\u1ee3c th\u00eau d\u1ec7t t\u1ec9 m\u1ec9 tr\u00ean th\u00e2n t\u00ea gi\u00e1c, t\u1ea1o n\u00ean v\u1ebb \u0111\u1eb9p m\u1ed9c m\u1ea1c m\u00e0 \u0111\u1ea7y s\u1ee9c s\u1ed1ng. M\u1ed7i chi ti\u1ebft \u0111\u1ec1u ph\u1ea3n \u00e1nh s\u1ef1 kh\u00e9o l\u00e9o v\u00e0 t\u00e2m huy\u1ebft c\u1ee7a nh\u1eefng th\u1ee3 may khuy\u1ebft t\u1eadt t\u1ea1i Nh\u00e0 May M\u1eafn.<\/p>\n<p data-start=\"761\" data-end=\"819\"><strong>T\u00f4 \u0110i\u1ec3m Kh\u00f4ng Gian S\u1ed1ng \u2013 Kh\u01a1i G\u1ee3i C\u1ea3m H\u1ee9ng S\u00e1ng T\u1ea1o<\/strong><\/p>\n<p data-start=\"820\" data-end=\"922\">Con t\u00ea gi\u00e1c th\u1ed5 c\u1ea9m kh\u00f4ng ch\u1ec9 mang \u00fd ngh\u0129a trang tr\u00ed m\u00e0 c\u00f2n g\u1ee3i m\u1edf nh\u1eefng c\u00e2u chuy\u1ec7n v\u0103n h\u00f3a \u0111\u1ed9c \u0111\u00e1o:<\/p>\n<ul data-start=\"923\" data-end=\"1414\">\n<li data-start=\"923\" data-end=\"1069\"><strong data-start=\"925\" data-end=\"940\">Ph\u00f2ng kh\u00e1ch<\/strong>: \u0110\u1eb7t tr\u00ean k\u1ec7 s\u00e1ch ho\u1eb7c b\u00e0n c\u00e0 ph\u00ea \u0111\u1ec3 t\u1ea1o \u0111i\u1ec3m nh\u1ea5n \u0111\u1ed9c \u0111\u00e1o, th\u1ec3 hi\u1ec7n gu th\u1ea9m m\u1ef9 tinh t\u1ebf cho ch\u1ee7 s\u1edf h\u1eefu.<\/li>\n<li data-start=\"1070\" data-end=\"1239\"><strong data-start=\"1072\" data-end=\"1092\">Ph\u00f2ng ng\u1ee7 tr\u1ebb em<\/strong>: V\u1edbi h\u00ecnh d\u00e1ng \u0111\u00e1ng y\u00eau v\u00e0 m\u00e0u s\u1eafc s\u1ed1ng \u0111\u1ed9ng, \u0111\u00e2y s\u1ebd l\u00e0 ng\u01b0\u1eddi b\u1ea1n \u0111\u1ed3ng h\u00e0nh l\u00fd t\u01b0\u1edfng, k\u00edch th\u00edch tr\u00ed t\u01b0\u1edfng t\u01b0\u1ee3ng v\u00e0 t\u00ecnh y\u00eau thi\u00ean nhi\u00ean cho b\u00e9.<\/li>\n<li data-start=\"1240\" data-end=\"1414\"><strong data-start=\"1242\" data-end=\"1260\">Ph\u00f2ng l\u00e0m vi\u1ec7c<\/strong>: S\u1ef1 hi\u1ec7n di\u1ec7n c\u1ee7a con t\u00ea gi\u00e1c th\u1ed5 c\u1ea9m tr\u00ean b\u00e0n l\u00e0m vi\u1ec7c s\u1ebd mang \u0111\u1ebfn ngu\u1ed3n c\u1ea3m h\u1ee9ng s\u00e1ng t\u1ea1o, \u0111\u1ed3ng th\u1eddi nh\u1eafc nh\u1edf v\u1ec1 tinh th\u1ea7n b\u1ec1n b\u1ec9 v\u00e0 n\u1ed7 l\u1ef1c v\u01b0\u1ee3t kh\u00f3.<\/li>\n<\/ul>\n<p data-start=\"1416\" data-end=\"1464\"><strong>M\u00f3n Qu\u00e0 \u00dd Ngh\u0129a \u2013 Lan T\u1ecfa Gi\u00e1 Tr\u1ecb Nh\u00e2n V\u0103n<\/strong><\/p>\n<p data-start=\"1465\" data-end=\"1565\">Kh\u00f4ng ch\u1ec9 d\u1eebng l\u1ea1i \u1edf vai tr\u00f2 m\u1ed9t m\u00f3n \u0111\u1ed3 trang tr\u00ed, con t\u00ea gi\u00e1c th\u1ed5 c\u1ea9m c\u00f2n l\u00e0 m\u00f3n qu\u00e0 \u0111\u1ea7y \u00fd ngh\u0129a:<\/p>\n<ul data-start=\"1566\" data-end=\"2110\">\n<li data-start=\"1566\" data-end=\"1689\"><strong data-start=\"1568\" data-end=\"1612\">N\u00e2ng cao \u00fd th\u1ee9c b\u1ea3o v\u1ec7 \u0111\u1ed9ng v\u1eadt qu\u00fd hi\u1ebfm<\/strong> \u2013 Gi\u00fap ng\u01b0\u1eddi nh\u1eadn th\u00eam hi\u1ec3u bi\u1ebft v\u00e0 quan t\u00e2m \u0111\u1ebfn vi\u1ec7c b\u1ea3o t\u1ed3n thi\u00ean nhi\u00ean.<\/li>\n<li data-start=\"1690\" data-end=\"1799\"><strong data-start=\"1692\" data-end=\"1725\">T\u00f4n vinh v\u0103n h\u00f3a truy\u1ec1n th\u1ed1ng<\/strong> \u2013 Mang \u0111\u1eadm d\u1ea5u \u1ea5n c\u1ee7a v\u1ea3i th\u1ed5 c\u1ea9m Vi\u1ec7t Nam, k\u1ebft n\u1ed1i gi\u00e1 tr\u1ecb x\u01b0a v\u00e0 nay.<\/li>\n<li data-start=\"1800\" data-end=\"1948\"><strong data-start=\"1802\" data-end=\"1838\">Truy\u1ec1n c\u1ea3m h\u1ee9ng v\u1ec1 ngh\u1ecb l\u1ef1c s\u1ed1ng<\/strong> \u2013 M\u1ed7i s\u1ea3n ph\u1ea9m l\u00e0 m\u1ed9t c\u00e2u chuy\u1ec7n v\u1ec1 l\u00f2ng ki\u00ean tr\u00ec v\u00e0 kh\u00e1t khao v\u01b0\u01a1n l\u00ean c\u1ee7a nh\u1eefng ng\u01b0\u1eddi th\u1ee3 may khuy\u1ebft t\u1eadt.<\/li>\n<li data-start=\"1949\" data-end=\"2110\"><strong data-start=\"1951\" data-end=\"1973\">\u0110\u00f3ng g\u00f3p c\u1ed9ng \u0111\u1ed3ng<\/strong> \u2013 M\u1ed7i s\u1ea3n ph\u1ea9m b\u1ea1n mua l\u00e0 m\u1ed9t s\u1ef1 \u1ee7ng h\u1ed9 thi\u1ebft th\u1ef1c, gi\u00fap t\u1ea1o c\u00f4ng \u0103n vi\u1ec7c l\u00e0m v\u00e0 khuy\u1ebfn kh\u00edch s\u1ef1 h\u00f2a nh\u1eadp x\u00e3 h\u1ed9i cho ng\u01b0\u1eddi khuy\u1ebft t\u1eadt.<\/li>\n<\/ul>\n<p><strong>Lan T\u1ecfa Y\u00eau Th\u01b0\u01a1ng \u2013 Vi\u1ebft Ti\u1ebfp C\u00e2u Chuy\u1ec7n Hy V\u1ecdng<\/strong><\/p>\n<p style=\"text-align: justify\">S\u1edf h\u1eefu <a href=\"https:\/\/maison-chance.org\/shop\/phong-may\">con t\u00ea gi\u00e1c nh\u1ed3i b\u00f4ng<\/a> n\u00e0y kh\u00f4ng ch\u1ec9 mang \u0111\u1ebfn v\u1ebb \u0111\u1eb9p cho kh\u00f4ng gian s\u1ed1ng m\u00e0 c\u00f2n lan t\u1ecfa y\u00eau th\u01b0\u01a1ng, s\u1ebb chia c\u00f9ng c\u1ed9ng \u0111\u1ed3ng ng\u01b0\u1eddi khuy\u1ebft t\u1eadt t\u1ea1i Nh\u00e0 May M\u1eafn. B\u1ea1n ch\u00ednh l\u00e0 ng\u01b0\u1eddi vi\u1ebft ti\u1ebfp c\u00e2u chuy\u1ec7n ngh\u1ecb l\u1ef1c v\u00e0 hy v\u1ecdng cho nh\u1eefng ng\u01b0\u1eddi th\u1ee3 may \u0111\u1eb7c bi\u1ec7t n\u00e0y.<\/p>\n<p data-start=\"2490\" data-end=\"2806\" data-is-last-node=\"\" data-is-only-node=\"\">H\u00e3y ch\u1ecdn con t\u00ea gi\u00e1c th\u1ed5 c\u1ea9m TC34TB l\u00e0m \u0111i\u1ec3m nh\u1ea5n \u0111\u1ed9c \u0111\u00e1o cho kh\u00f4ng gian c\u1ee7a b\u1ea1n ho\u1eb7c l\u00e0m m\u00f3n qu\u00e0 \u00fd ngh\u0129a d\u00e0nh t\u1eb7ng ng\u01b0\u1eddi th\u00e2n y\u00eau. V\u1edbi m\u1ed7i s\u1ea3n ph\u1ea9m \u0111\u01b0\u1ee3c b\u00e1n ra, b\u1ea1n kh\u00f4ng ch\u1ec9 mang ni\u1ec1m vui cho ch\u00ednh m\u00ecnh m\u00e0 c\u00f2n g\u00f3p ph\u1ea7n x\u00e2y d\u1ef1ng t\u01b0\u01a1ng lai t\u01b0\u01a1i s\u00e1ng cho nh\u1eefng ng\u01b0\u1eddi th\u1ee3 may khuy\u1ebft t\u1eadt \u0111\u1ea7y ngh\u1ecb l\u1ef1c t\u1ea1i <a href=\"https:\/\/maison-chance.org\/shop\">Nh\u00e0 May M\u1eafn<\/a>.<\/p>\n","protected":false},"excerpt":{"rendered":"<p style=\"text-align: justify\">S\u1ea3n ph\u1ea9m do c\u00e1c b\u1ea1n khuy\u1ebft t\u1eadt k\u00e9m may m\u1eafn s\u1ea3n xu\u1ea5t th\u1ee7 c\u00f4ng k\u00ednh mong nh\u1eadn \u0111\u01b0\u1ee3c s\u1ef1 \u1ee7ng h\u1ed9 c\u1ee7a Qu\u00fd kh\u00e1ch h\u00e0ng.<\/p>\n<p>Ch\u1ea5t li\u1ec7u: V\u1ea3i th\u1ed5 c\u1ea9m<\/p>\n<p>Code: TC34TB<\/p>\n<p>Hotline : <span style=\"font-size: 20px\"><strong><span style=\"color: #ff0000\">0909 06 25 28<\/span><\/strong><\/span><\/p>\n<p style=\"text-align: justify\">N\u1ebfu b\u1ea1n \u1edf Vi\u1ec7t Nam vui l\u00f2ng li\u00ean h\u1ec7 ch\u00fang t\u00f4i theo s\u1ed1 hotline ho\u1eb7c fanpage doanh nghi\u1ec7p Nh\u00e0 May M\u1eafn ch\u00fang t\u00f4i \u0111\u1ec3 bi\u1ebft gi\u00e1 b\u00e1n t\u1ea1i Vi\u1ec7t Nam.<\/p>\n<p>B\u1ea3ng gi\u00e1 giao h\u00e0ng qu\u1ed1c t\u1ebf tham kh\u1ea3o :<\/p>\n<table>\n<thead>\n<tr>\n<th>KG<\/th>\n<th>Ch\u00e2u \u00c2u<\/th>\n<th>Ch\u00e2u M\u1ef9<\/th>\n<th>Ch\u00e2u \u00c1<\/th>\n<\/tr>\n<\/thead>\n<tbody>\n<tr>\n<td>0.5<\/td>\n<td>1.244.206<\/td>\n<td>1.639.022<\/td>\n<td>1.001.072<\/td>\n<\/tr>\n<tr>\n<td>1.0<\/td>\n<td>1.550.288<\/td>\n<td>2.036.567<\/td>\n<td>1.198.539<\/td>\n<\/tr>\n<tr>\n<td>1.5<\/td>\n<td>1.853.529<\/td>\n<td>2.437.063<\/td>\n<td>1.396.006<\/td>\n<\/tr>\n<tr>\n<td>2.0<\/td>\n<td>2.156.770<\/td>\n<td>2.837.559<\/td>\n<td>1.593.473<\/td>\n<\/tr>\n<\/tbody>\n<\/table>\n","protected":false},"featured_media":37002,"template":"","meta":[],"product_brand":[],"product_cat":[137,138],"product_tag":[],"class_list":{"0":"post-37001","1":"product","2":"type-product","3":"status-publish","4":"has-post-thumbnail","6":"product_cat-phong-may","7":"product_cat-thu-nhoi-bong","9":"first","10":"instock","11":"shipping-taxable","12":"purchasable","13":"product-type-simple"},"yoast_head":"<!-- This site is optimized with the Yoast SEO Premium plugin v22.7 (Yoast SEO v25.3.1) - https:\/\/yoast.com\/wordpress\/plugins\/seo\/ -->\n<title>T\u00ea gi\u00e1c- th\u00fa nh\u1ed3i b\u00f4ng v\u1ea3i th\u1ed5 c\u1ea9m - Nh\u00e0 May M\u1eafn - Maison Chance<\/title>\n<meta name=\"description\" content=\"M\u1ed7i \u0111\u01b0\u1eddng kim m\u0169i ch\u1ec9 tr\u00ean con t\u00ea gi\u00e1c nh\u1ed3i b\u00f4ng \u0111\u1ec1u ch\u1ee9a \u0111\u1ef1ng c\u00e2u chuy\u1ec7n v\u1ec1 ngh\u1ecb l\u1ef1c v\u00e0 \u01b0\u1edbc m\u01a1 v\u01b0\u1ee3t l\u00ean s\u1ed1 ph\u1eadn c\u1ee7a c\u00e1c th\u1ee3 may t\u1ea1i Nh\u00e0 May M\u1eafn.\" \/>\n<meta name=\"robots\" content=\"index, follow, max-snippet:-1, max-image-preview:large, max-video-preview:-1\" \/>\n<link rel=\"canonical\" href=\"https:\/\/maison-chance.org\/shop\/san-pham\/te-giac-vai-tho-cam\" \/>\n<meta property=\"og:locale\" content=\"vi_VN\" \/>\n<meta property=\"og:type\" content=\"article\" \/>\n<meta property=\"og:title\" content=\"T\u00ea gi\u00e1c\" \/>\n<meta property=\"og:description\" content=\"M\u1ed7i \u0111\u01b0\u1eddng kim m\u0169i ch\u1ec9 tr\u00ean con t\u00ea gi\u00e1c nh\u1ed3i b\u00f4ng \u0111\u1ec1u ch\u1ee9a \u0111\u1ef1ng c\u00e2u chuy\u1ec7n v\u1ec1 ngh\u1ecb l\u1ef1c v\u00e0 \u01b0\u1edbc m\u01a1 v\u01b0\u1ee3t l\u00ean s\u1ed1 ph\u1eadn c\u1ee7a c\u00e1c th\u1ee3 may t\u1ea1i Nh\u00e0 May M\u1eafn.\" \/>\n<meta property=\"og:url\" content=\"https:\/\/maison-chance.org\/shop\/san-pham\/te-giac-vai-tho-cam\" \/>\n<meta property=\"og:site_name\" content=\"Nh\u00e0 May M\u1eafn - Maison Chance\" \/>\n<meta property=\"article:publisher\" content=\"https:\/\/www.facebook.com\/dnxh.nhamayman\/\" \/>\n<meta property=\"article:modified_time\" content=\"2025-02-24T03:31:47+00:00\" \/>\n<meta property=\"og:image\" content=\"https:\/\/maison-chance.org\/shop\/wp-content\/uploads\/2024\/04\/thu-nhoi-bong-hinh-con-te-giac-vai-tho-cam-1-1.jpg\" \/>\n\t<meta property=\"og:image:width\" content=\"600\" \/>\n\t<meta property=\"og:image:height\" content=\"600\" \/>\n\t<meta property=\"og:image:type\" content=\"image\/jpeg\" \/>\n<meta name=\"twitter:card\" content=\"summary_large_image\" \/>\n<meta name=\"twitter:label1\" content=\"Gi\u00e1\" \/>\n\t<meta name=\"twitter:data1\" content=\"4.80&nbsp;&#036;\" \/>\n\t<meta name=\"twitter:label2\" content=\"Availability\" \/>\n\t<meta name=\"twitter:data2\" content=\"In stock\" \/>\n<script type=\"application\/ld+json\" class=\"yoast-schema-graph\">{\"@context\":\"https:\/\/schema.org\",\"@graph\":[{\"@type\":\"WebPage\",\"@id\":\"https:\/\/maison-chance.org\/shop\/san-pham\/te-giac-vai-tho-cam\",\"url\":\"https:\/\/maison-chance.org\/shop\/san-pham\/te-giac-vai-tho-cam\",\"name\":\"T\u00ea gi\u00e1c- th\u00fa nh\u1ed3i b\u00f4ng v\u1ea3i th\u1ed5 c\u1ea9m - Nh\u00e0 May M\u1eafn - Maison Chance\",\"isPartOf\":{\"@id\":\"https:\/\/maison-chance.org\/shop\/#website\"},\"primaryImageOfPage\":{\"@id\":\"https:\/\/maison-chance.org\/shop\/san-pham\/te-giac-vai-tho-cam#primaryimage\"},\"image\":{\"@id\":\"https:\/\/maison-chance.org\/shop\/san-pham\/te-giac-vai-tho-cam#primaryimage\"},\"thumbnailUrl\":\"https:\/\/maison-chance.org\/shop\/wp-content\/uploads\/2024\/04\/thu-nhoi-bong-hinh-con-te-giac-vai-tho-cam-1-1.jpg\",\"datePublished\":\"2024-09-03T00:01:34+00:00\",\"dateModified\":\"2025-02-24T03:31:47+00:00\",\"description\":\"M\u1ed7i \u0111\u01b0\u1eddng kim m\u0169i ch\u1ec9 tr\u00ean con t\u00ea gi\u00e1c nh\u1ed3i b\u00f4ng \u0111\u1ec1u ch\u1ee9a \u0111\u1ef1ng c\u00e2u chuy\u1ec7n v\u1ec1 ngh\u1ecb l\u1ef1c v\u00e0 \u01b0\u1edbc m\u01a1 v\u01b0\u1ee3t l\u00ean s\u1ed1 ph\u1eadn c\u1ee7a c\u00e1c th\u1ee3 may t\u1ea1i Nh\u00e0 May M\u1eafn.\",\"breadcrumb\":{\"@id\":\"https:\/\/maison-chance.org\/shop\/san-pham\/te-giac-vai-tho-cam#breadcrumb\"},\"inLanguage\":\"vi-VN\",\"potentialAction\":[{\"@type\":\"ReadAction\",\"target\":[\"https:\/\/maison-chance.org\/shop\/san-pham\/te-giac-vai-tho-cam\"]}]},{\"@type\":\"ImageObject\",\"inLanguage\":\"vi-VN\",\"@id\":\"https:\/\/maison-chance.org\/shop\/san-pham\/te-giac-vai-tho-cam#primaryimage\",\"url\":\"https:\/\/maison-chance.org\/shop\/wp-content\/uploads\/2024\/04\/thu-nhoi-bong-hinh-con-te-giac-vai-tho-cam-1-1.jpg\",\"contentUrl\":\"https:\/\/maison-chance.org\/shop\/wp-content\/uploads\/2024\/04\/thu-nhoi-bong-hinh-con-te-giac-vai-tho-cam-1-1.jpg\",\"width\":600,\"height\":600,\"caption\":\"T\u00ea Gi\u00e1c v\u1ea3i th\u1ed5 c\u1ea9m\"},{\"@type\":\"BreadcrumbList\",\"@id\":\"https:\/\/maison-chance.org\/shop\/san-pham\/te-giac-vai-tho-cam#breadcrumb\",\"itemListElement\":[{\"@type\":\"ListItem\",\"position\":1,\"name\":\"Trang ch\u1ee7\",\"item\":\"https:\/\/maison-chance.org\/shop\/\"},{\"@type\":\"ListItem\",\"position\":2,\"name\":\"Shop\",\"item\":\"https:\/\/maison-chance.org\/shop\/shop\"},{\"@type\":\"ListItem\",\"position\":3,\"name\":\"T\u00ea gi\u00e1c\"}]},{\"@type\":\"WebSite\",\"@id\":\"https:\/\/maison-chance.org\/shop\/#website\",\"url\":\"https:\/\/maison-chance.org\/shop\/\",\"name\":\"Nh\u00e0 May M\u1eafn - Maison Chance\",\"description\":\"M\u1ecdi l\u1ee3i nhu\u1eadn thu v\u1ec1 t\u1eeb vi\u1ec7c b\u00e1n h\u00e0ng s\u1ebd tr\u00edch m\u1ed9t ph\u1ea7n \u0111\u1ec3 ch\u0103m lo cho \u0111\u1eddi s\u1ed1ng c\u00e1c b\u1ea1n khuy\u1ebft t\u1eadt v\u00e0 tr\u1ebb m\u1ed3 c\u00f4i \u1edf \u0111\u00e2y\",\"publisher\":{\"@id\":\"https:\/\/maison-chance.org\/shop\/#organization\"},\"potentialAction\":[{\"@type\":\"SearchAction\",\"target\":{\"@type\":\"EntryPoint\",\"urlTemplate\":\"https:\/\/maison-chance.org\/shop\/?s={search_term_string}\"},\"query-input\":{\"@type\":\"PropertyValueSpecification\",\"valueRequired\":true,\"valueName\":\"search_term_string\"}}],\"inLanguage\":\"vi-VN\"},{\"@type\":\"Organization\",\"@id\":\"https:\/\/maison-chance.org\/shop\/#organization\",\"name\":\"Nh\u00e0 May M\u1eafn - Maison Chance\",\"url\":\"https:\/\/maison-chance.org\/shop\/\",\"logo\":{\"@type\":\"ImageObject\",\"inLanguage\":\"vi-VN\",\"@id\":\"https:\/\/maison-chance.org\/shop\/#\/schema\/logo\/image\/\",\"url\":\"https:\/\/maison-chance.org\/shop\/wp-content\/uploads\/2024\/03\/cropped-Logo_DNXH.png\",\"contentUrl\":\"https:\/\/maison-chance.org\/shop\/wp-content\/uploads\/2024\/03\/cropped-Logo_DNXH.png\",\"width\":512,\"height\":512,\"caption\":\"Nh\u00e0 May M\u1eafn - Maison Chance\"},\"image\":{\"@id\":\"https:\/\/maison-chance.org\/shop\/#\/schema\/logo\/image\/\"},\"sameAs\":[\"https:\/\/www.facebook.com\/dnxh.nhamayman\/\"]}]}<\/script>\n<meta property=\"product:price:amount\" content=\"4.80\" \/>\n<meta property=\"product:price:currency\" content=\"USD\" \/>\n<meta property=\"og:availability\" content=\"instock\" \/>\n<meta property=\"product:availability\" content=\"instock\" \/>\n<meta property=\"product:condition\" content=\"new\" \/>\n<!-- \/ Yoast SEO Premium plugin. -->","yoast_head_json":{"title":"T\u00ea gi\u00e1c- th\u00fa nh\u1ed3i b\u00f4ng v\u1ea3i th\u1ed5 c\u1ea9m - Nh\u00e0 May M\u1eafn - Maison Chance","description":"M\u1ed7i \u0111\u01b0\u1eddng kim m\u0169i ch\u1ec9 tr\u00ean con t\u00ea gi\u00e1c nh\u1ed3i b\u00f4ng \u0111\u1ec1u ch\u1ee9a \u0111\u1ef1ng c\u00e2u chuy\u1ec7n v\u1ec1 ngh\u1ecb l\u1ef1c v\u00e0 \u01b0\u1edbc m\u01a1 v\u01b0\u1ee3t l\u00ean s\u1ed1 ph\u1eadn c\u1ee7a c\u00e1c th\u1ee3 may t\u1ea1i Nh\u00e0 May M\u1eafn.","robots":{"index":"index","follow":"follow","max-snippet":"max-snippet:-1","max-image-preview":"max-image-preview:large","max-video-preview":"max-video-preview:-1"},"canonical":"https:\/\/maison-chance.org\/shop\/san-pham\/te-giac-vai-tho-cam","og_locale":"vi_VN","og_type":"article","og_title":"T\u00ea gi\u00e1c","og_description":"M\u1ed7i \u0111\u01b0\u1eddng kim m\u0169i ch\u1ec9 tr\u00ean con t\u00ea gi\u00e1c nh\u1ed3i b\u00f4ng \u0111\u1ec1u ch\u1ee9a \u0111\u1ef1ng c\u00e2u chuy\u1ec7n v\u1ec1 ngh\u1ecb l\u1ef1c v\u00e0 \u01b0\u1edbc m\u01a1 v\u01b0\u1ee3t l\u00ean s\u1ed1 ph\u1eadn c\u1ee7a c\u00e1c th\u1ee3 may t\u1ea1i Nh\u00e0 May M\u1eafn.","og_url":"https:\/\/maison-chance.org\/shop\/san-pham\/te-giac-vai-tho-cam","og_site_name":"Nh\u00e0 May M\u1eafn - Maison Chance","article_publisher":"https:\/\/www.facebook.com\/dnxh.nhamayman\/","article_modified_time":"2025-02-24T03:31:47+00:00","og_image":[{"width":600,"height":600,"url":"https:\/\/maison-chance.org\/shop\/wp-content\/uploads\/2024\/04\/thu-nhoi-bong-hinh-con-te-giac-vai-tho-cam-1-1.jpg","type":"image\/jpeg"}],"twitter_card":"summary_large_image","twitter_misc":{"Gi\u00e1":"4.80&nbsp;&#36;","Availability":"In stock"},"schema":{"@context":"https:\/\/schema.org","@graph":[{"@type":"WebPage","@id":"https:\/\/maison-chance.org\/shop\/san-pham\/te-giac-vai-tho-cam","url":"https:\/\/maison-chance.org\/shop\/san-pham\/te-giac-vai-tho-cam","name":"T\u00ea gi\u00e1c- th\u00fa nh\u1ed3i b\u00f4ng v\u1ea3i th\u1ed5 c\u1ea9m - Nh\u00e0 May M\u1eafn - Maison Chance","isPartOf":{"@id":"https:\/\/maison-chance.org\/shop\/#website"},"primaryImageOfPage":{"@id":"https:\/\/maison-chance.org\/shop\/san-pham\/te-giac-vai-tho-cam#primaryimage"},"image":{"@id":"https:\/\/maison-chance.org\/shop\/san-pham\/te-giac-vai-tho-cam#primaryimage"},"thumbnailUrl":"https:\/\/maison-chance.org\/shop\/wp-content\/uploads\/2024\/04\/thu-nhoi-bong-hinh-con-te-giac-vai-tho-cam-1-1.jpg","datePublished":"2024-09-03T00:01:34+00:00","dateModified":"2025-02-24T03:31:47+00:00","description":"M\u1ed7i \u0111\u01b0\u1eddng kim m\u0169i ch\u1ec9 tr\u00ean con t\u00ea gi\u00e1c nh\u1ed3i b\u00f4ng \u0111\u1ec1u ch\u1ee9a \u0111\u1ef1ng c\u00e2u chuy\u1ec7n v\u1ec1 ngh\u1ecb l\u1ef1c v\u00e0 \u01b0\u1edbc m\u01a1 v\u01b0\u1ee3t l\u00ean s\u1ed1 ph\u1eadn c\u1ee7a c\u00e1c th\u1ee3 may t\u1ea1i Nh\u00e0 May M\u1eafn.","breadcrumb":{"@id":"https:\/\/maison-chance.org\/shop\/san-pham\/te-giac-vai-tho-cam#breadcrumb"},"inLanguage":"vi-VN","potentialAction":[{"@type":"ReadAction","target":["https:\/\/maison-chance.org\/shop\/san-pham\/te-giac-vai-tho-cam"]}]},{"@type":"ImageObject","inLanguage":"vi-VN","@id":"https:\/\/maison-chance.org\/shop\/san-pham\/te-giac-vai-tho-cam#primaryimage","url":"https:\/\/maison-chance.org\/shop\/wp-content\/uploads\/2024\/04\/thu-nhoi-bong-hinh-con-te-giac-vai-tho-cam-1-1.jpg","contentUrl":"https:\/\/maison-chance.org\/shop\/wp-content\/uploads\/2024\/04\/thu-nhoi-bong-hinh-con-te-giac-vai-tho-cam-1-1.jpg","width":600,"height":600,"caption":"T\u00ea Gi\u00e1c v\u1ea3i th\u1ed5 c\u1ea9m"},{"@type":"BreadcrumbList","@id":"https:\/\/maison-chance.org\/shop\/san-pham\/te-giac-vai-tho-cam#breadcrumb","itemListElement":[{"@type":"ListItem","position":1,"name":"Trang ch\u1ee7","item":"https:\/\/maison-chance.org\/shop\/"},{"@type":"ListItem","position":2,"name":"Shop","item":"https:\/\/maison-chance.org\/shop\/shop"},{"@type":"ListItem","position":3,"name":"T\u00ea gi\u00e1c"}]},{"@type":"WebSite","@id":"https:\/\/maison-chance.org\/shop\/#website","url":"https:\/\/maison-chance.org\/shop\/","name":"Nh\u00e0 May M\u1eafn - Maison Chance","description":"M\u1ecdi l\u1ee3i nhu\u1eadn thu v\u1ec1 t\u1eeb vi\u1ec7c b\u00e1n h\u00e0ng s\u1ebd tr\u00edch m\u1ed9t ph\u1ea7n \u0111\u1ec3 ch\u0103m lo cho \u0111\u1eddi s\u1ed1ng c\u00e1c b\u1ea1n khuy\u1ebft t\u1eadt v\u00e0 tr\u1ebb m\u1ed3 c\u00f4i \u1edf \u0111\u00e2y","publisher":{"@id":"https:\/\/maison-chance.org\/shop\/#organization"},"potentialAction":[{"@type":"SearchAction","target":{"@type":"EntryPoint","urlTemplate":"https:\/\/maison-chance.org\/shop\/?s={search_term_string}"},"query-input":{"@type":"PropertyValueSpecification","valueRequired":true,"valueName":"search_term_string"}}],"inLanguage":"vi-VN"},{"@type":"Organization","@id":"https:\/\/maison-chance.org\/shop\/#organization","name":"Nh\u00e0 May M\u1eafn - Maison Chance","url":"https:\/\/maison-chance.org\/shop\/","logo":{"@type":"ImageObject","inLanguage":"vi-VN","@id":"https:\/\/maison-chance.org\/shop\/#\/schema\/logo\/image\/","url":"https:\/\/maison-chance.org\/shop\/wp-content\/uploads\/2024\/03\/cropped-Logo_DNXH.png","contentUrl":"https:\/\/maison-chance.org\/shop\/wp-content\/uploads\/2024\/03\/cropped-Logo_DNXH.png","width":512,"height":512,"caption":"Nh\u00e0 May M\u1eafn - Maison Chance"},"image":{"@id":"https:\/\/maison-chance.org\/shop\/#\/schema\/logo\/image\/"},"sameAs":["https:\/\/www.facebook.com\/dnxh.nhamayman\/"]}]},"product_price_amount":"4.80","product_price_currency":"USD","og_availability":"instock","product_availability":"instock","product_condition":"new"},"_links":{"self":[{"href":"https:\/\/maison-chance.org\/shop\/wp-json\/wp\/v2\/product\/37001","targetHints":{"allow":["GET"]}}],"collection":[{"href":"https:\/\/maison-chance.org\/shop\/wp-json\/wp\/v2\/product"}],"about":[{"href":"https:\/\/maison-chance.org\/shop\/wp-json\/wp\/v2\/types\/product"}],"wp:featuredmedia":[{"embeddable":true,"href":"https:\/\/maison-chance.org\/shop\/wp-json\/wp\/v2\/media\/37002"}],"wp:attachment":[{"href":"https:\/\/maison-chance.org\/shop\/wp-json\/wp\/v2\/media?parent=37001"}],"wp:term":[{"taxonomy":"product_brand","embeddable":true,"href":"https:\/\/maison-chance.org\/shop\/wp-json\/wp\/v2\/product_brand?post=37001"},{"taxonomy":"product_cat","embeddable":true,"href":"https:\/\/maison-chance.org\/shop\/wp-json\/wp\/v2\/product_cat?post=37001"},{"taxonomy":"product_tag","embeddable":true,"href":"https:\/\/maison-chance.org\/shop\/wp-json\/wp\/v2\/product_tag?post=37001"}],"curies":[{"name":"wp","href":"https:\/\/api.w.org\/{rel}","templated":true}]}}