{"id":38153,"date":"2024-11-12T09:00:27","date_gmt":"2024-11-12T02:00:27","guid":{"rendered":"https:\/\/maison-chance.org\/shop\/?post_type=product&#038;p=38153"},"modified":"2024-11-12T15:53:11","modified_gmt":"2024-11-12T08:53:11","slug":"kem-tra-xanh","status":"publish","type":"product","link":"https:\/\/maison-chance.org\/shop\/san-pham\/kem-tra-xanh","title":{"rendered":"Kem tr\u00e0 xanh"},"content":{"rendered":"<p style=\"text-align: justify;\"><a href=\"https:\/\/maison-chance.org\/shop\/san-pham\/kem-tra-xanh\">Kem tr\u00e0 xanh<\/a> t\u1eeb Nh\u00e0 May M\u1eafn kh\u00f4ng ch\u1ec9 l\u00e0 m\u1ed9t m\u00f3n tr\u00e1ng mi\u1ec7ng th\u01a1m ngon, m\u00e0 c\u00f2n l\u00e0 s\u1ef1 k\u1ebft h\u1ee3p ho\u00e0n h\u1ea3o gi\u1eefa thi\u00ean nhi\u00ean v\u00e0 tay ngh\u1ec1 tinh t\u1ebf, mang l\u1ea1i tr\u1ea3i nghi\u1ec7m v\u1ecb gi\u00e1c ho\u00e0n to\u00e0n kh\u00e1c bi\u1ec7t. T\u1eebng mu\u1ed7ng kem tan ch\u1ea3y trong mi\u1ec7ng s\u1ebd \u0111\u00e1nh th\u1ee9c gi\u00e1c quan c\u1ee7a b\u1ea1n v\u1edbi h\u01b0\u01a1ng v\u1ecb tr\u00e0 xanh t\u01b0\u01a1i m\u1edbi, \u0111em \u0111\u1ebfn c\u1ea3m gi\u00e1c th\u01b0 th\u00e1i kh\u00f3 qu\u00ean. H\u00e3y c\u00f9ng kh\u00e1m ph\u00e1 xem \u0111i\u1ec1u g\u00ec khi\u1ebfn kem Tr\u00e0 Xanh c\u1ee7a Nh\u00e0 May M\u1eafn tr\u1edf n\u00ean \u0111\u1eb7c bi\u1ec7t v\u00e0 chinh ph\u1ee5c l\u00f2ng ng\u01b0\u1eddi \u0111\u1ebfn v\u1eady.<\/p>\n<p style=\"text-align: justify;\"><a href=\"https:\/\/maison-chance.org\/shop\/phong-banh\">Kem tr\u00e0 xanh Nh\u00e0 May M\u1eafn<\/a> \u0111\u01b0\u1ee3c l\u00e0m t\u1eeb nh\u1eefng nguy\u00ean li\u1ec7u tinh khi\u1ebft, tuy\u1ec3n ch\u1ecdn k\u1ef9 l\u01b0\u1ee1ng, kh\u00f4ng ch\u1ec9 t\u1ea1o n\u00ean h\u01b0\u01a1ng v\u1ecb \u0111\u1ed9c \u0111\u00e1o m\u00e0 c\u00f2n \u0111\u1ea3m b\u1ea3o an to\u00e0n v\u00e0 t\u1ed1t cho s\u1ee9c kh\u1ecfe ng\u01b0\u1eddi d\u00f9ng. M\u1ed7i th\u00e0nh ph\u1ea7n trong kem \u0111\u1ec1u c\u00f3 vai tr\u00f2 \u0111\u1eb7c bi\u1ec7t:<\/p>\n<p style=\"text-align: justify;\">Whipping cream: \u0110\u00e2y l\u00e0 y\u1ebfu t\u1ed1 mang l\u1ea1i \u0111\u1ed9 b\u00e9o ng\u1eady m\u01b0\u1ee3t m\u00e0 cho kem tr\u00e0 xanh, t\u1ea1o n\u00ean l\u1edbp n\u1ec1n s\u00e1nh m\u1ecbn, tan ch\u1ea3y ngay khi ti\u1ebfp x\u00fac v\u1edbi l\u01b0\u1ee1i. V\u1ecb b\u00e9o ng\u1eady n\u00e0y l\u00e0m n\u1ed5i b\u1eadt h\u01b0\u01a1ng tr\u00e0 xanh, khi\u1ebfn t\u1eebng mu\u1ed7ng kem tr\u1edf n\u00ean h\u1ea5p d\u1eabn kh\u00f4ng th\u1ec3 c\u01b0\u1ee1ng l\u1ea1i.<\/p>\n<p style=\"text-align: justify;\">S\u1eefa t\u01b0\u01a1i kh\u00f4ng \u0111\u01b0\u1eddng: S\u1eefa t\u01b0\u01a1i kh\u00f4ng \u0111\u01b0\u1eddng gi\u00fap gi\u1ea3m \u0111\u1ed9 ng\u1ecdt, t\u1ea1o c\u1ea3m gi\u00e1c thanh khi\u1ebft m\u00e0 v\u1eabn \u0111\u1ea3m b\u1ea3o kem c\u00f3 v\u1ecb ng\u1ecdt t\u1ef1 nhi\u00ean. \u0110i\u1ec1u n\u00e0y gi\u00fap cho kem Tr\u00e0 Xanh c\u1ee7a Nh\u00e0 May M\u1eafn kh\u00f4ng qu\u00e1 g\u1eaft, m\u00e0 l\u1ea1i d\u1ec5 d\u00e0ng chi\u1ec1u l\u00f2ng c\u1ea3 nh\u1eefng ng\u01b0\u1eddi kh\u00f4ng th\u00edch \u0111\u1ed3 ng\u1ecdt.<\/p>\n<p style=\"text-align: justify;\">Base San Marco v\u00e0 Interga Latte: \u0110\u00e2y l\u00e0 nh\u1eefng th\u00e0nh ph\u1ea7n quan tr\u1ecdng gi\u00fap kem c\u00f3 \u0111\u01b0\u1ee3c k\u1ebft c\u1ea5u ho\u00e0n h\u1ea3o, gi\u1eef cho t\u1eebng vi\u00ean kem kh\u00f4ng ch\u1ec9 \u0111\u1eb9p m\u1eaft m\u00e0 c\u00f2n \u0111\u1ed3ng \u0111\u1ec1u t\u1eeb ch\u1ea5t l\u01b0\u1ee3ng \u0111\u1ebfn h\u01b0\u01a1ng v\u1ecb. S\u1ef1 k\u1ebft h\u1ee3p n\u00e0y gi\u00fap cho kem Tr\u00e0 Xanh c\u00f3 \u0111\u1ed9 m\u1ecbn m\u00e0ng v\u00e0 v\u1ecb kem tr\u00f2n \u0111\u1ea7y, \u0111\u1eb7c tr\u01b0ng c\u1ee7a d\u00f2ng s\u1ea3n ph\u1ea9m ch\u1ea5t l\u01b0\u1ee3ng cao.<\/p>\n<p style=\"text-align: justify;\">B\u1ed9t tr\u00e0 xanh nguy\u00ean ch\u1ea5t: Th\u00e0nh ph\u1ea7n ch\u00ednh v\u00e0 c\u0169ng l\u00e0 linh h\u1ed3n c\u1ee7a kem \u2013 b\u1ed9t tr\u00e0 xanh nguy\u00ean ch\u1ea5t \u2013 mang \u0111\u1ebfn m\u00e0u s\u1eafc xanh d\u1ecbu m\u1eaft v\u00e0 h\u01b0\u01a1ng v\u1ecb tr\u00e0 xanh \u0111\u1eadm \u0111\u00e0. Ngo\u00e0i v\u1ecb ngon, tr\u00e0 xanh c\u00f2n ch\u1ee9a nhi\u1ec1u ch\u1ea5t ch\u1ed1ng oxy h\u00f3a, mang \u0111\u1ebfn l\u1ee3i \u00edch s\u1ee9c kh\u1ecfe nh\u01b0 gi\u1ea3m c\u0103ng th\u1eb3ng v\u00e0 gi\u00fap th\u01b0 gi\u00e3n tinh th\u1ea7n.<\/p>\n<p style=\"text-align: justify;\">Kh\u00f4ng g\u00ec tuy\u1ec7t v\u1eddi h\u01a1n khi th\u01b0\u1edfng th\u1ee9c t\u1eebng mu\u1ed7ng <a href=\"https:\/\/maison-chance.org\/shop\/kem-tuoi\">kem t\u01b0\u01a1i<\/a> tr\u00e0 xanh v\u1edbi c\u1ea3m gi\u00e1c m\u00e1t l\u1ea1nh lan t\u1ecfa, v\u1ecb b\u00e9o c\u1ee7a kem h\u00f2a quy\u1ec7n c\u00f9ng h\u01b0\u01a1ng tr\u00e0 xanh thanh m\u00e1t. Khi \u0103n, v\u1ecb ng\u1ecdt d\u1ecbu t\u1eeb s\u1eefa, k\u1ebft h\u1ee3p v\u1edbi ch\u00fat \u0111\u1eafng nh\u1eb9 \u0111\u1eb7c tr\u01b0ng c\u1ee7a tr\u00e0 xanh t\u1ea1o n\u00ean m\u1ed9t b\u1ea3n h\u00f2a t\u1ea5u v\u1ecb gi\u00e1c \u0111\u1ea7y th\u00fa v\u1ecb. M\u1ed7i mi\u1ebfng kem l\u00e0 m\u1ed9t l\u00e0n gi\u00f3 t\u01b0\u01a1i m\u00e1t, xua tan m\u1ecdi c\u0103ng th\u1eb3ng, \u0111em l\u1ea1i s\u1ef1 th\u01b0 th\u00e1i v\u00e0 s\u1ea3ng kho\u00e1i.<\/p>\n<p style=\"text-align: justify;\">\u0110\u1eb7c bi\u1ec7t, kem Tr\u00e0 Xanh c\u1ee7a Nh\u00e0 May M\u1eafn kh\u00f4ng ch\u1ec9 l\u00e0 m\u00f3n \u0103n l\u00fd t\u01b0\u1edfng cho nh\u1eefng ng\u00e0y h\u00e8 n\u00f3ng b\u1ee9c, m\u00e0 c\u00f2n l\u00e0 s\u1ef1 l\u1ef1a ch\u1ecdn tuy\u1ec7t v\u1eddi cho nh\u1eefng bu\u1ed5i t\u1ed1i se l\u1ea1nh, gi\u00fap c\u1ea3 gia \u0111\u00ecnh hay nh\u00f3m b\u1ea1n th\u01b0\u1edfng th\u1ee9c c\u00f9ng nhau. Ch\u1ec9 c\u1ea7n m\u1ed9t h\u1ed9p kem 500gr, b\u1ea1n \u0111\u00e3 c\u00f3 ngay m\u1ed9t l\u00fd do \u0111\u1ec3 t\u1ed5 ch\u1ee9c bu\u1ed5i t\u1ee5 t\u1eadp, c\u00f9ng nhau chia s\u1ebb h\u01b0\u01a1ng v\u1ecb ng\u1ecdt ng\u00e0o v\u00e0 g\u1eafn k\u1ebft t\u00ecnh th\u00e2n.<\/p>\n<p style=\"text-align: justify;\">Kem tr\u00e0 xanh c\u1ee7a <a href=\"https:\/\/maison-chance.org\/shop\/phong-banh\">Nh\u00e0 May M\u1eafn<\/a> l\u00e0 s\u1ef1 k\u1ebft tinh c\u1ee7a h\u01b0\u01a1ng v\u1ecb thi\u00ean nhi\u00ean v\u00e0 tay ngh\u1ec1 kh\u00e9o l\u00e9o, \u0111em l\u1ea1i s\u1ea3n ph\u1ea9m v\u1eeba ngon v\u1eeba b\u1ed5 d\u01b0\u1ee1ng. Khi b\u1ea1n l\u1ef1a ch\u1ecdn s\u1ea3n ph\u1ea9m n\u00e0y, b\u1ea1n kh\u00f4ng ch\u1ec9 \u0111ang mang \u0111\u1ebfn cho m\u00ecnh v\u00e0 gia \u0111\u00ecnh m\u00f3n tr\u00e1ng mi\u1ec7ng thanh m\u00e1t, m\u00e0 c\u00f2n g\u00f3p ph\u1ea7n \u1ee7ng h\u1ed9 Nh\u00e0 May M\u1eafn trong h\u00e0nh tr\u00ecnh \u00fd ngh\u0129a c\u1ee7a m\u00ecnh. H\u00e3y \u0111\u1ebfn v\u1edbi Nh\u00e0 May M\u1eafn, mua ngay kem Tr\u00e0 Xanh v\u00e0 c\u00f9ng lan t\u1ecfa t\u00ecnh y\u00eau th\u01b0\u01a1ng \u0111\u1ebfn c\u1ed9ng \u0111\u1ed3ng. \u0110\u00e2y kh\u00f4ng ch\u1ec9 l\u00e0 h\u00e0nh \u0111\u1ed9ng mua s\u1eafm, m\u00e0 c\u00f2n l\u00e0 m\u1ed9t c\u00e1ch \u0111\u1ec3 ch\u00fang ta th\u1ec3 hi\u1ec7n s\u1ef1 s\u1ebb chia v\u00e0 \u0111\u1ed3ng c\u1ea3m v\u1edbi nhau.<\/p>\n","protected":false},"excerpt":{"rendered":"<p style=\"text-align: justify;\">S\u1ea3n ph\u1ea9m kem t\u01b0\u01a1i \u0111\u01b0\u1ee3c l\u00e0m t\u1eeb c\u00e1c b\u1ea1n tr\u1ebb m\u1ed3 c\u00f4i hi\u1ec7n \u0111ang \u0111\u01b0\u1ee3c Nh\u00e0 May M\u1eafn \u2013 Maison Chance nu\u00f4i d\u01b0\u1ee1ng. K\u00ednh mong nh\u1eadn \u0111\u01b0\u1ee3c s\u1ef1 \u1ee7ng h\u1ed9 c\u1ee7a Qu\u00fd kh\u00e1ch!<\/p>\n<p style=\"text-align: justify;\">H\u1ed9p nh\u1ecf 300gr:\u00a0<span style=\"font-size: 115%; color: #ed1c24;\"><strong>79.000 vn\u0111<\/strong><\/span><\/p>\n<p style=\"text-align: justify;\">H\u1ed9p l\u1edbn 500gr:\u00a0<span style=\"font-size: 115%; color: #ed1c24;\"><strong>99.000 vn\u0111<\/strong><\/span><\/p>\n<p style=\"text-align: justify;\">Hotline :\u00a0<span style=\"font-size: 115%; color: #ed1c24;\"><strong>090 906 2528<\/strong><\/span><\/p>\n","protected":false},"featured_media":38154,"template":"","meta":[],"product_brand":[],"product_cat":[156,150],"product_tag":[],"class_list":{"0":"post-38153","1":"product","2":"type-product","3":"status-publish","4":"has-post-thumbnail","6":"product_cat-kem-tuoi","7":"product_cat-phong-banh","9":"first","10":"instock","11":"shipping-taxable","12":"product-type-simple"},"yoast_head":"<!-- This site is optimized with the Yoast SEO Premium plugin v22.7 (Yoast SEO v25.3.1) - https:\/\/yoast.com\/wordpress\/plugins\/seo\/ -->\n<title>Kem tr\u00e0 xanh - Nh\u00e0 May M\u1eafn - Maison Chance<\/title>\n<meta name=\"description\" content=\"Kem tr\u00e0 xanh t\u1eeb Nh\u00e0 May M\u1eafn kh\u00f4ng ch\u1ec9 l\u00e0 m\u1ed9t m\u00f3n tr\u00e1ng mi\u1ec7ng th\u01a1m ngon, m\u00e0 c\u00f2n l\u00e0 s\u1ef1 k\u1ebft h\u1ee3p ho\u00e0n h\u1ea3o gi\u1eefa thi\u00ean nhi\u00ean v\u00e0 tay ngh\u1ec1 tinh t\u1ebf, mang l\u1ea1i tr\u1ea3i nghi\u1ec7m v\u1ecb gi\u00e1c ho\u00e0n to\u00e0n kh\u00e1c bi\u1ec7t\" \/>\n<meta name=\"robots\" content=\"index, follow, max-snippet:-1, max-image-preview:large, max-video-preview:-1\" \/>\n<link rel=\"canonical\" href=\"https:\/\/maison-chance.org\/shop\/san-pham\/kem-tra-xanh\" \/>\n<meta property=\"og:locale\" content=\"vi_VN\" \/>\n<meta property=\"og:type\" content=\"article\" \/>\n<meta property=\"og:title\" content=\"Kem tr\u00e0 xanh\" \/>\n<meta property=\"og:description\" content=\"Kem tr\u00e0 xanh t\u1eeb Nh\u00e0 May M\u1eafn kh\u00f4ng ch\u1ec9 l\u00e0 m\u1ed9t m\u00f3n tr\u00e1ng mi\u1ec7ng th\u01a1m ngon, m\u00e0 c\u00f2n l\u00e0 s\u1ef1 k\u1ebft h\u1ee3p ho\u00e0n h\u1ea3o gi\u1eefa thi\u00ean nhi\u00ean v\u00e0 tay ngh\u1ec1 tinh t\u1ebf, mang l\u1ea1i tr\u1ea3i nghi\u1ec7m v\u1ecb gi\u00e1c ho\u00e0n to\u00e0n kh\u00e1c bi\u1ec7t\" \/>\n<meta property=\"og:url\" content=\"https:\/\/maison-chance.org\/shop\/san-pham\/kem-tra-xanh\" \/>\n<meta property=\"og:site_name\" content=\"Nh\u00e0 May M\u1eafn - Maison Chance\" \/>\n<meta property=\"article:publisher\" content=\"https:\/\/www.facebook.com\/dnxh.nhamayman\/\" \/>\n<meta property=\"article:modified_time\" content=\"2024-11-12T08:53:11+00:00\" \/>\n<meta property=\"og:image\" content=\"https:\/\/maison-chance.org\/shop\/wp-content\/uploads\/2024\/04\/kem-matcha-tra-xanh.jpg\" \/>\n\t<meta property=\"og:image:width\" content=\"1000\" \/>\n\t<meta property=\"og:image:height\" content=\"1000\" \/>\n\t<meta property=\"og:image:type\" content=\"image\/jpeg\" \/>\n<meta name=\"twitter:card\" content=\"summary_large_image\" \/>\n<meta name=\"twitter:label1\" content=\"Gi\u00e1\" \/>\n\t<meta name=\"twitter:data1\" content=\"\" \/>\n\t<meta name=\"twitter:label2\" content=\"Availability\" \/>\n\t<meta name=\"twitter:data2\" content=\"In stock\" \/>\n<script type=\"application\/ld+json\" class=\"yoast-schema-graph\">{\"@context\":\"https:\/\/schema.org\",\"@graph\":[{\"@type\":\"WebPage\",\"@id\":\"https:\/\/maison-chance.org\/shop\/san-pham\/kem-tra-xanh\",\"url\":\"https:\/\/maison-chance.org\/shop\/san-pham\/kem-tra-xanh\",\"name\":\"Kem tr\u00e0 xanh - Nh\u00e0 May M\u1eafn - Maison Chance\",\"isPartOf\":{\"@id\":\"https:\/\/maison-chance.org\/shop\/#website\"},\"primaryImageOfPage\":{\"@id\":\"https:\/\/maison-chance.org\/shop\/san-pham\/kem-tra-xanh#primaryimage\"},\"image\":{\"@id\":\"https:\/\/maison-chance.org\/shop\/san-pham\/kem-tra-xanh#primaryimage\"},\"thumbnailUrl\":\"https:\/\/maison-chance.org\/shop\/wp-content\/uploads\/2024\/04\/kem-matcha-tra-xanh.jpg\",\"datePublished\":\"2024-11-12T02:00:27+00:00\",\"dateModified\":\"2024-11-12T08:53:11+00:00\",\"description\":\"Kem tr\u00e0 xanh t\u1eeb Nh\u00e0 May M\u1eafn kh\u00f4ng ch\u1ec9 l\u00e0 m\u1ed9t m\u00f3n tr\u00e1ng mi\u1ec7ng th\u01a1m ngon, m\u00e0 c\u00f2n l\u00e0 s\u1ef1 k\u1ebft h\u1ee3p ho\u00e0n h\u1ea3o gi\u1eefa thi\u00ean nhi\u00ean v\u00e0 tay ngh\u1ec1 tinh t\u1ebf, mang l\u1ea1i tr\u1ea3i nghi\u1ec7m v\u1ecb gi\u00e1c ho\u00e0n to\u00e0n kh\u00e1c bi\u1ec7t\",\"breadcrumb\":{\"@id\":\"https:\/\/maison-chance.org\/shop\/san-pham\/kem-tra-xanh#breadcrumb\"},\"inLanguage\":\"vi-VN\",\"potentialAction\":[{\"@type\":\"ReadAction\",\"target\":[\"https:\/\/maison-chance.org\/shop\/san-pham\/kem-tra-xanh\"]}]},{\"@type\":\"ImageObject\",\"inLanguage\":\"vi-VN\",\"@id\":\"https:\/\/maison-chance.org\/shop\/san-pham\/kem-tra-xanh#primaryimage\",\"url\":\"https:\/\/maison-chance.org\/shop\/wp-content\/uploads\/2024\/04\/kem-matcha-tra-xanh.jpg\",\"contentUrl\":\"https:\/\/maison-chance.org\/shop\/wp-content\/uploads\/2024\/04\/kem-matcha-tra-xanh.jpg\",\"width\":1000,\"height\":1000,\"caption\":\"Kem tr\u00e0 xanh\"},{\"@type\":\"BreadcrumbList\",\"@id\":\"https:\/\/maison-chance.org\/shop\/san-pham\/kem-tra-xanh#breadcrumb\",\"itemListElement\":[{\"@type\":\"ListItem\",\"position\":1,\"name\":\"Trang ch\u1ee7\",\"item\":\"https:\/\/maison-chance.org\/shop\/\"},{\"@type\":\"ListItem\",\"position\":2,\"name\":\"Shop\",\"item\":\"https:\/\/maison-chance.org\/shop\/shop\"},{\"@type\":\"ListItem\",\"position\":3,\"name\":\"Kem tr\u00e0 xanh\"}]},{\"@type\":\"WebSite\",\"@id\":\"https:\/\/maison-chance.org\/shop\/#website\",\"url\":\"https:\/\/maison-chance.org\/shop\/\",\"name\":\"Nh\u00e0 May M\u1eafn - Maison Chance\",\"description\":\"M\u1ecdi l\u1ee3i nhu\u1eadn thu v\u1ec1 t\u1eeb vi\u1ec7c b\u00e1n h\u00e0ng s\u1ebd tr\u00edch m\u1ed9t ph\u1ea7n \u0111\u1ec3 ch\u0103m lo cho \u0111\u1eddi s\u1ed1ng c\u00e1c b\u1ea1n khuy\u1ebft t\u1eadt v\u00e0 tr\u1ebb m\u1ed3 c\u00f4i \u1edf \u0111\u00e2y\",\"publisher\":{\"@id\":\"https:\/\/maison-chance.org\/shop\/#organization\"},\"potentialAction\":[{\"@type\":\"SearchAction\",\"target\":{\"@type\":\"EntryPoint\",\"urlTemplate\":\"https:\/\/maison-chance.org\/shop\/?s={search_term_string}\"},\"query-input\":{\"@type\":\"PropertyValueSpecification\",\"valueRequired\":true,\"valueName\":\"search_term_string\"}}],\"inLanguage\":\"vi-VN\"},{\"@type\":\"Organization\",\"@id\":\"https:\/\/maison-chance.org\/shop\/#organization\",\"name\":\"Nh\u00e0 May M\u1eafn - Maison Chance\",\"url\":\"https:\/\/maison-chance.org\/shop\/\",\"logo\":{\"@type\":\"ImageObject\",\"inLanguage\":\"vi-VN\",\"@id\":\"https:\/\/maison-chance.org\/shop\/#\/schema\/logo\/image\/\",\"url\":\"https:\/\/maison-chance.org\/shop\/wp-content\/uploads\/2024\/03\/cropped-Logo_DNXH.png\",\"contentUrl\":\"https:\/\/maison-chance.org\/shop\/wp-content\/uploads\/2024\/03\/cropped-Logo_DNXH.png\",\"width\":512,\"height\":512,\"caption\":\"Nh\u00e0 May M\u1eafn - Maison Chance\"},\"image\":{\"@id\":\"https:\/\/maison-chance.org\/shop\/#\/schema\/logo\/image\/\"},\"sameAs\":[\"https:\/\/www.facebook.com\/dnxh.nhamayman\/\"]}]}<\/script>\n<meta property=\"product:price:amount\" content=\"0.00\" \/>\n<meta property=\"product:price:currency\" content=\"USD\" \/>\n<meta property=\"og:availability\" content=\"instock\" \/>\n<meta property=\"product:availability\" content=\"instock\" \/>\n<meta property=\"product:condition\" content=\"new\" \/>\n<!-- \/ Yoast SEO Premium plugin. -->","yoast_head_json":{"title":"Kem tr\u00e0 xanh - Nh\u00e0 May M\u1eafn - Maison Chance","description":"Kem tr\u00e0 xanh t\u1eeb Nh\u00e0 May M\u1eafn kh\u00f4ng ch\u1ec9 l\u00e0 m\u1ed9t m\u00f3n tr\u00e1ng mi\u1ec7ng th\u01a1m ngon, m\u00e0 c\u00f2n l\u00e0 s\u1ef1 k\u1ebft h\u1ee3p ho\u00e0n h\u1ea3o gi\u1eefa thi\u00ean nhi\u00ean v\u00e0 tay ngh\u1ec1 tinh t\u1ebf, mang l\u1ea1i tr\u1ea3i nghi\u1ec7m v\u1ecb gi\u00e1c ho\u00e0n to\u00e0n kh\u00e1c bi\u1ec7t","robots":{"index":"index","follow":"follow","max-snippet":"max-snippet:-1","max-image-preview":"max-image-preview:large","max-video-preview":"max-video-preview:-1"},"canonical":"https:\/\/maison-chance.org\/shop\/san-pham\/kem-tra-xanh","og_locale":"vi_VN","og_type":"article","og_title":"Kem tr\u00e0 xanh","og_description":"Kem tr\u00e0 xanh t\u1eeb Nh\u00e0 May M\u1eafn kh\u00f4ng ch\u1ec9 l\u00e0 m\u1ed9t m\u00f3n tr\u00e1ng mi\u1ec7ng th\u01a1m ngon, m\u00e0 c\u00f2n l\u00e0 s\u1ef1 k\u1ebft h\u1ee3p ho\u00e0n h\u1ea3o gi\u1eefa thi\u00ean nhi\u00ean v\u00e0 tay ngh\u1ec1 tinh t\u1ebf, mang l\u1ea1i tr\u1ea3i nghi\u1ec7m v\u1ecb gi\u00e1c ho\u00e0n to\u00e0n kh\u00e1c bi\u1ec7t","og_url":"https:\/\/maison-chance.org\/shop\/san-pham\/kem-tra-xanh","og_site_name":"Nh\u00e0 May M\u1eafn - Maison Chance","article_publisher":"https:\/\/www.facebook.com\/dnxh.nhamayman\/","article_modified_time":"2024-11-12T08:53:11+00:00","og_image":[{"width":1000,"height":1000,"url":"https:\/\/maison-chance.org\/shop\/wp-content\/uploads\/2024\/04\/kem-matcha-tra-xanh.jpg","type":"image\/jpeg"}],"twitter_card":"summary_large_image","twitter_misc":{"Gi\u00e1":"","Availability":"In stock"},"schema":{"@context":"https:\/\/schema.org","@graph":[{"@type":"WebPage","@id":"https:\/\/maison-chance.org\/shop\/san-pham\/kem-tra-xanh","url":"https:\/\/maison-chance.org\/shop\/san-pham\/kem-tra-xanh","name":"Kem tr\u00e0 xanh - Nh\u00e0 May M\u1eafn - Maison Chance","isPartOf":{"@id":"https:\/\/maison-chance.org\/shop\/#website"},"primaryImageOfPage":{"@id":"https:\/\/maison-chance.org\/shop\/san-pham\/kem-tra-xanh#primaryimage"},"image":{"@id":"https:\/\/maison-chance.org\/shop\/san-pham\/kem-tra-xanh#primaryimage"},"thumbnailUrl":"https:\/\/maison-chance.org\/shop\/wp-content\/uploads\/2024\/04\/kem-matcha-tra-xanh.jpg","datePublished":"2024-11-12T02:00:27+00:00","dateModified":"2024-11-12T08:53:11+00:00","description":"Kem tr\u00e0 xanh t\u1eeb Nh\u00e0 May M\u1eafn kh\u00f4ng ch\u1ec9 l\u00e0 m\u1ed9t m\u00f3n tr\u00e1ng mi\u1ec7ng th\u01a1m ngon, m\u00e0 c\u00f2n l\u00e0 s\u1ef1 k\u1ebft h\u1ee3p ho\u00e0n h\u1ea3o gi\u1eefa thi\u00ean nhi\u00ean v\u00e0 tay ngh\u1ec1 tinh t\u1ebf, mang l\u1ea1i tr\u1ea3i nghi\u1ec7m v\u1ecb gi\u00e1c ho\u00e0n to\u00e0n kh\u00e1c bi\u1ec7t","breadcrumb":{"@id":"https:\/\/maison-chance.org\/shop\/san-pham\/kem-tra-xanh#breadcrumb"},"inLanguage":"vi-VN","potentialAction":[{"@type":"ReadAction","target":["https:\/\/maison-chance.org\/shop\/san-pham\/kem-tra-xanh"]}]},{"@type":"ImageObject","inLanguage":"vi-VN","@id":"https:\/\/maison-chance.org\/shop\/san-pham\/kem-tra-xanh#primaryimage","url":"https:\/\/maison-chance.org\/shop\/wp-content\/uploads\/2024\/04\/kem-matcha-tra-xanh.jpg","contentUrl":"https:\/\/maison-chance.org\/shop\/wp-content\/uploads\/2024\/04\/kem-matcha-tra-xanh.jpg","width":1000,"height":1000,"caption":"Kem tr\u00e0 xanh"},{"@type":"BreadcrumbList","@id":"https:\/\/maison-chance.org\/shop\/san-pham\/kem-tra-xanh#breadcrumb","itemListElement":[{"@type":"ListItem","position":1,"name":"Trang ch\u1ee7","item":"https:\/\/maison-chance.org\/shop\/"},{"@type":"ListItem","position":2,"name":"Shop","item":"https:\/\/maison-chance.org\/shop\/shop"},{"@type":"ListItem","position":3,"name":"Kem tr\u00e0 xanh"}]},{"@type":"WebSite","@id":"https:\/\/maison-chance.org\/shop\/#website","url":"https:\/\/maison-chance.org\/shop\/","name":"Nh\u00e0 May M\u1eafn - Maison Chance","description":"M\u1ecdi l\u1ee3i nhu\u1eadn thu v\u1ec1 t\u1eeb vi\u1ec7c b\u00e1n h\u00e0ng s\u1ebd tr\u00edch m\u1ed9t ph\u1ea7n \u0111\u1ec3 ch\u0103m lo cho \u0111\u1eddi s\u1ed1ng c\u00e1c b\u1ea1n khuy\u1ebft t\u1eadt v\u00e0 tr\u1ebb m\u1ed3 c\u00f4i \u1edf \u0111\u00e2y","publisher":{"@id":"https:\/\/maison-chance.org\/shop\/#organization"},"potentialAction":[{"@type":"SearchAction","target":{"@type":"EntryPoint","urlTemplate":"https:\/\/maison-chance.org\/shop\/?s={search_term_string}"},"query-input":{"@type":"PropertyValueSpecification","valueRequired":true,"valueName":"search_term_string"}}],"inLanguage":"vi-VN"},{"@type":"Organization","@id":"https:\/\/maison-chance.org\/shop\/#organization","name":"Nh\u00e0 May M\u1eafn - Maison Chance","url":"https:\/\/maison-chance.org\/shop\/","logo":{"@type":"ImageObject","inLanguage":"vi-VN","@id":"https:\/\/maison-chance.org\/shop\/#\/schema\/logo\/image\/","url":"https:\/\/maison-chance.org\/shop\/wp-content\/uploads\/2024\/03\/cropped-Logo_DNXH.png","contentUrl":"https:\/\/maison-chance.org\/shop\/wp-content\/uploads\/2024\/03\/cropped-Logo_DNXH.png","width":512,"height":512,"caption":"Nh\u00e0 May M\u1eafn - Maison Chance"},"image":{"@id":"https:\/\/maison-chance.org\/shop\/#\/schema\/logo\/image\/"},"sameAs":["https:\/\/www.facebook.com\/dnxh.nhamayman\/"]}]},"product_price_amount":"0.00","product_price_currency":"USD","og_availability":"instock","product_availability":"instock","product_condition":"new"},"_links":{"self":[{"href":"https:\/\/maison-chance.org\/shop\/wp-json\/wp\/v2\/product\/38153","targetHints":{"allow":["GET"]}}],"collection":[{"href":"https:\/\/maison-chance.org\/shop\/wp-json\/wp\/v2\/product"}],"about":[{"href":"https:\/\/maison-chance.org\/shop\/wp-json\/wp\/v2\/types\/product"}],"wp:featuredmedia":[{"embeddable":true,"href":"https:\/\/maison-chance.org\/shop\/wp-json\/wp\/v2\/media\/38154"}],"wp:attachment":[{"href":"https:\/\/maison-chance.org\/shop\/wp-json\/wp\/v2\/media?parent=38153"}],"wp:term":[{"taxonomy":"product_brand","embeddable":true,"href":"https:\/\/maison-chance.org\/shop\/wp-json\/wp\/v2\/product_brand?post=38153"},{"taxonomy":"product_cat","embeddable":true,"href":"https:\/\/maison-chance.org\/shop\/wp-json\/wp\/v2\/product_cat?post=38153"},{"taxonomy":"product_tag","embeddable":true,"href":"https:\/\/maison-chance.org\/shop\/wp-json\/wp\/v2\/product_tag?post=38153"}],"curies":[{"name":"wp","href":"https:\/\/api.w.org\/{rel}","templated":true}]}}