{"id":38168,"date":"2024-11-12T07:00:02","date_gmt":"2024-11-12T00:00:02","guid":{"rendered":"https:\/\/maison-chance.org\/shop\/?post_type=product&#038;p=38168"},"modified":"2024-11-12T14:12:32","modified_gmt":"2024-11-12T07:12:32","slug":"kem-xoai","status":"publish","type":"product","link":"https:\/\/maison-chance.org\/shop\/san-pham\/kem-xoai","title":{"rendered":"Kem xo\u00e0i"},"content":{"rendered":"<p style=\"text-align: justify;\">B\u1ea1n \u0111\u00e3 bao gi\u1edd th\u01b0\u1edfng th\u1ee9c m\u1ed9t m\u00f3n kem kh\u00f4ng ch\u1ec9 ngon mi\u1ec7ng m\u00e0 c\u00f2n ch\u1ee9a \u0111\u1ef1ng c\u00e2u chuy\u1ec7n \u0111\u1ea7y c\u1ea3m h\u1ee9ng? <a href=\"https:\/\/maison-chance.org\/shop\/phong-banh\">Kem xo\u00e0i Nh\u00e0 May M\u1eafn<\/a> ch\u00ednh l\u00e0 m\u1ed9t h\u00e0nh tr\u00ecnh nh\u01b0 th\u1ebf &#8211; n\u01a1i h\u01b0\u01a1ng v\u1ecb tinh t\u1ebf g\u1eb7p g\u1ee1 nh\u1eefng c\u00e2u chuy\u1ec7n \u0111\u1ea7y nh\u00e2n v\u0103n, \u0111\u01b0\u1ee3c t\u1ea1o n\u00ean b\u1edfi nh\u1eefng b\u00e0n tay kh\u00e9o l\u00e9o c\u1ee7a nh\u1eefng ng\u01b0\u1eddi tr\u1ebb \u0111\u1eb7c bi\u1ec7t.<\/p>\n<p style=\"text-align: justify;\">\u0110i\u1ec1u l\u00e0m n\u00ean s\u1ef1 kh\u00e1c bi\u1ec7t c\u1ee7a <a href=\"https:\/\/maison-chance.org\/shop\/san-pham\/kem-xoai\">kem xo\u00e0i<\/a> Nh\u00e0 May M\u1eafn n\u1eb1m \u1edf c\u00f4ng th\u1ee9c \u0111\u1ed9c \u0111\u00e1o v\u1edbi nh\u1eefng nguy\u00ean li\u1ec7u tuy\u1ec3n ch\u1ecdn k\u1ef9 l\u01b0\u1ee1ng. Whipping cream th\u01b0\u1ee3ng h\u1ea1ng h\u00f2a quy\u1ec7n c\u00f9ng s\u1eefa t\u01b0\u01a1i kh\u00f4ng \u0111\u01b0\u1eddng t\u1ea1o n\u00ean m\u1ed9t n\u1ec1n kem m\u1ecbn m\u00e0ng, b\u00e9o ng\u1eady t\u1ef1 nhi\u00ean. S\u1ef1 k\u1ebft h\u1ee3p tinh t\u1ebf c\u1ee7a base san marco v\u00e0 interga latte kh\u00f4ng ch\u1ec9 mang \u0111\u1ebfn \u0111\u1ed9 m\u1ecbn ho\u00e0n h\u1ea3o m\u00e0 c\u00f2n \u0111\u1ea3m b\u1ea3o k\u1ebft c\u1ea5u \u1ed5n \u0111\u1ecbnh cho t\u1eebng mu\u1ed7ng kem.<\/p>\n<p style=\"text-align: justify;\">Tr\u00e1i xo\u00e0i ch\u00edn m\u1ecdng \u0111\u01b0\u1ee3c ch\u1ecdn l\u1ecdc k\u1ef9 c\u00e0ng, mang \u0111\u1ebfn h\u01b0\u01a1ng v\u1ecb t\u1ef1 nhi\u00ean \u0111\u1eb7c tr\u01b0ng v\u00e0 m\u00e0u s\u1eafc b\u1eaft m\u1eaft cho s\u1ea3n ph\u1ea9m. Kh\u00f4ng m\u1ed9t ch\u00fat ph\u1ea9m m\u00e0u nh\u00e2n t\u1ea1o, ch\u1ec9 c\u00f3 v\u1ecb ng\u1ecdt thu\u1ea7n khi\u1ebft t\u1eeb tr\u00e1i c\u00e2y t\u01b0\u01a1i ngon.<\/p>\n<p style=\"text-align: justify;\">Khi th\u01b0\u1edfng th\u1ee9c kem xo\u00e0i Nh\u00e0 May M\u1eafn, b\u1ea1n s\u1ebd \u0111\u01b0\u1ee3c tr\u1ea3i nghi\u1ec7m m\u1ed9t h\u00e0nh tr\u00ecnh v\u1ecb gi\u00e1c \u0111\u1ea7y th\u00fa v\u1ecb. T\u1eeb kho\u1ea3nh kh\u1eafc \u0111\u1ea7u ti\u00ean, kem tan ch\u1ea3y nh\u1eb9 nh\u00e0ng tr\u00ean \u0111\u1ea7u l\u01b0\u1ee1i, \u0111\u1ec3 l\u1ea1i d\u01b0 v\u1ecb xo\u00e0i th\u01a1m ng\u00e1t. \u0110\u1ed9 b\u00e9o v\u1eeba ph\u1ea3i c\u1ee7a kem t\u01b0\u01a1i h\u00e0i h\u00f2a v\u1edbi v\u1ecb chua ng\u1ecdt t\u1ef1 nhi\u00ean c\u1ee7a xo\u00e0i, t\u1ea1o n\u00ean m\u1ed9t t\u1ed5ng th\u1ec3 ho\u00e0n h\u1ea3o kh\u00f4ng th\u1ec3 c\u01b0\u1ee1ng l\u1ea1i.<\/p>\n<p style=\"text-align: justify;\">V\u1edbi hai l\u1ef1a ch\u1ecdn \u0111\u00f3ng g\u00f3i 300gr v\u00e0 500gr, <a href=\"https:\/\/maison-chance.org\/shop\/kem-tuoi\">kem t\u01b0\u01a1i<\/a> xo\u00e0i Nh\u00e0 May M\u1eafn ph\u00f9 h\u1ee3p cho m\u1ecdi d\u1ecbp th\u01b0\u1edfng th\u1ee9c &#8211; t\u1eeb nh\u1eefng ph\u00fat gi\u00e2y ri\u00eang t\u01b0 \u0111\u1ebfn nh\u1eefng bu\u1ed5i sum v\u1ea7y gia \u0111\u00ecnh. H\u1ed9p \u0111\u1ef1ng \u0111\u01b0\u1ee3c thi\u1ebft k\u1ebf chuy\u00ean nghi\u1ec7p, \u0111\u1ea3m b\u1ea3o kem lu\u00f4n gi\u1eef \u0111\u01b0\u1ee3c \u0111\u1ed9 t\u01b0\u01a1i ngon trong \u0111i\u1ec1u ki\u1ec7n b\u1ea3o qu\u1ea3n l\u1ea1nh.<\/p>\n<p style=\"text-align: justify;\">M\u1ed7i h\u1ed9p kem xo\u00e0i Nh\u00e0 May M\u1eafn l\u00e0 k\u1ebft tinh c\u1ee7a ni\u1ec1m \u0111am m\u00ea v\u00e0 kh\u00e1t v\u1ecdng v\u01b0\u01a1n l\u00ean. \u0110\u1eb1ng sau nh\u1eefng h\u1ed9p kem th\u01a1m ngon l\u00e0 c\u00e2u chuy\u1ec7n v\u1ec1 ngh\u1ecb l\u1ef1c phi th\u01b0\u1eddng c\u1ee7a nh\u1eefng ng\u01b0\u1eddi tr\u1ebb \u0111\u1eb7c bi\u1ec7t, nh\u1eefng ng\u01b0\u1eddi \u0111\u00e3 v\u00e0 \u0111ang n\u1ed7 l\u1ef1c kh\u00f4ng ng\u1eebng \u0111\u1ec3 h\u00f2a nh\u1eadp v\u1edbi c\u1ed9ng \u0111\u1ed3ng qua vi\u1ec7c h\u1ecdc h\u1ecfi v\u00e0 r\u00e8n luy\u1ec7n k\u1ef9 n\u0103ng l\u00e0m b\u00e1nh, l\u00e0m kem.<\/p>\n<p style=\"text-align: justify;\">T\u1eebng quy tr\u00ecnh s\u1ea3n xu\u1ea5t \u0111\u01b0\u1ee3c th\u1ef1c hi\u1ec7n t\u1ec9 m\u1ec9 d\u01b0\u1edbi s\u1ef1 gi\u00e1m s\u00e1t chuy\u00ean nghi\u1ec7p, \u0111\u1ea3m b\u1ea3o m\u1ed7i h\u1ed9p kem kh\u00f4ng ch\u1ec9 ngon mi\u1ec7ng m\u00e0 c\u00f2n an to\u00e0n v\u1ec7 sinh. \u0110\u00e2y kh\u00f4ng \u0111\u01a1n thu\u1ea7n l\u00e0 m\u1ed9t s\u1ea3n ph\u1ea9m th\u01b0\u01a1ng m\u1ea1i &#8211; \u0111\u00f3 l\u00e0 th\u00e0nh qu\u1ea3 c\u1ee7a t\u00ecnh y\u00eau th\u01b0\u01a1ng, s\u1ef1 ki\u00ean tr\u00ec v\u00e0 nh\u1eefng \u01b0\u1edbc m\u01a1 \u0111ang d\u1ea7n th\u00e0nh hi\u1ec7n th\u1ef1c.<\/p>\n<p style=\"text-align: justify;\">Khi b\u1ea1n ch\u1ecdn kem xo\u00e0i <a href=\"https:\/\/maison-chance.org\/shop\">Nh\u00e0 May M\u1eafn<\/a>, b\u1ea1n kh\u00f4ng ch\u1ec9 \u0111ang th\u01b0\u1edfng th\u1ee9c m\u1ed9t m\u00f3n tr\u00e1ng mi\u1ec7ng tuy\u1ec7t h\u1ea3o m\u00e0 c\u00f2n \u0111ang g\u00f3p ph\u1ea7n v\u00e0o h\u00e0nh tr\u00ecnh \u00fd ngh\u0129a c\u1ee7a nh\u1eefng ng\u01b0\u1eddi tr\u1ebb \u0111\u1eb7c bi\u1ec7t. M\u1ed7i h\u1ed9p kem \u0111\u01b0\u1ee3c b\u00e1n ra l\u00e0 m\u1ed9t c\u01a1 h\u1ed9i vi\u1ec7c l\u00e0m, m\u1ed9t ni\u1ec1m tin v\u00e0 \u0111\u1ed9ng l\u1ef1c \u0111\u1ec3 h\u1ecd ti\u1ebfp t\u1ee5c ph\u00e1t tri\u1ec3n.<\/p>\n","protected":false},"excerpt":{"rendered":"<p style=\"text-align: justify;\">S\u1ea3n ph\u1ea9m kem t\u01b0\u01a1i \u0111\u01b0\u1ee3c l\u00e0m t\u1eeb c\u00e1c b\u1ea1n tr\u1ebb m\u1ed3 c\u00f4i hi\u1ec7n \u0111ang \u0111\u01b0\u1ee3c Nh\u00e0 May M\u1eafn \u2013 Maison Chance nu\u00f4i d\u01b0\u1ee1ng. K\u00ednh mong nh\u1eadn \u0111\u01b0\u1ee3c s\u1ef1 \u1ee7ng h\u1ed9 c\u1ee7a Qu\u00fd kh\u00e1ch!<\/p>\n<p style=\"text-align: justify;\">H\u1ed9p nh\u1ecf 300gr:\u00a0<span style=\"font-size: 115%; color: #ed1c24;\"><strong>79.000 vn\u0111<\/strong><\/span><\/p>\n<p style=\"text-align: justify;\">H\u1ed9p l\u1edbn 500gr:\u00a0<span style=\"font-size: 115%; color: #ed1c24;\"><strong>99.000 vn\u0111<\/strong><\/span><\/p>\n<p style=\"text-align: justify;\">Hotline :\u00a0<span style=\"font-size: 115%; color: #ed1c24;\"><strong>090 906 2528<\/strong><\/span><\/p>\n","protected":false},"featured_media":38169,"template":"","meta":[],"product_brand":[],"product_cat":[156,150],"product_tag":[],"class_list":{"0":"post-38168","1":"product","2":"type-product","3":"status-publish","4":"has-post-thumbnail","6":"product_cat-kem-tuoi","7":"product_cat-phong-banh","9":"first","10":"instock","11":"shipping-taxable","12":"product-type-simple"},"yoast_head":"<!-- This site is optimized with the Yoast SEO Premium plugin v22.7 (Yoast SEO v25.3.1) - https:\/\/yoast.com\/wordpress\/plugins\/seo\/ -->\n<title>Kem xo\u00e0i - Nh\u00e0 May M\u1eafn - Maison Chance<\/title>\n<meta name=\"description\" content=\"\u0110i\u1ec1u l\u00e0m n\u00ean s\u1ef1 kh\u00e1c bi\u1ec7t c\u1ee7a kem xo\u00e0i Nh\u00e0 May M\u1eafn n\u1eb1m \u1edf c\u00f4ng th\u1ee9c \u0111\u1ed9c \u0111\u00e1o v\u1edbi nh\u1eefng nguy\u00ean li\u1ec7u tuy\u1ec3n ch\u1ecdn k\u1ef9 l\u01b0\u1ee1ng. Whipping cream th\u01b0\u1ee3ng h\u1ea1ng h\u00f2a quy\u1ec7n c\u00f9ng s\u1eefa t\u01b0\u01a1i kh\u00f4ng \u0111\u01b0\u1eddng t\u1ea1o n\u00ean m\u1ed9t n\u1ec1n kem m\u1ecbn m\u00e0ng, b\u00e9o ng\u1eady t\u1ef1 nhi\u00ean\" \/>\n<meta name=\"robots\" content=\"index, follow, max-snippet:-1, max-image-preview:large, max-video-preview:-1\" \/>\n<link rel=\"canonical\" href=\"https:\/\/maison-chance.org\/shop\/san-pham\/kem-xoai\" \/>\n<meta property=\"og:locale\" content=\"vi_VN\" \/>\n<meta property=\"og:type\" content=\"article\" \/>\n<meta property=\"og:title\" content=\"Kem xo\u00e0i\" \/>\n<meta property=\"og:description\" content=\"\u0110i\u1ec1u l\u00e0m n\u00ean s\u1ef1 kh\u00e1c bi\u1ec7t c\u1ee7a kem xo\u00e0i Nh\u00e0 May M\u1eafn n\u1eb1m \u1edf c\u00f4ng th\u1ee9c \u0111\u1ed9c \u0111\u00e1o v\u1edbi nh\u1eefng nguy\u00ean li\u1ec7u tuy\u1ec3n ch\u1ecdn k\u1ef9 l\u01b0\u1ee1ng. Whipping cream th\u01b0\u1ee3ng h\u1ea1ng h\u00f2a quy\u1ec7n c\u00f9ng s\u1eefa t\u01b0\u01a1i kh\u00f4ng \u0111\u01b0\u1eddng t\u1ea1o n\u00ean m\u1ed9t n\u1ec1n kem m\u1ecbn m\u00e0ng, b\u00e9o ng\u1eady t\u1ef1 nhi\u00ean\" \/>\n<meta property=\"og:url\" content=\"https:\/\/maison-chance.org\/shop\/san-pham\/kem-xoai\" \/>\n<meta property=\"og:site_name\" content=\"Nh\u00e0 May M\u1eafn - Maison Chance\" \/>\n<meta property=\"article:publisher\" content=\"https:\/\/www.facebook.com\/dnxh.nhamayman\/\" \/>\n<meta property=\"article:modified_time\" content=\"2024-11-12T07:12:32+00:00\" \/>\n<meta property=\"og:image\" content=\"https:\/\/maison-chance.org\/shop\/wp-content\/uploads\/2024\/04\/kem-xoai.jpg\" \/>\n\t<meta property=\"og:image:width\" content=\"1000\" \/>\n\t<meta property=\"og:image:height\" content=\"1000\" \/>\n\t<meta property=\"og:image:type\" content=\"image\/jpeg\" \/>\n<meta name=\"twitter:card\" content=\"summary_large_image\" \/>\n<meta name=\"twitter:label1\" content=\"Gi\u00e1\" \/>\n\t<meta name=\"twitter:data1\" content=\"\" \/>\n\t<meta name=\"twitter:label2\" content=\"Availability\" \/>\n\t<meta name=\"twitter:data2\" content=\"In stock\" \/>\n<script type=\"application\/ld+json\" class=\"yoast-schema-graph\">{\"@context\":\"https:\/\/schema.org\",\"@graph\":[{\"@type\":\"WebPage\",\"@id\":\"https:\/\/maison-chance.org\/shop\/san-pham\/kem-xoai\",\"url\":\"https:\/\/maison-chance.org\/shop\/san-pham\/kem-xoai\",\"name\":\"Kem xo\u00e0i - Nh\u00e0 May M\u1eafn - Maison Chance\",\"isPartOf\":{\"@id\":\"https:\/\/maison-chance.org\/shop\/#website\"},\"primaryImageOfPage\":{\"@id\":\"https:\/\/maison-chance.org\/shop\/san-pham\/kem-xoai#primaryimage\"},\"image\":{\"@id\":\"https:\/\/maison-chance.org\/shop\/san-pham\/kem-xoai#primaryimage\"},\"thumbnailUrl\":\"https:\/\/maison-chance.org\/shop\/wp-content\/uploads\/2024\/04\/kem-xoai.jpg\",\"datePublished\":\"2024-11-12T00:00:02+00:00\",\"dateModified\":\"2024-11-12T07:12:32+00:00\",\"description\":\"\u0110i\u1ec1u l\u00e0m n\u00ean s\u1ef1 kh\u00e1c bi\u1ec7t c\u1ee7a kem xo\u00e0i Nh\u00e0 May M\u1eafn n\u1eb1m \u1edf c\u00f4ng th\u1ee9c \u0111\u1ed9c \u0111\u00e1o v\u1edbi nh\u1eefng nguy\u00ean li\u1ec7u tuy\u1ec3n ch\u1ecdn k\u1ef9 l\u01b0\u1ee1ng. Whipping cream th\u01b0\u1ee3ng h\u1ea1ng h\u00f2a quy\u1ec7n c\u00f9ng s\u1eefa t\u01b0\u01a1i kh\u00f4ng \u0111\u01b0\u1eddng t\u1ea1o n\u00ean m\u1ed9t n\u1ec1n kem m\u1ecbn m\u00e0ng, b\u00e9o ng\u1eady t\u1ef1 nhi\u00ean\",\"breadcrumb\":{\"@id\":\"https:\/\/maison-chance.org\/shop\/san-pham\/kem-xoai#breadcrumb\"},\"inLanguage\":\"vi-VN\",\"potentialAction\":[{\"@type\":\"ReadAction\",\"target\":[\"https:\/\/maison-chance.org\/shop\/san-pham\/kem-xoai\"]}]},{\"@type\":\"ImageObject\",\"inLanguage\":\"vi-VN\",\"@id\":\"https:\/\/maison-chance.org\/shop\/san-pham\/kem-xoai#primaryimage\",\"url\":\"https:\/\/maison-chance.org\/shop\/wp-content\/uploads\/2024\/04\/kem-xoai.jpg\",\"contentUrl\":\"https:\/\/maison-chance.org\/shop\/wp-content\/uploads\/2024\/04\/kem-xoai.jpg\",\"width\":1000,\"height\":1000,\"caption\":\"Kem xo\u00e0i\"},{\"@type\":\"BreadcrumbList\",\"@id\":\"https:\/\/maison-chance.org\/shop\/san-pham\/kem-xoai#breadcrumb\",\"itemListElement\":[{\"@type\":\"ListItem\",\"position\":1,\"name\":\"Trang ch\u1ee7\",\"item\":\"https:\/\/maison-chance.org\/shop\/\"},{\"@type\":\"ListItem\",\"position\":2,\"name\":\"Shop\",\"item\":\"https:\/\/maison-chance.org\/shop\/shop\"},{\"@type\":\"ListItem\",\"position\":3,\"name\":\"Kem xo\u00e0i\"}]},{\"@type\":\"WebSite\",\"@id\":\"https:\/\/maison-chance.org\/shop\/#website\",\"url\":\"https:\/\/maison-chance.org\/shop\/\",\"name\":\"Nh\u00e0 May M\u1eafn - Maison Chance\",\"description\":\"M\u1ecdi l\u1ee3i nhu\u1eadn thu v\u1ec1 t\u1eeb vi\u1ec7c b\u00e1n h\u00e0ng s\u1ebd tr\u00edch m\u1ed9t ph\u1ea7n \u0111\u1ec3 ch\u0103m lo cho \u0111\u1eddi s\u1ed1ng c\u00e1c b\u1ea1n khuy\u1ebft t\u1eadt v\u00e0 tr\u1ebb m\u1ed3 c\u00f4i \u1edf \u0111\u00e2y\",\"publisher\":{\"@id\":\"https:\/\/maison-chance.org\/shop\/#organization\"},\"potentialAction\":[{\"@type\":\"SearchAction\",\"target\":{\"@type\":\"EntryPoint\",\"urlTemplate\":\"https:\/\/maison-chance.org\/shop\/?s={search_term_string}\"},\"query-input\":{\"@type\":\"PropertyValueSpecification\",\"valueRequired\":true,\"valueName\":\"search_term_string\"}}],\"inLanguage\":\"vi-VN\"},{\"@type\":\"Organization\",\"@id\":\"https:\/\/maison-chance.org\/shop\/#organization\",\"name\":\"Nh\u00e0 May M\u1eafn - Maison Chance\",\"url\":\"https:\/\/maison-chance.org\/shop\/\",\"logo\":{\"@type\":\"ImageObject\",\"inLanguage\":\"vi-VN\",\"@id\":\"https:\/\/maison-chance.org\/shop\/#\/schema\/logo\/image\/\",\"url\":\"https:\/\/maison-chance.org\/shop\/wp-content\/uploads\/2024\/03\/cropped-Logo_DNXH.png\",\"contentUrl\":\"https:\/\/maison-chance.org\/shop\/wp-content\/uploads\/2024\/03\/cropped-Logo_DNXH.png\",\"width\":512,\"height\":512,\"caption\":\"Nh\u00e0 May M\u1eafn - Maison Chance\"},\"image\":{\"@id\":\"https:\/\/maison-chance.org\/shop\/#\/schema\/logo\/image\/\"},\"sameAs\":[\"https:\/\/www.facebook.com\/dnxh.nhamayman\/\"]}]}<\/script>\n<meta property=\"product:price:amount\" content=\"0.00\" \/>\n<meta property=\"product:price:currency\" content=\"USD\" \/>\n<meta property=\"og:availability\" content=\"instock\" \/>\n<meta property=\"product:availability\" content=\"instock\" \/>\n<meta property=\"product:condition\" content=\"new\" \/>\n<!-- \/ Yoast SEO Premium plugin. -->","yoast_head_json":{"title":"Kem xo\u00e0i - Nh\u00e0 May M\u1eafn - Maison Chance","description":"\u0110i\u1ec1u l\u00e0m n\u00ean s\u1ef1 kh\u00e1c bi\u1ec7t c\u1ee7a kem xo\u00e0i Nh\u00e0 May M\u1eafn n\u1eb1m \u1edf c\u00f4ng th\u1ee9c \u0111\u1ed9c \u0111\u00e1o v\u1edbi nh\u1eefng nguy\u00ean li\u1ec7u tuy\u1ec3n ch\u1ecdn k\u1ef9 l\u01b0\u1ee1ng. Whipping cream th\u01b0\u1ee3ng h\u1ea1ng h\u00f2a quy\u1ec7n c\u00f9ng s\u1eefa t\u01b0\u01a1i kh\u00f4ng \u0111\u01b0\u1eddng t\u1ea1o n\u00ean m\u1ed9t n\u1ec1n kem m\u1ecbn m\u00e0ng, b\u00e9o ng\u1eady t\u1ef1 nhi\u00ean","robots":{"index":"index","follow":"follow","max-snippet":"max-snippet:-1","max-image-preview":"max-image-preview:large","max-video-preview":"max-video-preview:-1"},"canonical":"https:\/\/maison-chance.org\/shop\/san-pham\/kem-xoai","og_locale":"vi_VN","og_type":"article","og_title":"Kem xo\u00e0i","og_description":"\u0110i\u1ec1u l\u00e0m n\u00ean s\u1ef1 kh\u00e1c bi\u1ec7t c\u1ee7a kem xo\u00e0i Nh\u00e0 May M\u1eafn n\u1eb1m \u1edf c\u00f4ng th\u1ee9c \u0111\u1ed9c \u0111\u00e1o v\u1edbi nh\u1eefng nguy\u00ean li\u1ec7u tuy\u1ec3n ch\u1ecdn k\u1ef9 l\u01b0\u1ee1ng. Whipping cream th\u01b0\u1ee3ng h\u1ea1ng h\u00f2a quy\u1ec7n c\u00f9ng s\u1eefa t\u01b0\u01a1i kh\u00f4ng \u0111\u01b0\u1eddng t\u1ea1o n\u00ean m\u1ed9t n\u1ec1n kem m\u1ecbn m\u00e0ng, b\u00e9o ng\u1eady t\u1ef1 nhi\u00ean","og_url":"https:\/\/maison-chance.org\/shop\/san-pham\/kem-xoai","og_site_name":"Nh\u00e0 May M\u1eafn - Maison Chance","article_publisher":"https:\/\/www.facebook.com\/dnxh.nhamayman\/","article_modified_time":"2024-11-12T07:12:32+00:00","og_image":[{"width":1000,"height":1000,"url":"https:\/\/maison-chance.org\/shop\/wp-content\/uploads\/2024\/04\/kem-xoai.jpg","type":"image\/jpeg"}],"twitter_card":"summary_large_image","twitter_misc":{"Gi\u00e1":"","Availability":"In stock"},"schema":{"@context":"https:\/\/schema.org","@graph":[{"@type":"WebPage","@id":"https:\/\/maison-chance.org\/shop\/san-pham\/kem-xoai","url":"https:\/\/maison-chance.org\/shop\/san-pham\/kem-xoai","name":"Kem xo\u00e0i - Nh\u00e0 May M\u1eafn - Maison Chance","isPartOf":{"@id":"https:\/\/maison-chance.org\/shop\/#website"},"primaryImageOfPage":{"@id":"https:\/\/maison-chance.org\/shop\/san-pham\/kem-xoai#primaryimage"},"image":{"@id":"https:\/\/maison-chance.org\/shop\/san-pham\/kem-xoai#primaryimage"},"thumbnailUrl":"https:\/\/maison-chance.org\/shop\/wp-content\/uploads\/2024\/04\/kem-xoai.jpg","datePublished":"2024-11-12T00:00:02+00:00","dateModified":"2024-11-12T07:12:32+00:00","description":"\u0110i\u1ec1u l\u00e0m n\u00ean s\u1ef1 kh\u00e1c bi\u1ec7t c\u1ee7a kem xo\u00e0i Nh\u00e0 May M\u1eafn n\u1eb1m \u1edf c\u00f4ng th\u1ee9c \u0111\u1ed9c \u0111\u00e1o v\u1edbi nh\u1eefng nguy\u00ean li\u1ec7u tuy\u1ec3n ch\u1ecdn k\u1ef9 l\u01b0\u1ee1ng. Whipping cream th\u01b0\u1ee3ng h\u1ea1ng h\u00f2a quy\u1ec7n c\u00f9ng s\u1eefa t\u01b0\u01a1i kh\u00f4ng \u0111\u01b0\u1eddng t\u1ea1o n\u00ean m\u1ed9t n\u1ec1n kem m\u1ecbn m\u00e0ng, b\u00e9o ng\u1eady t\u1ef1 nhi\u00ean","breadcrumb":{"@id":"https:\/\/maison-chance.org\/shop\/san-pham\/kem-xoai#breadcrumb"},"inLanguage":"vi-VN","potentialAction":[{"@type":"ReadAction","target":["https:\/\/maison-chance.org\/shop\/san-pham\/kem-xoai"]}]},{"@type":"ImageObject","inLanguage":"vi-VN","@id":"https:\/\/maison-chance.org\/shop\/san-pham\/kem-xoai#primaryimage","url":"https:\/\/maison-chance.org\/shop\/wp-content\/uploads\/2024\/04\/kem-xoai.jpg","contentUrl":"https:\/\/maison-chance.org\/shop\/wp-content\/uploads\/2024\/04\/kem-xoai.jpg","width":1000,"height":1000,"caption":"Kem xo\u00e0i"},{"@type":"BreadcrumbList","@id":"https:\/\/maison-chance.org\/shop\/san-pham\/kem-xoai#breadcrumb","itemListElement":[{"@type":"ListItem","position":1,"name":"Trang ch\u1ee7","item":"https:\/\/maison-chance.org\/shop\/"},{"@type":"ListItem","position":2,"name":"Shop","item":"https:\/\/maison-chance.org\/shop\/shop"},{"@type":"ListItem","position":3,"name":"Kem xo\u00e0i"}]},{"@type":"WebSite","@id":"https:\/\/maison-chance.org\/shop\/#website","url":"https:\/\/maison-chance.org\/shop\/","name":"Nh\u00e0 May M\u1eafn - Maison Chance","description":"M\u1ecdi l\u1ee3i nhu\u1eadn thu v\u1ec1 t\u1eeb vi\u1ec7c b\u00e1n h\u00e0ng s\u1ebd tr\u00edch m\u1ed9t ph\u1ea7n \u0111\u1ec3 ch\u0103m lo cho \u0111\u1eddi s\u1ed1ng c\u00e1c b\u1ea1n khuy\u1ebft t\u1eadt v\u00e0 tr\u1ebb m\u1ed3 c\u00f4i \u1edf \u0111\u00e2y","publisher":{"@id":"https:\/\/maison-chance.org\/shop\/#organization"},"potentialAction":[{"@type":"SearchAction","target":{"@type":"EntryPoint","urlTemplate":"https:\/\/maison-chance.org\/shop\/?s={search_term_string}"},"query-input":{"@type":"PropertyValueSpecification","valueRequired":true,"valueName":"search_term_string"}}],"inLanguage":"vi-VN"},{"@type":"Organization","@id":"https:\/\/maison-chance.org\/shop\/#organization","name":"Nh\u00e0 May M\u1eafn - Maison Chance","url":"https:\/\/maison-chance.org\/shop\/","logo":{"@type":"ImageObject","inLanguage":"vi-VN","@id":"https:\/\/maison-chance.org\/shop\/#\/schema\/logo\/image\/","url":"https:\/\/maison-chance.org\/shop\/wp-content\/uploads\/2024\/03\/cropped-Logo_DNXH.png","contentUrl":"https:\/\/maison-chance.org\/shop\/wp-content\/uploads\/2024\/03\/cropped-Logo_DNXH.png","width":512,"height":512,"caption":"Nh\u00e0 May M\u1eafn - Maison Chance"},"image":{"@id":"https:\/\/maison-chance.org\/shop\/#\/schema\/logo\/image\/"},"sameAs":["https:\/\/www.facebook.com\/dnxh.nhamayman\/"]}]},"product_price_amount":"0.00","product_price_currency":"USD","og_availability":"instock","product_availability":"instock","product_condition":"new"},"_links":{"self":[{"href":"https:\/\/maison-chance.org\/shop\/wp-json\/wp\/v2\/product\/38168","targetHints":{"allow":["GET"]}}],"collection":[{"href":"https:\/\/maison-chance.org\/shop\/wp-json\/wp\/v2\/product"}],"about":[{"href":"https:\/\/maison-chance.org\/shop\/wp-json\/wp\/v2\/types\/product"}],"wp:featuredmedia":[{"embeddable":true,"href":"https:\/\/maison-chance.org\/shop\/wp-json\/wp\/v2\/media\/38169"}],"wp:attachment":[{"href":"https:\/\/maison-chance.org\/shop\/wp-json\/wp\/v2\/media?parent=38168"}],"wp:term":[{"taxonomy":"product_brand","embeddable":true,"href":"https:\/\/maison-chance.org\/shop\/wp-json\/wp\/v2\/product_brand?post=38168"},{"taxonomy":"product_cat","embeddable":true,"href":"https:\/\/maison-chance.org\/shop\/wp-json\/wp\/v2\/product_cat?post=38168"},{"taxonomy":"product_tag","embeddable":true,"href":"https:\/\/maison-chance.org\/shop\/wp-json\/wp\/v2\/product_tag?post=38168"}],"curies":[{"name":"wp","href":"https:\/\/api.w.org\/{rel}","templated":true}]}}