{"id":39437,"date":"2024-06-06T04:48:18","date_gmt":"2024-06-05T21:48:18","guid":{"rendered":"https:\/\/maison-chance.org\/shop?post_type=product&#038;p=39437"},"modified":"2024-06-06T05:01:10","modified_gmt":"2024-06-05T22:01:10","slug":"banh-pizza","status":"publish","type":"product","link":"https:\/\/maison-chance.org\/shop\/san-pham\/banh-pizza","title":{"rendered":"B\u00e1nh pizza"},"content":{"rendered":"<p style=\"text-align: center;\">Th\u01b0\u1edfng Th\u1ee9c H\u01b0\u01a1ng V\u1ecb Tuy\u1ec7t V\u1eddi C\u1ee7a <a href=\"https:\/\/maison-chance.org\/shop\/san-pham\/banh-pizza\">B\u00e1nh Pizza<\/a> T\u1ea1i Nh\u00e0 May M\u1eafn &#8211; Maison Chance<\/p>\n<p style=\"text-align: justify;\">Khi nh\u1eafc \u0111\u1ebfn b\u00e1nh pizza, kh\u00f4ng ai c\u00f3 th\u1ec3 c\u01b0\u1ee1ng l\u1ea1i s\u1ee9c h\u1ea5p d\u1eabn t\u1eeb nh\u1eefng l\u00e1t b\u00e1nh th\u01a1m ngon, gi\u00f2n r\u1ee5m k\u1ebft h\u1ee3p c\u00f9ng l\u1edbp ph\u1ee7 phong ph\u00fa v\u00e0 \u0111\u1eadm \u0111\u00e0. T\u1ea1i Nh\u00e0 May M\u1eafn &#8211; Maison Chance, ch\u00fang t\u00f4i t\u1ef1 h\u00e0o mang \u0111\u1ebfn cho b\u1ea1n nh\u1eefng chi\u1ebfc b\u00e1nh pizza ch\u1ea5t l\u01b0\u1ee3ng, kh\u00f4ng ch\u1ec9 ngon mi\u1ec7ng m\u00e0 c\u00f2n \u0111\u1eadm \u0111\u00e0 t\u00ecnh y\u00eau v\u00e0 s\u1ef1 ch\u0103m s\u00f3c trong t\u1eebng chi ti\u1ebft.<\/p>\n<p style=\"text-align: justify;\"><strong>H\u01b0\u01a1ng V\u1ecb \u0110\u1ed9c \u0110\u00e1o C\u1ee7a B\u00e1nh Pizza Maison Chance<\/strong><\/p>\n<p><em>Th\u00e0nh ph\u1ea7n ch\u00ednh:<\/em><\/p>\n<p style=\"text-align: justify;\">B\u1ed9t m\u00ec: \u0110\u01b0\u1ee3c ch\u1ecdn l\u1ecdc k\u1ef9 c\u00e0ng, b\u1ed9t m\u00ec c\u1ee7a ch\u00fang t\u00f4i \u0111\u1ea3m b\u1ea3o \u0111\u1ed9 m\u1ecbn v\u00e0 \u0111\u1ed9 gi\u00f2n ho\u00e0n h\u1ea3o cho \u0111\u1ebf b\u00e1nh.<\/p>\n<p style=\"text-align: justify;\">Tr\u1ee9ng: Gi\u00fap t\u0103ng c\u01b0\u1eddng \u0111\u1ed9 m\u1ec1m m\u1ea1i v\u00e0 \u0111\u1ed9 k\u1ebft d\u00ednh c\u1ee7a b\u1ed9t.<\/p>\n<p style=\"text-align: justify;\">\u0110\u01b0\u1eddng v\u00e0 men n\u1edf: Gi\u00fap b\u1ed9t b\u00e1nh c\u00f3 \u0111\u1ed9 ph\u1ed3ng, m\u1ec1m m\u1ecbn v\u00e0 h\u1ea5p d\u1eabn.<\/p>\n<p style=\"text-align: justify;\">C\u00e0 chua: T\u01b0\u01a1i ngon, gi\u00e0u vitamin, t\u1ea1o n\u00ean l\u1edbp s\u1ed1t \u0111\u1eadm \u0111\u00e0.<\/p>\n<p style=\"text-align: justify;\">Th\u1ecbt ngu\u1ed9i v\u00e0 x\u00fac x\u00edch: Ch\u1ecdn l\u1ecdc t\u1eeb nh\u1eefng ngu\u1ed3n cung c\u1ea5p uy t\u00edn, \u0111\u1ea3m b\u1ea3o v\u1ec7 sinh an to\u00e0n th\u1ef1c ph\u1ea9m.<\/p>\n<p style=\"text-align: justify;\"><a href=\"https:\/\/maison-chance.org\/shop\/phong-banh\">B\u00e1nh pizza\u00a0 Nh\u00e0 May M\u1eafn<\/a> &#8211; Maison Chance \u0111\u01b0\u1ee3c n\u01b0\u1edbng trong l\u00f2 \u0111\u1ea1t chu\u1ea9n, \u0111\u1ea3m b\u1ea3o m\u1ed7i chi\u1ebfc b\u00e1nh \u0111\u1ec1u c\u00f3 l\u1edbp v\u1ecf gi\u00f2n tan, k\u1ebft h\u1ee3p c\u00f9ng l\u1edbp ph\u00f4 mai ch\u1ea3y m\u1ecbn, th\u01a1m b\u00e9o. Khi th\u01b0\u1edfng th\u1ee9c, b\u1ea1n s\u1ebd c\u1ea3m nh\u1eadn \u0111\u01b0\u1ee3c s\u1ef1 h\u00f2a quy\u1ec7n tinh t\u1ebf gi\u1eefa v\u1ecb ng\u1ecdt c\u1ee7a c\u00e0 chua, v\u1ecb m\u1eb7n c\u1ee7a th\u1ecbt ngu\u1ed9i v\u00e0 x\u00fac x\u00edch, c\u00f9ng h\u01b0\u01a1ng v\u1ecb \u0111\u1eb7c tr\u01b0ng c\u1ee7a b\u1ed9t m\u00ec n\u01b0\u1edbng v\u00e0ng.<\/p>\n<p><strong>T\u1ea1i Sao B\u1ea1n N\u00ean Ch\u1ecdn B\u00e1nh Pizza C\u1ee7a Nh\u00e0 May M\u1eafn &#8211; Maison Chance?<\/strong><\/p>\n<p style=\"text-align: justify;\">Ch\u1ea5t l\u01b0\u1ee3ng \u0111\u1ea3m b\u1ea3o: M\u1ed7i chi\u1ebfc b\u00e1nh pizza \u0111\u01b0\u1ee3c l\u00e0m t\u1eeb nguy\u00ean li\u1ec7u t\u01b0\u01a1i ngon, \u0111\u1ea3m b\u1ea3o v\u1ec7 sinh an to\u00e0n th\u1ef1c ph\u1ea9m.<br \/>\nH\u01b0\u01a1ng v\u1ecb \u0111\u1ed9c \u0111\u00e1o: V\u1edbi c\u00f4ng th\u1ee9c ri\u00eang bi\u1ec7t, b\u00e1nh pizza c\u1ee7a ch\u00fang t\u00f4i mang \u0111\u1ebfn h\u01b0\u01a1ng v\u1ecb \u0111\u1eadm \u0111\u00e0, kh\u00f3 qu\u00ean.<\/p>\n<p style=\"text-align: justify;\">Gi\u00e1 c\u1ea3 h\u1ee3p l\u00fd: Ch\u00fang t\u00f4i lu\u00f4n mong mu\u1ed1n mang l\u1ea1i cho kh\u00e1ch h\u00e0ng s\u1ea3n ph\u1ea9m ch\u1ea5t l\u01b0\u1ee3ng v\u1edbi gi\u00e1 c\u1ea3 ph\u1ea3i ch\u0103ng.<\/p>\n<p style=\"text-align: justify;\">\u1ee6ng h\u1ed9 c\u1ed9ng \u0111\u1ed3ng: Khi mua s\u1ea3n ph\u1ea9m <a href=\"https:\/\/maison-chance.org\/shop\/banh-man\">b\u00e1nh m\u1eb7n<\/a> t\u1eeb Nh\u00e0 May M\u1eafn &#8211; Maison Chance, b\u1ea1n kh\u00f4ng ch\u1ec9 th\u01b0\u1edfng th\u1ee9c b\u00e1nh pizza ngon m\u00e0 c\u00f2n g\u00f3p ph\u1ea7n h\u1ed7 tr\u1ee3 cho nh\u1eefng ng\u01b0\u1eddi c\u00f3 ho\u00e0n c\u1ea3nh kh\u00f3 kh\u0103n.<\/p>\n<p><strong>H\u00e3y Th\u1eed Ngay B\u00e1nh Pizza Maison Chance H\u00f4m Nay!<\/strong><\/p>\n<p style=\"text-align: justify;\">\u0110\u1eebng b\u1ecf l\u1ee1 c\u01a1 h\u1ed9i th\u01b0\u1edfng th\u1ee9c nh\u1eefng chi\u1ebfc b\u00e1nh pizza tuy\u1ec7t v\u1eddi n\u00e0y. H\u00e3y \u0111\u1ebfn ngay Nh\u00e0 May M\u1eafn &#8211; Maison Chance \u0111\u1ec3 tr\u1ea3i nghi\u1ec7m h\u01b0\u01a1ng v\u1ecb \u0111\u1ed9c \u0111\u00e1o v\u00e0 kh\u00e1c bi\u1ec7t. Ch\u00fang t\u00f4i cam k\u1ebft s\u1ebd mang \u0111\u1ebfn cho b\u1ea1n m\u1ed9t tr\u1ea3i nghi\u1ec7m \u1ea9m th\u1ef1c kh\u00f3 qu\u00ean. \u0110\u1eb7c bi\u1ec7t, khi mua h\u00e0ng t\u1ea1i Maison Chance, b\u1ea1n kh\u00f4ng ch\u1ec9 t\u1eadn h\u01b0\u1edfng m\u00f3n \u0103n ngon m\u00e0 c\u00f2n g\u00f3p ph\u1ea7n \u1ee7ng h\u1ed9 nh\u1eefng ho\u00e0n c\u1ea3nh kh\u00f3 kh\u0103n, gi\u00fap h\u1ecd c\u00f3 c\u01a1 h\u1ed9i v\u01b0\u01a1n l\u00ean trong cu\u1ed9c s\u1ed1ng.<\/p>\n<p style=\"text-align: justify;\">H\u00e3y g\u1ecdi ngay cho ch\u00fang t\u00f4i \u0111\u1ec3 \u0111\u1eb7t h\u00e0ng ho\u1eb7c \u0111\u1ebfn tr\u1ef1c ti\u1ebfp t\u1ea1i c\u1eeda h\u00e0ng \u0111\u1ec3 th\u01b0\u1edfng th\u1ee9c. Ch\u00fang t\u00f4i lu\u00f4n s\u1eb5n s\u00e0ng ph\u1ee5c v\u1ee5 b\u1ea1n v\u1edbi nh\u1eefng chi\u1ebfc b\u00e1nh pizza n\u00f3ng h\u1ed5i, th\u01a1m ngon v\u00e0 h\u1ea5p d\u1eabn nh\u1ea5t.<\/p>\n","protected":false},"excerpt":{"rendered":"<p style=\"text-align: justify;\">S\u1ea3n ph\u1ea9m b\u00e1nh ng\u1ecdt \u0111\u01b0\u1ee3c l\u00e0m t\u1eeb c\u00e1c b\u1ea1n tr\u1ebb m\u1ed3 c\u00f4i hi\u1ec7n \u0111ang \u0111\u01b0\u1ee3c Nh\u00e0 May M\u1eafn &#8211; Maison Chance nu\u00f4i d\u01b0\u1ee1ng. K\u00ednh mong nh\u1eadn \u0111\u01b0\u1ee3c s\u1ef1 \u1ee7ng h\u1ed9 c\u1ee7a Qu\u00fd kh\u00e1ch!<\/p>\n<p>Hotline : <span style=\"font-size: 20px;\"><strong><span style=\"color: #ff0000;\">0909 06 25 28<\/span><\/strong><\/span><\/p>\n","protected":false},"featured_media":39438,"template":"","meta":[],"product_brand":[],"product_cat":[152,150],"product_tag":[],"class_list":{"0":"post-39437","1":"product","2":"type-product","3":"status-publish","4":"has-post-thumbnail","6":"product_cat-banh-man","7":"product_cat-phong-banh","9":"first","10":"instock","11":"shipping-taxable","12":"purchasable","13":"product-type-simple"},"yoast_head":"<!-- This site is optimized with the Yoast SEO Premium plugin v22.7 (Yoast SEO v25.3.1) - https:\/\/yoast.com\/wordpress\/plugins\/seo\/ -->\n<title>B\u00e1nh pizza - Nh\u00e0 May M\u1eafn - Maison Chance<\/title>\n<meta name=\"description\" content=\"Th\u01b0\u1edfng th\u1ee9c b\u00e1nh pizza t\u1ea1i Nh\u00e0 May M\u1eafn - Maison Chance v\u1edbi h\u01b0\u01a1ng v\u1ecb \u0111\u1ed9c \u0111\u00e1o, gi\u00e1 c\u1ea3 h\u1ee3p l\u00fd v\u00e0 ch\u1ea5t l\u01b0\u1ee3ng \u0111\u1ea3m b\u1ea3o. \u1ee6ng h\u1ed9 s\u1ea3n ph\u1ea9m c\u1ee7a ch\u00fang t\u00f4i \u0111\u1ec3 g\u00f3p ph\u1ea7n gi\u00fap \u0111\u1ee1 c\u1ed9ng \u0111\u1ed3ng.\" \/>\n<meta name=\"robots\" content=\"index, follow, max-snippet:-1, max-image-preview:large, max-video-preview:-1\" \/>\n<link rel=\"canonical\" href=\"https:\/\/maison-chance.org\/shop\/san-pham\/banh-pizza\" \/>\n<meta property=\"og:locale\" content=\"vi_VN\" \/>\n<meta property=\"og:type\" content=\"article\" \/>\n<meta property=\"og:title\" content=\"B\u00e1nh pizza\" \/>\n<meta property=\"og:description\" content=\"Th\u01b0\u1edfng th\u1ee9c b\u00e1nh pizza t\u1ea1i Nh\u00e0 May M\u1eafn - Maison Chance v\u1edbi h\u01b0\u01a1ng v\u1ecb \u0111\u1ed9c \u0111\u00e1o, gi\u00e1 c\u1ea3 h\u1ee3p l\u00fd v\u00e0 ch\u1ea5t l\u01b0\u1ee3ng \u0111\u1ea3m b\u1ea3o. \u1ee6ng h\u1ed9 s\u1ea3n ph\u1ea9m c\u1ee7a ch\u00fang t\u00f4i \u0111\u1ec3 g\u00f3p ph\u1ea7n gi\u00fap \u0111\u1ee1 c\u1ed9ng \u0111\u1ed3ng.\" \/>\n<meta property=\"og:url\" content=\"https:\/\/maison-chance.org\/shop\/san-pham\/banh-pizza\" \/>\n<meta property=\"og:site_name\" content=\"Nh\u00e0 May M\u1eafn - Maison Chance\" \/>\n<meta property=\"article:publisher\" content=\"https:\/\/www.facebook.com\/dnxh.nhamayman\/\" \/>\n<meta property=\"article:modified_time\" content=\"2024-06-05T22:01:10+00:00\" \/>\n<meta property=\"og:image\" content=\"https:\/\/maison-chance.org\/shop\/wp-content\/uploads\/2024\/06\/Banh-pizza.jpg\" \/>\n\t<meta property=\"og:image:width\" content=\"600\" \/>\n\t<meta property=\"og:image:height\" content=\"600\" \/>\n\t<meta property=\"og:image:type\" content=\"image\/jpeg\" \/>\n<meta name=\"twitter:card\" content=\"summary_large_image\" \/>\n<meta name=\"twitter:label1\" content=\"Gi\u00e1\" \/>\n\t<meta name=\"twitter:data1\" content=\"1.20&nbsp;&#036;\" \/>\n\t<meta name=\"twitter:label2\" content=\"Availability\" \/>\n\t<meta name=\"twitter:data2\" content=\"In stock\" \/>\n<script type=\"application\/ld+json\" class=\"yoast-schema-graph\">{\"@context\":\"https:\/\/schema.org\",\"@graph\":[{\"@type\":\"WebPage\",\"@id\":\"https:\/\/maison-chance.org\/shop\/san-pham\/banh-pizza\",\"url\":\"https:\/\/maison-chance.org\/shop\/san-pham\/banh-pizza\",\"name\":\"B\u00e1nh pizza - Nh\u00e0 May M\u1eafn - Maison Chance\",\"isPartOf\":{\"@id\":\"https:\/\/maison-chance.org\/shop\/#website\"},\"primaryImageOfPage\":{\"@id\":\"https:\/\/maison-chance.org\/shop\/san-pham\/banh-pizza#primaryimage\"},\"image\":{\"@id\":\"https:\/\/maison-chance.org\/shop\/san-pham\/banh-pizza#primaryimage\"},\"thumbnailUrl\":\"https:\/\/maison-chance.org\/shop\/wp-content\/uploads\/2024\/06\/Banh-pizza.jpg\",\"datePublished\":\"2024-06-05T21:48:18+00:00\",\"dateModified\":\"2024-06-05T22:01:10+00:00\",\"description\":\"Th\u01b0\u1edfng th\u1ee9c b\u00e1nh pizza t\u1ea1i Nh\u00e0 May M\u1eafn - Maison Chance v\u1edbi h\u01b0\u01a1ng v\u1ecb \u0111\u1ed9c \u0111\u00e1o, gi\u00e1 c\u1ea3 h\u1ee3p l\u00fd v\u00e0 ch\u1ea5t l\u01b0\u1ee3ng \u0111\u1ea3m b\u1ea3o. \u1ee6ng h\u1ed9 s\u1ea3n ph\u1ea9m c\u1ee7a ch\u00fang t\u00f4i \u0111\u1ec3 g\u00f3p ph\u1ea7n gi\u00fap \u0111\u1ee1 c\u1ed9ng \u0111\u1ed3ng.\",\"breadcrumb\":{\"@id\":\"https:\/\/maison-chance.org\/shop\/san-pham\/banh-pizza#breadcrumb\"},\"inLanguage\":\"vi-VN\",\"potentialAction\":[{\"@type\":\"ReadAction\",\"target\":[\"https:\/\/maison-chance.org\/shop\/san-pham\/banh-pizza\"]}]},{\"@type\":\"ImageObject\",\"inLanguage\":\"vi-VN\",\"@id\":\"https:\/\/maison-chance.org\/shop\/san-pham\/banh-pizza#primaryimage\",\"url\":\"https:\/\/maison-chance.org\/shop\/wp-content\/uploads\/2024\/06\/Banh-pizza.jpg\",\"contentUrl\":\"https:\/\/maison-chance.org\/shop\/wp-content\/uploads\/2024\/06\/Banh-pizza.jpg\",\"width\":600,\"height\":600,\"caption\":\"B\u00e1nh pizza\"},{\"@type\":\"BreadcrumbList\",\"@id\":\"https:\/\/maison-chance.org\/shop\/san-pham\/banh-pizza#breadcrumb\",\"itemListElement\":[{\"@type\":\"ListItem\",\"position\":1,\"name\":\"Trang ch\u1ee7\",\"item\":\"https:\/\/maison-chance.org\/shop\/\"},{\"@type\":\"ListItem\",\"position\":2,\"name\":\"Shop\",\"item\":\"https:\/\/maison-chance.org\/shop\/shop\"},{\"@type\":\"ListItem\",\"position\":3,\"name\":\"B\u00e1nh pizza\"}]},{\"@type\":\"WebSite\",\"@id\":\"https:\/\/maison-chance.org\/shop\/#website\",\"url\":\"https:\/\/maison-chance.org\/shop\/\",\"name\":\"Nh\u00e0 May M\u1eafn - Maison Chance\",\"description\":\"M\u1ecdi l\u1ee3i nhu\u1eadn thu v\u1ec1 t\u1eeb vi\u1ec7c b\u00e1n h\u00e0ng s\u1ebd tr\u00edch m\u1ed9t ph\u1ea7n \u0111\u1ec3 ch\u0103m lo cho \u0111\u1eddi s\u1ed1ng c\u00e1c b\u1ea1n khuy\u1ebft t\u1eadt v\u00e0 tr\u1ebb m\u1ed3 c\u00f4i \u1edf \u0111\u00e2y\",\"publisher\":{\"@id\":\"https:\/\/maison-chance.org\/shop\/#organization\"},\"potentialAction\":[{\"@type\":\"SearchAction\",\"target\":{\"@type\":\"EntryPoint\",\"urlTemplate\":\"https:\/\/maison-chance.org\/shop\/?s={search_term_string}\"},\"query-input\":{\"@type\":\"PropertyValueSpecification\",\"valueRequired\":true,\"valueName\":\"search_term_string\"}}],\"inLanguage\":\"vi-VN\"},{\"@type\":\"Organization\",\"@id\":\"https:\/\/maison-chance.org\/shop\/#organization\",\"name\":\"Nh\u00e0 May M\u1eafn - Maison Chance\",\"url\":\"https:\/\/maison-chance.org\/shop\/\",\"logo\":{\"@type\":\"ImageObject\",\"inLanguage\":\"vi-VN\",\"@id\":\"https:\/\/maison-chance.org\/shop\/#\/schema\/logo\/image\/\",\"url\":\"https:\/\/maison-chance.org\/shop\/wp-content\/uploads\/2024\/03\/cropped-Logo_DNXH.png\",\"contentUrl\":\"https:\/\/maison-chance.org\/shop\/wp-content\/uploads\/2024\/03\/cropped-Logo_DNXH.png\",\"width\":512,\"height\":512,\"caption\":\"Nh\u00e0 May M\u1eafn - Maison Chance\"},\"image\":{\"@id\":\"https:\/\/maison-chance.org\/shop\/#\/schema\/logo\/image\/\"},\"sameAs\":[\"https:\/\/www.facebook.com\/dnxh.nhamayman\/\"]}]}<\/script>\n<meta property=\"product:price:amount\" content=\"1.20\" \/>\n<meta property=\"product:price:currency\" content=\"USD\" \/>\n<meta property=\"og:availability\" content=\"instock\" \/>\n<meta property=\"product:availability\" content=\"instock\" \/>\n<meta property=\"product:condition\" content=\"new\" \/>\n<!-- \/ Yoast SEO Premium plugin. -->","yoast_head_json":{"title":"B\u00e1nh pizza - Nh\u00e0 May M\u1eafn - Maison Chance","description":"Th\u01b0\u1edfng th\u1ee9c b\u00e1nh pizza t\u1ea1i Nh\u00e0 May M\u1eafn - Maison Chance v\u1edbi h\u01b0\u01a1ng v\u1ecb \u0111\u1ed9c \u0111\u00e1o, gi\u00e1 c\u1ea3 h\u1ee3p l\u00fd v\u00e0 ch\u1ea5t l\u01b0\u1ee3ng \u0111\u1ea3m b\u1ea3o. \u1ee6ng h\u1ed9 s\u1ea3n ph\u1ea9m c\u1ee7a ch\u00fang t\u00f4i \u0111\u1ec3 g\u00f3p ph\u1ea7n gi\u00fap \u0111\u1ee1 c\u1ed9ng \u0111\u1ed3ng.","robots":{"index":"index","follow":"follow","max-snippet":"max-snippet:-1","max-image-preview":"max-image-preview:large","max-video-preview":"max-video-preview:-1"},"canonical":"https:\/\/maison-chance.org\/shop\/san-pham\/banh-pizza","og_locale":"vi_VN","og_type":"article","og_title":"B\u00e1nh pizza","og_description":"Th\u01b0\u1edfng th\u1ee9c b\u00e1nh pizza t\u1ea1i Nh\u00e0 May M\u1eafn - Maison Chance v\u1edbi h\u01b0\u01a1ng v\u1ecb \u0111\u1ed9c \u0111\u00e1o, gi\u00e1 c\u1ea3 h\u1ee3p l\u00fd v\u00e0 ch\u1ea5t l\u01b0\u1ee3ng \u0111\u1ea3m b\u1ea3o. \u1ee6ng h\u1ed9 s\u1ea3n ph\u1ea9m c\u1ee7a ch\u00fang t\u00f4i \u0111\u1ec3 g\u00f3p ph\u1ea7n gi\u00fap \u0111\u1ee1 c\u1ed9ng \u0111\u1ed3ng.","og_url":"https:\/\/maison-chance.org\/shop\/san-pham\/banh-pizza","og_site_name":"Nh\u00e0 May M\u1eafn - Maison Chance","article_publisher":"https:\/\/www.facebook.com\/dnxh.nhamayman\/","article_modified_time":"2024-06-05T22:01:10+00:00","og_image":[{"width":600,"height":600,"url":"https:\/\/maison-chance.org\/shop\/wp-content\/uploads\/2024\/06\/Banh-pizza.jpg","type":"image\/jpeg"}],"twitter_card":"summary_large_image","twitter_misc":{"Gi\u00e1":"1.20&nbsp;&#36;","Availability":"In stock"},"schema":{"@context":"https:\/\/schema.org","@graph":[{"@type":"WebPage","@id":"https:\/\/maison-chance.org\/shop\/san-pham\/banh-pizza","url":"https:\/\/maison-chance.org\/shop\/san-pham\/banh-pizza","name":"B\u00e1nh pizza - Nh\u00e0 May M\u1eafn - Maison Chance","isPartOf":{"@id":"https:\/\/maison-chance.org\/shop\/#website"},"primaryImageOfPage":{"@id":"https:\/\/maison-chance.org\/shop\/san-pham\/banh-pizza#primaryimage"},"image":{"@id":"https:\/\/maison-chance.org\/shop\/san-pham\/banh-pizza#primaryimage"},"thumbnailUrl":"https:\/\/maison-chance.org\/shop\/wp-content\/uploads\/2024\/06\/Banh-pizza.jpg","datePublished":"2024-06-05T21:48:18+00:00","dateModified":"2024-06-05T22:01:10+00:00","description":"Th\u01b0\u1edfng th\u1ee9c b\u00e1nh pizza t\u1ea1i Nh\u00e0 May M\u1eafn - Maison Chance v\u1edbi h\u01b0\u01a1ng v\u1ecb \u0111\u1ed9c \u0111\u00e1o, gi\u00e1 c\u1ea3 h\u1ee3p l\u00fd v\u00e0 ch\u1ea5t l\u01b0\u1ee3ng \u0111\u1ea3m b\u1ea3o. \u1ee6ng h\u1ed9 s\u1ea3n ph\u1ea9m c\u1ee7a ch\u00fang t\u00f4i \u0111\u1ec3 g\u00f3p ph\u1ea7n gi\u00fap \u0111\u1ee1 c\u1ed9ng \u0111\u1ed3ng.","breadcrumb":{"@id":"https:\/\/maison-chance.org\/shop\/san-pham\/banh-pizza#breadcrumb"},"inLanguage":"vi-VN","potentialAction":[{"@type":"ReadAction","target":["https:\/\/maison-chance.org\/shop\/san-pham\/banh-pizza"]}]},{"@type":"ImageObject","inLanguage":"vi-VN","@id":"https:\/\/maison-chance.org\/shop\/san-pham\/banh-pizza#primaryimage","url":"https:\/\/maison-chance.org\/shop\/wp-content\/uploads\/2024\/06\/Banh-pizza.jpg","contentUrl":"https:\/\/maison-chance.org\/shop\/wp-content\/uploads\/2024\/06\/Banh-pizza.jpg","width":600,"height":600,"caption":"B\u00e1nh pizza"},{"@type":"BreadcrumbList","@id":"https:\/\/maison-chance.org\/shop\/san-pham\/banh-pizza#breadcrumb","itemListElement":[{"@type":"ListItem","position":1,"name":"Trang ch\u1ee7","item":"https:\/\/maison-chance.org\/shop\/"},{"@type":"ListItem","position":2,"name":"Shop","item":"https:\/\/maison-chance.org\/shop\/shop"},{"@type":"ListItem","position":3,"name":"B\u00e1nh pizza"}]},{"@type":"WebSite","@id":"https:\/\/maison-chance.org\/shop\/#website","url":"https:\/\/maison-chance.org\/shop\/","name":"Nh\u00e0 May M\u1eafn - Maison Chance","description":"M\u1ecdi l\u1ee3i nhu\u1eadn thu v\u1ec1 t\u1eeb vi\u1ec7c b\u00e1n h\u00e0ng s\u1ebd tr\u00edch m\u1ed9t ph\u1ea7n \u0111\u1ec3 ch\u0103m lo cho \u0111\u1eddi s\u1ed1ng c\u00e1c b\u1ea1n khuy\u1ebft t\u1eadt v\u00e0 tr\u1ebb m\u1ed3 c\u00f4i \u1edf \u0111\u00e2y","publisher":{"@id":"https:\/\/maison-chance.org\/shop\/#organization"},"potentialAction":[{"@type":"SearchAction","target":{"@type":"EntryPoint","urlTemplate":"https:\/\/maison-chance.org\/shop\/?s={search_term_string}"},"query-input":{"@type":"PropertyValueSpecification","valueRequired":true,"valueName":"search_term_string"}}],"inLanguage":"vi-VN"},{"@type":"Organization","@id":"https:\/\/maison-chance.org\/shop\/#organization","name":"Nh\u00e0 May M\u1eafn - Maison Chance","url":"https:\/\/maison-chance.org\/shop\/","logo":{"@type":"ImageObject","inLanguage":"vi-VN","@id":"https:\/\/maison-chance.org\/shop\/#\/schema\/logo\/image\/","url":"https:\/\/maison-chance.org\/shop\/wp-content\/uploads\/2024\/03\/cropped-Logo_DNXH.png","contentUrl":"https:\/\/maison-chance.org\/shop\/wp-content\/uploads\/2024\/03\/cropped-Logo_DNXH.png","width":512,"height":512,"caption":"Nh\u00e0 May M\u1eafn - Maison Chance"},"image":{"@id":"https:\/\/maison-chance.org\/shop\/#\/schema\/logo\/image\/"},"sameAs":["https:\/\/www.facebook.com\/dnxh.nhamayman\/"]}]},"product_price_amount":"1.20","product_price_currency":"USD","og_availability":"instock","product_availability":"instock","product_condition":"new"},"_links":{"self":[{"href":"https:\/\/maison-chance.org\/shop\/wp-json\/wp\/v2\/product\/39437","targetHints":{"allow":["GET"]}}],"collection":[{"href":"https:\/\/maison-chance.org\/shop\/wp-json\/wp\/v2\/product"}],"about":[{"href":"https:\/\/maison-chance.org\/shop\/wp-json\/wp\/v2\/types\/product"}],"wp:featuredmedia":[{"embeddable":true,"href":"https:\/\/maison-chance.org\/shop\/wp-json\/wp\/v2\/media\/39438"}],"wp:attachment":[{"href":"https:\/\/maison-chance.org\/shop\/wp-json\/wp\/v2\/media?parent=39437"}],"wp:term":[{"taxonomy":"product_brand","embeddable":true,"href":"https:\/\/maison-chance.org\/shop\/wp-json\/wp\/v2\/product_brand?post=39437"},{"taxonomy":"product_cat","embeddable":true,"href":"https:\/\/maison-chance.org\/shop\/wp-json\/wp\/v2\/product_cat?post=39437"},{"taxonomy":"product_tag","embeddable":true,"href":"https:\/\/maison-chance.org\/shop\/wp-json\/wp\/v2\/product_tag?post=39437"}],"curies":[{"name":"wp","href":"https:\/\/api.w.org\/{rel}","templated":true}]}}