{"id":40381,"date":"2024-09-23T15:37:44","date_gmt":"2024-09-23T08:37:44","guid":{"rendered":"https:\/\/maison-chance.org\/shop?post_type=product&#038;p=40381"},"modified":"2024-11-08T13:47:56","modified_gmt":"2024-11-08T06:47:56","slug":"trai-tim-logo-nha-may-man","status":"publish","type":"product","link":"https:\/\/maison-chance.org\/shop\/san-pham\/trai-tim-logo-nha-may-man","title":{"rendered":"Tr\u00e1i tim logo Nh\u00e0 May M\u1eafn"},"content":{"rendered":"<p style=\"text-align: justify;\">B\u1ea1n \u0111ang t\u00ecm ki\u1ebfm m\u1ed9t m\u00f3n qu\u00e0 nh\u1ecf xinh, tinh t\u1ebf v\u00e0 \u0111\u1ea7y \u00fd ngh\u0129a \u0111\u1ec3 t\u1eb7ng ng\u01b0\u1eddi th\u00e2n y\u00eau ho\u1eb7c \u0111\u1ed1i t\u00e1c? H\u00e3y \u0111\u1ec3 tr\u00e1i tim logo Nh\u00e0 May M\u1eafn chinh ph\u1ee5c b\u1ea1n ngay t\u1eeb c\u00e1i nh\u00ecn \u0111\u1ea7u ti\u00ean. S\u1ea3n ph\u1ea9m n\u00e0y kh\u00f4ng ch\u1ec9 l\u00e0 m\u1ed9t v\u1eadt trang tr\u00ed \u0111\u00e1ng y\u00eau, m\u00e0 c\u00f2n l\u00e0 k\u1ebft tinh t\u1eeb s\u1ef1 n\u1ed7 l\u1ef1c v\u00e0 kh\u00e9o l\u00e9o c\u1ee7a c\u00e1c th\u1ee3 may khuy\u1ebft t\u1eadt t\u1ea1i Nh\u00e0 May M\u1eafn..<\/p>\n<p style=\"text-align: justify;\"><a href=\"https:\/\/maison-chance.org\/shop\/san-pham\/trai-tim-logo-nha-may-man\">Tr\u00e1i tim logo Nh\u00e0 May M\u1eafn<\/a> l\u00e0 m\u1ed9t t\u00e1c ph\u1ea9m nh\u1ecf g\u1ecdn nh\u01b0ng ch\u1ee9a \u0111\u1ef1ng c\u1ea3 t\u1ea5m l\u00f2ng. V\u1edbi k\u00edch th\u01b0\u1edbc 6x7cm, chi\u1ebfc tr\u00e1i tim b\u1eb1ng v\u1ea3i Satin m\u1ec1m m\u1ea1i n\u00e0y s\u1ebd tr\u1edf th\u00e0nh m\u00f3n qu\u00e0 ho\u00e0n h\u1ea3o cho m\u1ecdi d\u1ecbp. M\u00e0u xanh d\u01b0\u01a1ng t\u01b0\u01a1i s\u00e1ng c\u00f9ng logo \u0111\u1eb7c tr\u01b0ng c\u1ee7a Nh\u00e0 May M\u1eafn \u0111\u01b0\u1ee3c in tinh t\u1ebf tr\u00ean b\u1ec1 m\u1eb7t, t\u1ea1o n\u00ean s\u1ef1 h\u00e0i h\u00f2a v\u00e0 b\u1eaft m\u1eaft.<\/p>\n<p style=\"text-align: justify;\">C\u00f4ng d\u1ee5ng \u0111a d\u1ea1ng c\u1ee7a tr\u00e1i tim logo Nh\u00e0 May M\u1eafn:.<\/p>\n<p style=\"text-align: justify;\">Trang tr\u00ed \u0111\u1ed9c \u0111\u00e1o: Treo chi\u1ebfc tr\u00e1i tim nh\u1ecf xinh n\u00e0y l\u00ean t\u01b0\u1eddng, c\u1eeda s\u1ed5 ho\u1eb7c k\u1ec7 s\u00e1ch \u0111\u1ec3 \u0111i\u1ec3m xuy\u1ebfn cho kh\u00f4ng gian s\u1ed1ng m\u1ed9t n\u00e9t duy\u00ean d\u00e1ng, t\u1ea1o n\u00ean c\u1ea3m gi\u00e1c \u1ea5m \u00e1p v\u00e0 th\u00e2n thu\u1ed9c.<\/p>\n<p style=\"text-align: justify;\">Qu\u00e0 t\u1eb7ng \u00fd ngh\u0129a: T\u1eb7ng tr\u00e1i tim logo Nh\u00e0 May M\u1eafn cho ng\u01b0\u1eddi th\u00e2n, b\u1ea1n b\u00e8 ho\u1eb7c \u0111\u1ed1i t\u00e1c nh\u01b0 m\u1ed9t l\u1eddi nh\u1eafn nh\u1ee7 y\u00eau th\u01b0\u01a1ng v\u00e0 may m\u1eafn.<\/p>\n<p style=\"text-align: justify;\">V\u1eadt l\u01b0u ni\u1ec7m \u0111\u1eb7c bi\u1ec7t: Mang theo b\u00ean m\u00ecnh nh\u01b0 m\u1ed9t v\u1eadt may m\u1eafn, nh\u1eafc nh\u1edf v\u1ec1 nh\u1eefng \u0111i\u1ec1u t\u1ed1t \u0111\u1eb9p trong cu\u1ed9c s\u1ed1ng.<\/p>\n<p style=\"text-align: justify;\"><a href=\"https:\/\/maison-chance.org\/shop\/do-trang-tri\">\u0110\u1ed3 trang tr\u00ed<\/a> xe h\u01a1i: Treo tr\u00e1i tim nh\u1ecf xinh tr\u00ean g\u01b0\u01a1ng chi\u1ebfu h\u1eadu \u0111\u1ec3 h\u00e0nh tr\u00ecnh m\u1ed7i ng\u00e0y tr\u1edf n\u00ean th\u00fa v\u1ecb v\u00e0 nh\u1eb9 nh\u00e0ng h\u01a1n.<\/p>\n<p style=\"text-align: justify;\">\u0110i\u1ec3m nh\u1ea5n n\u1ed5i b\u1eadt: G\u1eafn v\u00e0o d\u00e2y k\u00e9o t\u00fai x\u00e1ch \u0111\u1ec3 t\u1ea1o phong c\u00e1ch c\u00e1 t\u00ednh ri\u00eang v\u00e0 d\u1ec5 d\u00e0ng nh\u1eadn di\u1ec7n.<\/p>\n<p style=\"text-align: justify;\">M\u1ed7i \u0111\u01b0\u1eddng may tr\u00ean chi\u1ebfc tr\u00e1i tim \u0111\u1ec1u l\u00e0 d\u1ea5u \u1ea5n ch\u1ee9a \u0111\u1ef1ng bao c\u00e2u chuy\u1ec7n v\u1ec1 s\u1ef1 ki\u00ean tr\u00ec v\u00e0 kh\u00e1t khao v\u01b0\u1ee3t l\u00ean s\u1ed1 ph\u1eadn c\u1ee7a c\u00e1c th\u1ee3 may khuy\u1ebft t\u1eadt t\u1ea1i Nh\u00e0 May M\u1eafn. H\u1ecd \u0111\u00e3 bi\u1ebfn nh\u1eefng h\u1ea1n ch\u1ebf th\u00e0nh \u0111\u1ed9ng l\u1ef1c, t\u1ea1o ra s\u1ea3n ph\u1ea9m ch\u1ea5t l\u01b0\u1ee3ng cao v\u1edbi s\u1ef1 t\u1ec9 m\u1ec9 v\u00e0 t\u00e2m huy\u1ebft.<\/p>\n<p style=\"text-align: justify;\">Khi b\u1ea1n ch\u1ecdn mua tr\u00e1i tim logo Nh\u00e0 May M\u1eafn, b\u1ea1n kh\u00f4ng ch\u1ec9 s\u1edf h\u1eefu m\u1ed9t m\u00f3n \u0111\u1ed3 xinh x\u1eafn m\u00e0 c\u00f2n g\u00f3p ph\u1ea7n t\u1ea1o c\u01a1 h\u1ed9i vi\u1ec7c l\u00e0m v\u00e0 thu nh\u1eadp \u1ed5n \u0111\u1ecbnh cho nh\u1eefng ng\u01b0\u1eddi khuy\u1ebft t\u1eadt. \u0110\u00e2y l\u00e0 c\u00e1ch thi\u1ebft th\u1ef1c \u0111\u1ec3 b\u1ea1n th\u1ec3 hi\u1ec7n s\u1ef1 \u1ee7ng h\u1ed9 v\u00e0 t\u00f4n tr\u1ecdng \u0111\u1ed1i v\u1edbi c\u1ed9ng \u0111\u1ed3ng ng\u01b0\u1eddi khuy\u1ebft t\u1eadt, gi\u00fap h\u1ecd t\u1ef1 tin h\u00f2a nh\u1eadp x\u00e3 h\u1ed9i.<\/p>\n<p style=\"text-align: justify;\">H\u00e3y m\u1edf r\u1ed9ng tr\u00e1i tim v\u00e0 ch\u1ecdn mua tr\u00e1i tim logo <a href=\"https:\/\/maison-chance.org\/shop\">Nh\u00e0 May M\u1eafn<\/a> ngay h\u00f4m nay! M\u1ed7i s\u1ea3n ph\u1ea9m b\u1ea1n mua l\u00e0 m\u1ed9t l\u1ea7n b\u1ea1n trao \u0111i hy v\u1ecdng v\u00e0 ni\u1ec1m tin v\u00e0o cu\u1ed9c s\u1ed1ng t\u1ed1t \u0111\u1eb9p h\u01a1n cho nh\u1eefng ng\u01b0\u1eddi khuy\u1ebft t\u1eadt. H\u00e3y c\u00f9ng Nh\u00e0 May M\u1eafn lan t\u1ecfa y\u00eau th\u01b0\u01a1ng v\u00e0 t\u1ea1o n\u00ean nh\u1eefng \u0111i\u1ec1u k\u1ef3 di\u1ec7u t\u1eeb nh\u1eefng vi\u1ec7c l\u00e0m nh\u1ecf b\u00e9 nh\u1ea5t. Tr\u00e1i tim logo Nh\u00e0 May M\u1eafn &#8211; m\u00f3n qu\u00e0 t\u1eeb tr\u00e1i tim, g\u1eedi \u0111\u1ebfn tr\u00e1i tim!<\/p>\n","protected":false},"excerpt":{"rendered":"<p style=\"text-align: justify\">S\u1ea3n ph\u1ea9m do c\u00e1c b\u1ea1n khuy\u1ebft t\u1eadt k\u00e9m may m\u1eafn s\u1ea3n xu\u1ea5t th\u1ee7 c\u00f4ng k\u00ednh mong nh\u1eadn \u0111\u01b0\u1ee3c s\u1ef1 \u1ee7ng h\u1ed9 c\u1ee7a Qu\u00fd kh\u00e1ch h\u00e0ng.<\/p>\n<p>Ch\u1ea5t li\u1ec7u : Sa tanh<\/p>\n<p>Hotline : <span style=\"color: #ed1c24\"><strong>090 906 2528<\/strong><\/span><\/p>\n<p style=\"text-align: justify\">N\u1ebfu b\u1ea1n \u1edf Vi\u1ec7t Nam vui l\u00f2ng li\u00ean h\u1ec7 ch\u00fang t\u00f4i theo s\u1ed1 hotline ho\u1eb7c fanpage doanh nghi\u1ec7p Nh\u00e0 May M\u1eafn ch\u00fang t\u00f4i \u0111\u1ec3 bi\u1ebft gi\u00e1 b\u00e1n t\u1ea1i Vi\u1ec7t Nam :\u00a0<a href=\"https:\/\/www.facebook.com\/dnxh.nhamayman\">https:\/\/www.facebook.com\/dnxh.nhamayman<\/a><\/p>\n","protected":false},"featured_media":40382,"template":"","meta":[],"product_brand":[],"product_cat":[143,137],"product_tag":[],"class_list":{"0":"post-40381","1":"product","2":"type-product","3":"status-publish","4":"has-post-thumbnail","6":"product_cat-do-trang-tri","7":"product_cat-phong-may","9":"first","10":"instock","11":"shipping-taxable","12":"purchasable","13":"product-type-simple"},"yoast_head":"<!-- This site is optimized with the Yoast SEO Premium plugin v22.7 (Yoast SEO v25.3.1) - https:\/\/yoast.com\/wordpress\/plugins\/seo\/ -->\n<title>Tr\u00e1i tim logo Nh\u00e0 May M\u1eafn - Nh\u00e0 May M\u1eafn - Maison Chance<\/title>\n<meta name=\"description\" content=\"Tr\u00e1i tim logo Nh\u00e0 May M\u1eafn kh\u00f4ng ch\u1ec9 l\u00e0 m\u1ed9t v\u1eadt trang tr\u00ed \u0111\u00e1ng y\u00eau, m\u00e0 c\u00f2n l\u00e0 k\u1ebft tinh t\u1eeb s\u1ef1 n\u1ed7 l\u1ef1c v\u00e0 kh\u00e9o l\u00e9o c\u1ee7a c\u00e1c th\u1ee3 may khuy\u1ebft t\u1eadt t\u1ea1i Nh\u00e0 May M\u1eafn.\" \/>\n<meta name=\"robots\" content=\"index, follow, max-snippet:-1, max-image-preview:large, max-video-preview:-1\" \/>\n<link rel=\"canonical\" href=\"https:\/\/maison-chance.org\/shop\/san-pham\/trai-tim-logo-nha-may-man\" \/>\n<meta property=\"og:locale\" content=\"vi_VN\" \/>\n<meta property=\"og:type\" content=\"article\" \/>\n<meta property=\"og:title\" content=\"Tr\u00e1i tim logo Nh\u00e0 May M\u1eafn\" \/>\n<meta property=\"og:description\" content=\"Tr\u00e1i tim logo Nh\u00e0 May M\u1eafn kh\u00f4ng ch\u1ec9 l\u00e0 m\u1ed9t v\u1eadt trang tr\u00ed \u0111\u00e1ng y\u00eau, m\u00e0 c\u00f2n l\u00e0 k\u1ebft tinh t\u1eeb s\u1ef1 n\u1ed7 l\u1ef1c v\u00e0 kh\u00e9o l\u00e9o c\u1ee7a c\u00e1c th\u1ee3 may khuy\u1ebft t\u1eadt t\u1ea1i Nh\u00e0 May M\u1eafn.\" \/>\n<meta property=\"og:url\" content=\"https:\/\/maison-chance.org\/shop\/san-pham\/trai-tim-logo-nha-may-man\" \/>\n<meta property=\"og:site_name\" content=\"Nh\u00e0 May M\u1eafn - Maison Chance\" \/>\n<meta property=\"article:publisher\" content=\"https:\/\/www.facebook.com\/dnxh.nhamayman\/\" \/>\n<meta property=\"article:modified_time\" content=\"2024-11-08T06:47:56+00:00\" \/>\n<meta property=\"og:image\" content=\"https:\/\/maison-chance.org\/shop\/wp-content\/uploads\/2024\/09\/trai-tim-logo-nha-may-man.jpg\" \/>\n\t<meta property=\"og:image:width\" content=\"600\" \/>\n\t<meta property=\"og:image:height\" content=\"600\" \/>\n\t<meta property=\"og:image:type\" content=\"image\/jpeg\" \/>\n<meta name=\"twitter:card\" content=\"summary_large_image\" \/>\n<meta name=\"twitter:label1\" content=\"Gi\u00e1\" \/>\n\t<meta name=\"twitter:data1\" content=\"3.30&nbsp;&#036;\" \/>\n\t<meta name=\"twitter:label2\" content=\"Availability\" \/>\n\t<meta name=\"twitter:data2\" content=\"In stock\" \/>\n<script type=\"application\/ld+json\" class=\"yoast-schema-graph\">{\"@context\":\"https:\/\/schema.org\",\"@graph\":[{\"@type\":\"WebPage\",\"@id\":\"https:\/\/maison-chance.org\/shop\/san-pham\/trai-tim-logo-nha-may-man\",\"url\":\"https:\/\/maison-chance.org\/shop\/san-pham\/trai-tim-logo-nha-may-man\",\"name\":\"Tr\u00e1i tim logo Nh\u00e0 May M\u1eafn - Nh\u00e0 May M\u1eafn - Maison Chance\",\"isPartOf\":{\"@id\":\"https:\/\/maison-chance.org\/shop\/#website\"},\"primaryImageOfPage\":{\"@id\":\"https:\/\/maison-chance.org\/shop\/san-pham\/trai-tim-logo-nha-may-man#primaryimage\"},\"image\":{\"@id\":\"https:\/\/maison-chance.org\/shop\/san-pham\/trai-tim-logo-nha-may-man#primaryimage\"},\"thumbnailUrl\":\"https:\/\/maison-chance.org\/shop\/wp-content\/uploads\/2024\/09\/trai-tim-logo-nha-may-man.jpg\",\"datePublished\":\"2024-09-23T08:37:44+00:00\",\"dateModified\":\"2024-11-08T06:47:56+00:00\",\"description\":\"Tr\u00e1i tim logo Nh\u00e0 May M\u1eafn kh\u00f4ng ch\u1ec9 l\u00e0 m\u1ed9t v\u1eadt trang tr\u00ed \u0111\u00e1ng y\u00eau, m\u00e0 c\u00f2n l\u00e0 k\u1ebft tinh t\u1eeb s\u1ef1 n\u1ed7 l\u1ef1c v\u00e0 kh\u00e9o l\u00e9o c\u1ee7a c\u00e1c th\u1ee3 may khuy\u1ebft t\u1eadt t\u1ea1i Nh\u00e0 May M\u1eafn.\",\"breadcrumb\":{\"@id\":\"https:\/\/maison-chance.org\/shop\/san-pham\/trai-tim-logo-nha-may-man#breadcrumb\"},\"inLanguage\":\"vi-VN\",\"potentialAction\":[{\"@type\":\"ReadAction\",\"target\":[\"https:\/\/maison-chance.org\/shop\/san-pham\/trai-tim-logo-nha-may-man\"]}]},{\"@type\":\"ImageObject\",\"inLanguage\":\"vi-VN\",\"@id\":\"https:\/\/maison-chance.org\/shop\/san-pham\/trai-tim-logo-nha-may-man#primaryimage\",\"url\":\"https:\/\/maison-chance.org\/shop\/wp-content\/uploads\/2024\/09\/trai-tim-logo-nha-may-man.jpg\",\"contentUrl\":\"https:\/\/maison-chance.org\/shop\/wp-content\/uploads\/2024\/09\/trai-tim-logo-nha-may-man.jpg\",\"width\":600,\"height\":600,\"caption\":\"Tr\u00e1i tim logo Nh\u00e0 May M\u1eafn\"},{\"@type\":\"BreadcrumbList\",\"@id\":\"https:\/\/maison-chance.org\/shop\/san-pham\/trai-tim-logo-nha-may-man#breadcrumb\",\"itemListElement\":[{\"@type\":\"ListItem\",\"position\":1,\"name\":\"Trang ch\u1ee7\",\"item\":\"https:\/\/maison-chance.org\/shop\/\"},{\"@type\":\"ListItem\",\"position\":2,\"name\":\"Shop\",\"item\":\"https:\/\/maison-chance.org\/shop\/shop\"},{\"@type\":\"ListItem\",\"position\":3,\"name\":\"Tr\u00e1i tim logo Nh\u00e0 May M\u1eafn\"}]},{\"@type\":\"WebSite\",\"@id\":\"https:\/\/maison-chance.org\/shop\/#website\",\"url\":\"https:\/\/maison-chance.org\/shop\/\",\"name\":\"Nh\u00e0 May M\u1eafn - Maison Chance\",\"description\":\"M\u1ecdi l\u1ee3i nhu\u1eadn thu v\u1ec1 t\u1eeb vi\u1ec7c b\u00e1n h\u00e0ng s\u1ebd tr\u00edch m\u1ed9t ph\u1ea7n \u0111\u1ec3 ch\u0103m lo cho \u0111\u1eddi s\u1ed1ng c\u00e1c b\u1ea1n khuy\u1ebft t\u1eadt v\u00e0 tr\u1ebb m\u1ed3 c\u00f4i \u1edf \u0111\u00e2y\",\"publisher\":{\"@id\":\"https:\/\/maison-chance.org\/shop\/#organization\"},\"potentialAction\":[{\"@type\":\"SearchAction\",\"target\":{\"@type\":\"EntryPoint\",\"urlTemplate\":\"https:\/\/maison-chance.org\/shop\/?s={search_term_string}\"},\"query-input\":{\"@type\":\"PropertyValueSpecification\",\"valueRequired\":true,\"valueName\":\"search_term_string\"}}],\"inLanguage\":\"vi-VN\"},{\"@type\":\"Organization\",\"@id\":\"https:\/\/maison-chance.org\/shop\/#organization\",\"name\":\"Nh\u00e0 May M\u1eafn - Maison Chance\",\"url\":\"https:\/\/maison-chance.org\/shop\/\",\"logo\":{\"@type\":\"ImageObject\",\"inLanguage\":\"vi-VN\",\"@id\":\"https:\/\/maison-chance.org\/shop\/#\/schema\/logo\/image\/\",\"url\":\"https:\/\/maison-chance.org\/shop\/wp-content\/uploads\/2024\/03\/cropped-Logo_DNXH.png\",\"contentUrl\":\"https:\/\/maison-chance.org\/shop\/wp-content\/uploads\/2024\/03\/cropped-Logo_DNXH.png\",\"width\":512,\"height\":512,\"caption\":\"Nh\u00e0 May M\u1eafn - Maison Chance\"},\"image\":{\"@id\":\"https:\/\/maison-chance.org\/shop\/#\/schema\/logo\/image\/\"},\"sameAs\":[\"https:\/\/www.facebook.com\/dnxh.nhamayman\/\"]}]}<\/script>\n<meta property=\"product:price:amount\" content=\"3.30\" \/>\n<meta property=\"product:price:currency\" content=\"USD\" \/>\n<meta property=\"og:availability\" content=\"instock\" \/>\n<meta property=\"product:availability\" content=\"instock\" \/>\n<meta property=\"product:condition\" content=\"new\" \/>\n<!-- \/ Yoast SEO Premium plugin. -->","yoast_head_json":{"title":"Tr\u00e1i tim logo Nh\u00e0 May M\u1eafn - Nh\u00e0 May M\u1eafn - Maison Chance","description":"Tr\u00e1i tim logo Nh\u00e0 May M\u1eafn kh\u00f4ng ch\u1ec9 l\u00e0 m\u1ed9t v\u1eadt trang tr\u00ed \u0111\u00e1ng y\u00eau, m\u00e0 c\u00f2n l\u00e0 k\u1ebft tinh t\u1eeb s\u1ef1 n\u1ed7 l\u1ef1c v\u00e0 kh\u00e9o l\u00e9o c\u1ee7a c\u00e1c th\u1ee3 may khuy\u1ebft t\u1eadt t\u1ea1i Nh\u00e0 May M\u1eafn.","robots":{"index":"index","follow":"follow","max-snippet":"max-snippet:-1","max-image-preview":"max-image-preview:large","max-video-preview":"max-video-preview:-1"},"canonical":"https:\/\/maison-chance.org\/shop\/san-pham\/trai-tim-logo-nha-may-man","og_locale":"vi_VN","og_type":"article","og_title":"Tr\u00e1i tim logo Nh\u00e0 May M\u1eafn","og_description":"Tr\u00e1i tim logo Nh\u00e0 May M\u1eafn kh\u00f4ng ch\u1ec9 l\u00e0 m\u1ed9t v\u1eadt trang tr\u00ed \u0111\u00e1ng y\u00eau, m\u00e0 c\u00f2n l\u00e0 k\u1ebft tinh t\u1eeb s\u1ef1 n\u1ed7 l\u1ef1c v\u00e0 kh\u00e9o l\u00e9o c\u1ee7a c\u00e1c th\u1ee3 may khuy\u1ebft t\u1eadt t\u1ea1i Nh\u00e0 May M\u1eafn.","og_url":"https:\/\/maison-chance.org\/shop\/san-pham\/trai-tim-logo-nha-may-man","og_site_name":"Nh\u00e0 May M\u1eafn - Maison Chance","article_publisher":"https:\/\/www.facebook.com\/dnxh.nhamayman\/","article_modified_time":"2024-11-08T06:47:56+00:00","og_image":[{"width":600,"height":600,"url":"https:\/\/maison-chance.org\/shop\/wp-content\/uploads\/2024\/09\/trai-tim-logo-nha-may-man.jpg","type":"image\/jpeg"}],"twitter_card":"summary_large_image","twitter_misc":{"Gi\u00e1":"3.30&nbsp;&#36;","Availability":"In stock"},"schema":{"@context":"https:\/\/schema.org","@graph":[{"@type":"WebPage","@id":"https:\/\/maison-chance.org\/shop\/san-pham\/trai-tim-logo-nha-may-man","url":"https:\/\/maison-chance.org\/shop\/san-pham\/trai-tim-logo-nha-may-man","name":"Tr\u00e1i tim logo Nh\u00e0 May M\u1eafn - Nh\u00e0 May M\u1eafn - Maison Chance","isPartOf":{"@id":"https:\/\/maison-chance.org\/shop\/#website"},"primaryImageOfPage":{"@id":"https:\/\/maison-chance.org\/shop\/san-pham\/trai-tim-logo-nha-may-man#primaryimage"},"image":{"@id":"https:\/\/maison-chance.org\/shop\/san-pham\/trai-tim-logo-nha-may-man#primaryimage"},"thumbnailUrl":"https:\/\/maison-chance.org\/shop\/wp-content\/uploads\/2024\/09\/trai-tim-logo-nha-may-man.jpg","datePublished":"2024-09-23T08:37:44+00:00","dateModified":"2024-11-08T06:47:56+00:00","description":"Tr\u00e1i tim logo Nh\u00e0 May M\u1eafn kh\u00f4ng ch\u1ec9 l\u00e0 m\u1ed9t v\u1eadt trang tr\u00ed \u0111\u00e1ng y\u00eau, m\u00e0 c\u00f2n l\u00e0 k\u1ebft tinh t\u1eeb s\u1ef1 n\u1ed7 l\u1ef1c v\u00e0 kh\u00e9o l\u00e9o c\u1ee7a c\u00e1c th\u1ee3 may khuy\u1ebft t\u1eadt t\u1ea1i Nh\u00e0 May M\u1eafn.","breadcrumb":{"@id":"https:\/\/maison-chance.org\/shop\/san-pham\/trai-tim-logo-nha-may-man#breadcrumb"},"inLanguage":"vi-VN","potentialAction":[{"@type":"ReadAction","target":["https:\/\/maison-chance.org\/shop\/san-pham\/trai-tim-logo-nha-may-man"]}]},{"@type":"ImageObject","inLanguage":"vi-VN","@id":"https:\/\/maison-chance.org\/shop\/san-pham\/trai-tim-logo-nha-may-man#primaryimage","url":"https:\/\/maison-chance.org\/shop\/wp-content\/uploads\/2024\/09\/trai-tim-logo-nha-may-man.jpg","contentUrl":"https:\/\/maison-chance.org\/shop\/wp-content\/uploads\/2024\/09\/trai-tim-logo-nha-may-man.jpg","width":600,"height":600,"caption":"Tr\u00e1i tim logo Nh\u00e0 May M\u1eafn"},{"@type":"BreadcrumbList","@id":"https:\/\/maison-chance.org\/shop\/san-pham\/trai-tim-logo-nha-may-man#breadcrumb","itemListElement":[{"@type":"ListItem","position":1,"name":"Trang ch\u1ee7","item":"https:\/\/maison-chance.org\/shop\/"},{"@type":"ListItem","position":2,"name":"Shop","item":"https:\/\/maison-chance.org\/shop\/shop"},{"@type":"ListItem","position":3,"name":"Tr\u00e1i tim logo Nh\u00e0 May M\u1eafn"}]},{"@type":"WebSite","@id":"https:\/\/maison-chance.org\/shop\/#website","url":"https:\/\/maison-chance.org\/shop\/","name":"Nh\u00e0 May M\u1eafn - Maison Chance","description":"M\u1ecdi l\u1ee3i nhu\u1eadn thu v\u1ec1 t\u1eeb vi\u1ec7c b\u00e1n h\u00e0ng s\u1ebd tr\u00edch m\u1ed9t ph\u1ea7n \u0111\u1ec3 ch\u0103m lo cho \u0111\u1eddi s\u1ed1ng c\u00e1c b\u1ea1n khuy\u1ebft t\u1eadt v\u00e0 tr\u1ebb m\u1ed3 c\u00f4i \u1edf \u0111\u00e2y","publisher":{"@id":"https:\/\/maison-chance.org\/shop\/#organization"},"potentialAction":[{"@type":"SearchAction","target":{"@type":"EntryPoint","urlTemplate":"https:\/\/maison-chance.org\/shop\/?s={search_term_string}"},"query-input":{"@type":"PropertyValueSpecification","valueRequired":true,"valueName":"search_term_string"}}],"inLanguage":"vi-VN"},{"@type":"Organization","@id":"https:\/\/maison-chance.org\/shop\/#organization","name":"Nh\u00e0 May M\u1eafn - Maison Chance","url":"https:\/\/maison-chance.org\/shop\/","logo":{"@type":"ImageObject","inLanguage":"vi-VN","@id":"https:\/\/maison-chance.org\/shop\/#\/schema\/logo\/image\/","url":"https:\/\/maison-chance.org\/shop\/wp-content\/uploads\/2024\/03\/cropped-Logo_DNXH.png","contentUrl":"https:\/\/maison-chance.org\/shop\/wp-content\/uploads\/2024\/03\/cropped-Logo_DNXH.png","width":512,"height":512,"caption":"Nh\u00e0 May M\u1eafn - Maison Chance"},"image":{"@id":"https:\/\/maison-chance.org\/shop\/#\/schema\/logo\/image\/"},"sameAs":["https:\/\/www.facebook.com\/dnxh.nhamayman\/"]}]},"product_price_amount":"3.30","product_price_currency":"USD","og_availability":"instock","product_availability":"instock","product_condition":"new"},"_links":{"self":[{"href":"https:\/\/maison-chance.org\/shop\/wp-json\/wp\/v2\/product\/40381","targetHints":{"allow":["GET"]}}],"collection":[{"href":"https:\/\/maison-chance.org\/shop\/wp-json\/wp\/v2\/product"}],"about":[{"href":"https:\/\/maison-chance.org\/shop\/wp-json\/wp\/v2\/types\/product"}],"wp:featuredmedia":[{"embeddable":true,"href":"https:\/\/maison-chance.org\/shop\/wp-json\/wp\/v2\/media\/40382"}],"wp:attachment":[{"href":"https:\/\/maison-chance.org\/shop\/wp-json\/wp\/v2\/media?parent=40381"}],"wp:term":[{"taxonomy":"product_brand","embeddable":true,"href":"https:\/\/maison-chance.org\/shop\/wp-json\/wp\/v2\/product_brand?post=40381"},{"taxonomy":"product_cat","embeddable":true,"href":"https:\/\/maison-chance.org\/shop\/wp-json\/wp\/v2\/product_cat?post=40381"},{"taxonomy":"product_tag","embeddable":true,"href":"https:\/\/maison-chance.org\/shop\/wp-json\/wp\/v2\/product_tag?post=40381"}],"curies":[{"name":"wp","href":"https:\/\/api.w.org\/{rel}","templated":true}]}}