{"id":41273,"date":"2024-11-27T10:43:50","date_gmt":"2024-11-27T03:43:50","guid":{"rendered":"https:\/\/maison-chance.org\/shop?post_type=product&#038;p=41273"},"modified":"2024-11-27T10:51:00","modified_gmt":"2024-11-27T03:51:00","slug":"banh-ngoi-hanh-nhan","status":"publish","type":"product","link":"https:\/\/maison-chance.org\/shop\/san-pham\/banh-ngoi-hanh-nhan","title":{"rendered":"B\u00e1nh ng\u00f3i h\u1ea1nh nh\u00e2n"},"content":{"rendered":"<p style=\"text-align: justify;\">B\u1ea1n \u0111\u00e3 bao gi\u1edd l\u1ea1c l\u1ed1i trong m\u00ea cung c\u1ee7a nh\u1eefng m\u00f3n <a href=\"https:\/\/maison-chance.org\/shop\/banh-ngot\">b\u00e1nh ng\u1ecdt<\/a>, \u0111\u1ec3 r\u1ed3i ch\u1ee3t nh\u1eadn ra, h\u1ea1nh ph\u00fac \u0111\u00f4i khi n\u1eb1m trong nh\u1eefng \u0111i\u1ec1u gi\u1ea3n d\u1ecb nh\u1ea5t? Gi\u1eefa v\u00f4 v\u00e0n l\u1ef1a ch\u1ecdn, b\u00e1nh ng\u00f3i h\u1ea1nh nh\u00e2n Nh\u00e0 May M\u1eafn n\u1ed5i l\u00ean nh\u01b0 m\u1ed9t \u0111i\u1ec3m s\u00e1ng, mang \u0111\u1ebfn tr\u1ea3i nghi\u1ec7m \u1ea9m th\u1ef1c tinh t\u1ebf m\u00e0 \u1ea5m \u00e1p l\u1ea1 th\u01b0\u1eddng. Kh\u00f4ng ch\u1ec9 l\u00e0 m\u1ed9t m\u00f3n \u0103n v\u1eb7t, m\u1ed7i chi\u1ebfc b\u00e1nh ng\u00f3i gi\u00f2n r\u1ee5m l\u00e0 m\u1ed9t c\u00e2u chuy\u1ec7n v\u1ec1 s\u1ef1 \u0111am m\u00ea, t\u1ec9 m\u1ec9 v\u00e0 kh\u00e1t khao lan t\u1ecfa y\u00eau th\u01b0\u01a1ng. H\u00e3y c\u00f9ng v\u00e9n m\u00e0n b\u00ed m\u1eadt, kh\u00e1m ph\u00e1 \u0111i\u1ec1u g\u00ec \u0111\u00e3 l\u00e0m n\u00ean s\u1ee9c h\u00fat kh\u00f3 c\u01b0\u1ee1ng c\u1ee7a tuy\u1ec7t t\u00e1c b\u00e1nh ng\u1ecdt n\u00e0y!<\/p>\n<p style=\"text-align: justify;\">\u0110\u1ec3 t\u1ea1o n\u00ean ki\u1ec7t t\u00e1c b\u00e1nh ng\u00f3i h\u1ea1nh nh\u00e2n, Nh\u00e0 May M\u1eafn \u0111\u00e3 d\u00e0y c\u00f4ng tuy\u1ec3n ch\u1ecdn nh\u1eefng nguy\u00ean li\u1ec7u tinh t\u00fay nh\u1ea5t. B\u1ed9t m\u00ec th\u01a1m l\u1eebng \u0111\u01b0\u1ee3c nh\u00e0o n\u1eb7n t\u1ec9 m\u1ec9, k\u1ebft duy\u00ean c\u00f9ng tr\u1ee9ng g\u00e0 t\u01b0\u01a1i r\u00f3i, \u0111\u01b0\u1eddng m\u00eda ng\u1ecdt ng\u00e0o, b\u01a1 Ph\u00e1p th\u01b0\u1ee3ng h\u1ea1ng v\u00e0 d\u00f2ng s\u1eefa m\u00e1t l\u00e0nh. Nh\u01b0ng linh h\u1ed3n c\u1ee7a m\u00f3n b\u00e1nh, kh\u00f4ng g\u00ec kh\u00e1c, ch\u00ednh l\u00e0 nh\u1eefng l\u00e1t h\u1ea1nh nh\u00e2n gi\u00f2n tan, \u0111\u01b0\u1ee3c rang v\u00e0ng ru\u1ed9m, t\u1ecfa h\u01b0\u01a1ng th\u01a1m ng\u00e2y ng\u1ea5t. T\u1ea5t c\u1ea3 h\u00f2a quy\u1ec7n theo m\u1ed9t c\u00f4ng th\u1ee9c b\u00ed truy\u1ec1n, t\u1ea1o n\u00ean h\u01b0\u01a1ng v\u1ecb \u0111\u1ed9c \u0111\u00e1o, \u0111\u00e1nh th\u1ee9c m\u1ecdi gi\u00e1c quan.<\/p>\n<p style=\"text-align: justify;\">M\u1ed7i chi\u1ebfc <a href=\"https:\/\/maison-chance.org\/shop\/san-pham\/banh-ngoi-hanh-nhan\">b\u00e1nh ng\u00f3i h\u1ea1nh nh\u00e2n<\/a> kh\u00f4ng ch\u1ec9 l\u00e0 s\u1ea3n ph\u1ea9m c\u1ee7a c\u00f4ng th\u1ee9c, m\u00e0 c\u00f2n l\u00e0 k\u1ebft tinh c\u1ee7a t\u00e2m huy\u1ebft v\u00e0 \u0111\u00f4i b\u00e0n tay t\u00e0i hoa. T\u1eebng c\u00f4ng \u0111o\u1ea1n, t\u1eeb nh\u00e0o b\u1ed9t, c\u00e1n m\u1ecfng, \u0111\u1ebfn vi\u1ec7c t\u1ec9 m\u1ec9 s\u1eafp x\u1ebfp t\u1eebng l\u00e1t h\u1ea1nh nh\u00e2n l\u00ean b\u1ec1 m\u1eb7t b\u00e1nh, \u0111\u1ec1u \u0111\u01b0\u1ee3c th\u1ef1c hi\u1ec7n v\u1edbi s\u1ef1 t\u1eadp trung cao \u0111\u1ed9 v\u00e0 ni\u1ec1m \u0111am m\u00ea ch\u00e1y b\u1ecfng. B\u00e1nh \u0111\u01b0\u1ee3c n\u01b0\u1edbng trong l\u00f2 v\u1edbi nhi\u1ec7t \u0111\u1ed9 v\u00e0 th\u1eddi gian ho\u00e0n h\u1ea3o, \u0111\u1ec3 \u0111\u1ea1t \u0111\u1ebfn \u0111\u1ed9 gi\u00f2n tan l\u00fd t\u01b0\u1edfng v\u00e0 m\u00e0u v\u00e0ng h\u1ed5 ph\u00e1ch quy\u1ebfn r\u0169. Ch\u00ednh s\u1ef1 t\u1eadn t\u00e2m v\u00e0 kh\u00e9o l\u00e9o \u0111\u00e3 bi\u1ebfn nh\u1eefng nguy\u00ean li\u1ec7u \u0111\u01a1n gi\u1ea3n th\u00e0nh m\u1ed9t t\u00e1c ph\u1ea9m ngh\u1ec7 thu\u1eadt \u1ea9m th\u1ef1c \u0111\u00edch th\u1ef1c.<\/p>\n<p style=\"text-align: justify;\">Ngay khi b\u1ea1n m\u1edf n\u1eafp h\u0169 b\u00e1nh ng\u00f3i h\u1ea1nh nh\u00e2n, m\u1ed9t b\u1ea3n giao h\u01b0\u1edfng h\u01b0\u01a1ng th\u01a1m s\u1ebd \u00f9a v\u00e0o, \u0111\u00e1nh th\u1ee9c m\u1ecdi gi\u00e1c quan. H\u01b0\u01a1ng th\u01a1m ng\u1ecdt ng\u00e0o c\u1ee7a b\u01a1, quy\u1ec7n l\u1eabn v\u1edbi m\u00f9i th\u01a1m \u0111\u1eb7c tr\u01b0ng c\u1ee7a h\u1ea1nh nh\u00e2n rang, t\u1ea1o n\u00ean m\u1ed9t s\u1ee9c h\u00fat kh\u00f3 c\u01b0\u1ee1ng. C\u1eafn m\u1ed9t mi\u1ebfng b\u00e1nh, b\u1ea1n s\u1ebd c\u1ea3m nh\u1eadn \u0111\u01b0\u1ee3c \u0111\u1ed9 gi\u00f2n tan v\u1ee1 trong mi\u1ec7ng, v\u1ecb b\u00e9o ng\u1eady tan ch\u1ea3y c\u1ee7a b\u01a1, v\u1ecb ng\u1ecdt thanh c\u1ee7a \u0111\u01b0\u1eddng v\u00e0 h\u01b0\u01a1ng th\u01a1m n\u1ed3ng n\u00e0n c\u1ee7a h\u1ea1nh nh\u00e2n. T\u1ea5t c\u1ea3 h\u00f2a quy\u1ec7n, t\u1ea1o n\u00ean m\u1ed9t v\u0169 \u0111i\u1ec7u h\u01b0\u01a1ng v\u1ecb tuy\u1ec7t v\u1eddi, khi\u1ebfn b\u1ea1n ch\u1ec9 mu\u1ed1n th\u01b0\u1edfng th\u1ee9c m\u00e3i kh\u00f4ng th\u00f4i.<\/p>\n<p style=\"text-align: justify;\">\u1ea8n sau l\u1edbp v\u1ecf gi\u00f2n tan v\u00e0 h\u01b0\u01a1ng v\u1ecb ng\u1ecdt ng\u00e0o, b\u00e1nh ng\u00f3i h\u1ea1nh nh\u00e2n c\u00f2n mang trong m\u00ecnh m\u1ed9t c\u00e2u chuy\u1ec7n \u00fd ngh\u0129a. M\u1ed7i chi\u1ebfc b\u00e1nh l\u00e0 m\u1ed9t th\u00f4ng \u0111i\u1ec7p v\u1ec1 s\u1ef1 s\u1ebb chia, y\u00eau th\u01b0\u01a1ng v\u00e0 ni\u1ec1m tin v\u00e0o cu\u1ed9c s\u1ed1ng. Th\u01b0\u1edfng th\u1ee9c b\u00e1nh, b\u1ea1n kh\u00f4ng ch\u1ec9 c\u1ea3m nh\u1eadn \u0111\u01b0\u1ee3c h\u01b0\u01a1ng v\u1ecb tuy\u1ec7t v\u1eddi m\u00e0 c\u00f2n c\u1ea3m nh\u1eadn \u0111\u01b0\u1ee3c s\u1ef1 ch\u00e2n th\u00e0nh, t\u00e2m huy\u1ebft v\u00e0 t\u00ecnh c\u1ea3m \u0111\u01b0\u1ee3c g\u1eedi g\u1eafm trong t\u1eebng s\u1ea3n ph\u1ea9m. \u0110\u00f3 l\u00e0 m\u00f3n qu\u00e0 \u00fd ngh\u0129a m\u00e0 Nh\u00e0 May M\u1eafn mu\u1ed1n d\u00e0nh t\u1eb7ng cho t\u1ea5t c\u1ea3 m\u1ecdi ng\u01b0\u1eddi.<\/p>\n<p style=\"text-align: justify;\">N\u1ebfu b\u1ea1n \u0111ang t\u00ecm ki\u1ebfm m\u1ed9t m\u00f3n \u0103n v\u1eb7t v\u1eeba ngon mi\u1ec7ng, v\u1eeba \u00fd ngh\u0129a, th\u00ec <a href=\"https:\/\/maison-chance.org\/shop\/phong-banh\">b\u00e1nh ng\u00f3i h\u1ea1nh nh\u00e2n Nh\u00e0 May M\u1eafn<\/a> ch\u00ednh l\u00e0 l\u1ef1a ch\u1ecdn ho\u00e0n h\u1ea3o. V\u1edbi h\u01b0\u01a1ng v\u1ecb \u0111\u1ed9c \u0111\u00e1o, ch\u1ea5t l\u01b0\u1ee3ng v\u01b0\u1ee3t tr\u1ed9i v\u00e0 c\u00e2u chuy\u1ec7n c\u1ea3m \u0111\u1ed9ng \u0111\u1eb1ng sau, b\u00e1nh ng\u00f3i h\u1ea1nh nh\u00e2n kh\u00f4ng ch\u1ec9 l\u00e0 m\u00f3n qu\u00e0 cho v\u1ecb gi\u00e1c m\u00e0 c\u00f2n l\u00e0 m\u00f3n qu\u00e0 cho t\u00e2m h\u1ed3n. H\u00e3y \u0111\u1ebfn v\u1edbi <a href=\"https:\/\/maison-chance.org\/shop\">Nh\u00e0 May M\u1eafn<\/a>, \u0111\u1ec3 tr\u1ea3i nghi\u1ec7m h\u01b0\u01a1ng v\u1ecb ng\u1ecdt ng\u00e0o c\u1ee7a h\u1ea1nh ph\u00fac v\u00e0 chung tay lan t\u1ecfa y\u00eau th\u01b0\u01a1ng \u0111\u1ebfn c\u1ed9ng \u0111\u1ed3ng. M\u1ed7i chi\u1ebfc b\u00e1nh b\u1ea1n mua s\u1ebd g\u00f3p ph\u1ea7n mang \u0111\u1ebfn ni\u1ec1m vui v\u00e0 hy v\u1ecdng cho nh\u1eefng ng\u01b0\u1eddi k\u00e9m may m\u1eafn, gi\u00fap h\u1ecd v\u1eefng tin h\u01a1n v\u00e0o cu\u1ed9c s\u1ed1ng v\u00e0 ti\u1ebfp t\u1ee5c theo \u0111u\u1ed5i nh\u1eefng \u01b0\u1edbc m\u01a1 c\u1ee7a m\u00ecnh. H\u00e3y \u0111\u1ec3 nh\u1eefng chi\u1ebfc b\u00e1nh ng\u00f3i h\u1ea1nh nh\u00e2n gi\u00f2n tan, ng\u1ecdt ng\u00e0o n\u00e0y tr\u1edf th\u00e0nh c\u1ea7u n\u1ed1i, g\u1eafn k\u1ebft tr\u00e1i tim v\u00e0 lan t\u1ecfa nh\u1eefng \u0111i\u1ec1u t\u1ed1t \u0111\u1eb9p trong cu\u1ed9c s\u1ed1ng.<\/p>\n","protected":false},"excerpt":{"rendered":"<p style=\"text-align: justify;\">S\u1ea3n ph\u1ea9m b\u00e1nh ng\u1ecdt \u0111\u01b0\u1ee3c l\u00e0m t\u1eeb c\u00e1c b\u1ea1n tr\u1ebb m\u1ed3 c\u00f4i hi\u1ec7n \u0111ang \u0111\u01b0\u1ee3c Nh\u00e0 May M\u1eafn &#8211; Maison Chance nu\u00f4i d\u01b0\u1ee1ng. K\u00ednh mong nh\u1eadn \u0111\u01b0\u1ee3c s\u1ef1 \u1ee7ng h\u1ed9 c\u1ee7a Qu\u00fd kh\u00e1ch!<\/p>\n<p>Hotline : <span style=\"font-size: 20px;\"><strong><span style=\"color: #ff0000;\">0909 06 25 28<\/span><\/strong><\/span><\/p>\n","protected":false},"featured_media":41275,"template":"","meta":[],"product_brand":[],"product_cat":[153,150],"product_tag":[],"class_list":{"0":"post-41273","1":"product","2":"type-product","3":"status-publish","4":"has-post-thumbnail","6":"product_cat-banh-ngot","7":"product_cat-phong-banh","9":"first","10":"instock","11":"shipping-taxable","12":"purchasable","13":"product-type-simple"},"yoast_head":"<!-- This site is optimized with the Yoast SEO Premium plugin v22.7 (Yoast SEO v25.3.1) - https:\/\/yoast.com\/wordpress\/plugins\/seo\/ -->\n<title>B\u00e1nh ng\u00f3i h\u1ea1nh nh\u00e2n - Nh\u00e0 May M\u1eafn - Maison Chance<\/title>\n<meta name=\"description\" content=\"B\u00e1nh ng\u00f3i h\u1ea1nh nh\u00e2n Nh\u00e0 May M\u1eafn n\u1ed5i l\u00ean nh\u01b0 m\u1ed9t \u0111i\u1ec3m s\u00e1ng, mang \u0111\u1ebfn tr\u1ea3i nghi\u1ec7m \u1ea9m th\u1ef1c tinh t\u1ebf m\u00e0 \u1ea5m \u00e1p l\u1ea1 th\u01b0\u1eddng. Kh\u00f4ng ch\u1ec9 l\u00e0 m\u1ed9t m\u00f3n \u0103n v\u1eb7t, m\u1ed7i chi\u1ebfc b\u00e1nh ng\u00f3i gi\u00f2n r\u1ee5m l\u00e0 m\u1ed9t c\u00e2u chuy\u1ec7n v\u1ec1 s\u1ef1 \u0111am m\u00ea, t\u1ec9 m\u1ec9 v\u00e0 kh\u00e1t khao lan t\u1ecfa y\u00eau th\u01b0\u01a1ng\" \/>\n<meta name=\"robots\" content=\"index, follow, max-snippet:-1, max-image-preview:large, max-video-preview:-1\" \/>\n<link rel=\"canonical\" href=\"https:\/\/maison-chance.org\/shop\/san-pham\/banh-ngoi-hanh-nhan\" \/>\n<meta property=\"og:locale\" content=\"vi_VN\" \/>\n<meta property=\"og:type\" content=\"article\" \/>\n<meta property=\"og:title\" content=\"B\u00e1nh ng\u00f3i h\u1ea1nh nh\u00e2n\" \/>\n<meta property=\"og:description\" content=\"B\u00e1nh ng\u00f3i h\u1ea1nh nh\u00e2n Nh\u00e0 May M\u1eafn n\u1ed5i l\u00ean nh\u01b0 m\u1ed9t \u0111i\u1ec3m s\u00e1ng, mang \u0111\u1ebfn tr\u1ea3i nghi\u1ec7m \u1ea9m th\u1ef1c tinh t\u1ebf m\u00e0 \u1ea5m \u00e1p l\u1ea1 th\u01b0\u1eddng. Kh\u00f4ng ch\u1ec9 l\u00e0 m\u1ed9t m\u00f3n \u0103n v\u1eb7t, m\u1ed7i chi\u1ebfc b\u00e1nh ng\u00f3i gi\u00f2n r\u1ee5m l\u00e0 m\u1ed9t c\u00e2u chuy\u1ec7n v\u1ec1 s\u1ef1 \u0111am m\u00ea, t\u1ec9 m\u1ec9 v\u00e0 kh\u00e1t khao lan t\u1ecfa y\u00eau th\u01b0\u01a1ng\" \/>\n<meta property=\"og:url\" content=\"https:\/\/maison-chance.org\/shop\/san-pham\/banh-ngoi-hanh-nhan\" \/>\n<meta property=\"og:site_name\" content=\"Nh\u00e0 May M\u1eafn - Maison Chance\" \/>\n<meta property=\"article:publisher\" content=\"https:\/\/www.facebook.com\/dnxh.nhamayman\/\" \/>\n<meta property=\"article:modified_time\" content=\"2024-11-27T03:51:00+00:00\" \/>\n<meta property=\"og:image\" content=\"https:\/\/maison-chance.org\/shop\/wp-content\/uploads\/2024\/11\/banh-ngoi-hanh-nhan.png\" \/>\n\t<meta property=\"og:image:width\" content=\"600\" \/>\n\t<meta property=\"og:image:height\" content=\"600\" \/>\n\t<meta property=\"og:image:type\" content=\"image\/png\" \/>\n<meta name=\"twitter:card\" content=\"summary_large_image\" \/>\n<meta name=\"twitter:label1\" content=\"Gi\u00e1\" \/>\n\t<meta name=\"twitter:data1\" content=\"2.90&nbsp;&#036;\" \/>\n\t<meta name=\"twitter:label2\" content=\"Availability\" \/>\n\t<meta name=\"twitter:data2\" content=\"In stock\" \/>\n<script type=\"application\/ld+json\" class=\"yoast-schema-graph\">{\"@context\":\"https:\/\/schema.org\",\"@graph\":[{\"@type\":\"WebPage\",\"@id\":\"https:\/\/maison-chance.org\/shop\/san-pham\/banh-ngoi-hanh-nhan\",\"url\":\"https:\/\/maison-chance.org\/shop\/san-pham\/banh-ngoi-hanh-nhan\",\"name\":\"B\u00e1nh ng\u00f3i h\u1ea1nh nh\u00e2n - Nh\u00e0 May M\u1eafn - Maison Chance\",\"isPartOf\":{\"@id\":\"https:\/\/maison-chance.org\/shop\/#website\"},\"primaryImageOfPage\":{\"@id\":\"https:\/\/maison-chance.org\/shop\/san-pham\/banh-ngoi-hanh-nhan#primaryimage\"},\"image\":{\"@id\":\"https:\/\/maison-chance.org\/shop\/san-pham\/banh-ngoi-hanh-nhan#primaryimage\"},\"thumbnailUrl\":\"https:\/\/maison-chance.org\/shop\/wp-content\/uploads\/2024\/11\/banh-ngoi-hanh-nhan.png\",\"datePublished\":\"2024-11-27T03:43:50+00:00\",\"dateModified\":\"2024-11-27T03:51:00+00:00\",\"description\":\"B\u00e1nh ng\u00f3i h\u1ea1nh nh\u00e2n Nh\u00e0 May M\u1eafn n\u1ed5i l\u00ean nh\u01b0 m\u1ed9t \u0111i\u1ec3m s\u00e1ng, mang \u0111\u1ebfn tr\u1ea3i nghi\u1ec7m \u1ea9m th\u1ef1c tinh t\u1ebf m\u00e0 \u1ea5m \u00e1p l\u1ea1 th\u01b0\u1eddng. Kh\u00f4ng ch\u1ec9 l\u00e0 m\u1ed9t m\u00f3n \u0103n v\u1eb7t, m\u1ed7i chi\u1ebfc b\u00e1nh ng\u00f3i gi\u00f2n r\u1ee5m l\u00e0 m\u1ed9t c\u00e2u chuy\u1ec7n v\u1ec1 s\u1ef1 \u0111am m\u00ea, t\u1ec9 m\u1ec9 v\u00e0 kh\u00e1t khao lan t\u1ecfa y\u00eau th\u01b0\u01a1ng\",\"breadcrumb\":{\"@id\":\"https:\/\/maison-chance.org\/shop\/san-pham\/banh-ngoi-hanh-nhan#breadcrumb\"},\"inLanguage\":\"vi-VN\",\"potentialAction\":[{\"@type\":\"ReadAction\",\"target\":[\"https:\/\/maison-chance.org\/shop\/san-pham\/banh-ngoi-hanh-nhan\"]}]},{\"@type\":\"ImageObject\",\"inLanguage\":\"vi-VN\",\"@id\":\"https:\/\/maison-chance.org\/shop\/san-pham\/banh-ngoi-hanh-nhan#primaryimage\",\"url\":\"https:\/\/maison-chance.org\/shop\/wp-content\/uploads\/2024\/11\/banh-ngoi-hanh-nhan.png\",\"contentUrl\":\"https:\/\/maison-chance.org\/shop\/wp-content\/uploads\/2024\/11\/banh-ngoi-hanh-nhan.png\",\"width\":600,\"height\":600,\"caption\":\"B\u00e1nh ng\u00f3i h\u1ea1nh nh\u00e2n\"},{\"@type\":\"BreadcrumbList\",\"@id\":\"https:\/\/maison-chance.org\/shop\/san-pham\/banh-ngoi-hanh-nhan#breadcrumb\",\"itemListElement\":[{\"@type\":\"ListItem\",\"position\":1,\"name\":\"Trang ch\u1ee7\",\"item\":\"https:\/\/maison-chance.org\/shop\/\"},{\"@type\":\"ListItem\",\"position\":2,\"name\":\"Shop\",\"item\":\"https:\/\/maison-chance.org\/shop\/shop\"},{\"@type\":\"ListItem\",\"position\":3,\"name\":\"B\u00e1nh ng\u00f3i h\u1ea1nh nh\u00e2n\"}]},{\"@type\":\"WebSite\",\"@id\":\"https:\/\/maison-chance.org\/shop\/#website\",\"url\":\"https:\/\/maison-chance.org\/shop\/\",\"name\":\"Nh\u00e0 May M\u1eafn - Maison Chance\",\"description\":\"M\u1ecdi l\u1ee3i nhu\u1eadn thu v\u1ec1 t\u1eeb vi\u1ec7c b\u00e1n h\u00e0ng s\u1ebd tr\u00edch m\u1ed9t ph\u1ea7n \u0111\u1ec3 ch\u0103m lo cho \u0111\u1eddi s\u1ed1ng c\u00e1c b\u1ea1n khuy\u1ebft t\u1eadt v\u00e0 tr\u1ebb m\u1ed3 c\u00f4i \u1edf \u0111\u00e2y\",\"publisher\":{\"@id\":\"https:\/\/maison-chance.org\/shop\/#organization\"},\"potentialAction\":[{\"@type\":\"SearchAction\",\"target\":{\"@type\":\"EntryPoint\",\"urlTemplate\":\"https:\/\/maison-chance.org\/shop\/?s={search_term_string}\"},\"query-input\":{\"@type\":\"PropertyValueSpecification\",\"valueRequired\":true,\"valueName\":\"search_term_string\"}}],\"inLanguage\":\"vi-VN\"},{\"@type\":\"Organization\",\"@id\":\"https:\/\/maison-chance.org\/shop\/#organization\",\"name\":\"Nh\u00e0 May M\u1eafn - Maison Chance\",\"url\":\"https:\/\/maison-chance.org\/shop\/\",\"logo\":{\"@type\":\"ImageObject\",\"inLanguage\":\"vi-VN\",\"@id\":\"https:\/\/maison-chance.org\/shop\/#\/schema\/logo\/image\/\",\"url\":\"https:\/\/maison-chance.org\/shop\/wp-content\/uploads\/2024\/03\/cropped-Logo_DNXH.png\",\"contentUrl\":\"https:\/\/maison-chance.org\/shop\/wp-content\/uploads\/2024\/03\/cropped-Logo_DNXH.png\",\"width\":512,\"height\":512,\"caption\":\"Nh\u00e0 May M\u1eafn - Maison Chance\"},\"image\":{\"@id\":\"https:\/\/maison-chance.org\/shop\/#\/schema\/logo\/image\/\"},\"sameAs\":[\"https:\/\/www.facebook.com\/dnxh.nhamayman\/\"]}]}<\/script>\n<meta property=\"product:price:amount\" content=\"2.90\" \/>\n<meta property=\"product:price:currency\" content=\"USD\" \/>\n<meta property=\"og:availability\" content=\"instock\" \/>\n<meta property=\"product:availability\" content=\"instock\" \/>\n<meta property=\"product:condition\" content=\"new\" \/>\n<!-- \/ Yoast SEO Premium plugin. -->","yoast_head_json":{"title":"B\u00e1nh ng\u00f3i h\u1ea1nh nh\u00e2n - Nh\u00e0 May M\u1eafn - Maison Chance","description":"B\u00e1nh ng\u00f3i h\u1ea1nh nh\u00e2n Nh\u00e0 May M\u1eafn n\u1ed5i l\u00ean nh\u01b0 m\u1ed9t \u0111i\u1ec3m s\u00e1ng, mang \u0111\u1ebfn tr\u1ea3i nghi\u1ec7m \u1ea9m th\u1ef1c tinh t\u1ebf m\u00e0 \u1ea5m \u00e1p l\u1ea1 th\u01b0\u1eddng. Kh\u00f4ng ch\u1ec9 l\u00e0 m\u1ed9t m\u00f3n \u0103n v\u1eb7t, m\u1ed7i chi\u1ebfc b\u00e1nh ng\u00f3i gi\u00f2n r\u1ee5m l\u00e0 m\u1ed9t c\u00e2u chuy\u1ec7n v\u1ec1 s\u1ef1 \u0111am m\u00ea, t\u1ec9 m\u1ec9 v\u00e0 kh\u00e1t khao lan t\u1ecfa y\u00eau th\u01b0\u01a1ng","robots":{"index":"index","follow":"follow","max-snippet":"max-snippet:-1","max-image-preview":"max-image-preview:large","max-video-preview":"max-video-preview:-1"},"canonical":"https:\/\/maison-chance.org\/shop\/san-pham\/banh-ngoi-hanh-nhan","og_locale":"vi_VN","og_type":"article","og_title":"B\u00e1nh ng\u00f3i h\u1ea1nh nh\u00e2n","og_description":"B\u00e1nh ng\u00f3i h\u1ea1nh nh\u00e2n Nh\u00e0 May M\u1eafn n\u1ed5i l\u00ean nh\u01b0 m\u1ed9t \u0111i\u1ec3m s\u00e1ng, mang \u0111\u1ebfn tr\u1ea3i nghi\u1ec7m \u1ea9m th\u1ef1c tinh t\u1ebf m\u00e0 \u1ea5m \u00e1p l\u1ea1 th\u01b0\u1eddng. Kh\u00f4ng ch\u1ec9 l\u00e0 m\u1ed9t m\u00f3n \u0103n v\u1eb7t, m\u1ed7i chi\u1ebfc b\u00e1nh ng\u00f3i gi\u00f2n r\u1ee5m l\u00e0 m\u1ed9t c\u00e2u chuy\u1ec7n v\u1ec1 s\u1ef1 \u0111am m\u00ea, t\u1ec9 m\u1ec9 v\u00e0 kh\u00e1t khao lan t\u1ecfa y\u00eau th\u01b0\u01a1ng","og_url":"https:\/\/maison-chance.org\/shop\/san-pham\/banh-ngoi-hanh-nhan","og_site_name":"Nh\u00e0 May M\u1eafn - Maison Chance","article_publisher":"https:\/\/www.facebook.com\/dnxh.nhamayman\/","article_modified_time":"2024-11-27T03:51:00+00:00","og_image":[{"width":600,"height":600,"url":"https:\/\/maison-chance.org\/shop\/wp-content\/uploads\/2024\/11\/banh-ngoi-hanh-nhan.png","type":"image\/png"}],"twitter_card":"summary_large_image","twitter_misc":{"Gi\u00e1":"2.90&nbsp;&#36;","Availability":"In stock"},"schema":{"@context":"https:\/\/schema.org","@graph":[{"@type":"WebPage","@id":"https:\/\/maison-chance.org\/shop\/san-pham\/banh-ngoi-hanh-nhan","url":"https:\/\/maison-chance.org\/shop\/san-pham\/banh-ngoi-hanh-nhan","name":"B\u00e1nh ng\u00f3i h\u1ea1nh nh\u00e2n - Nh\u00e0 May M\u1eafn - Maison Chance","isPartOf":{"@id":"https:\/\/maison-chance.org\/shop\/#website"},"primaryImageOfPage":{"@id":"https:\/\/maison-chance.org\/shop\/san-pham\/banh-ngoi-hanh-nhan#primaryimage"},"image":{"@id":"https:\/\/maison-chance.org\/shop\/san-pham\/banh-ngoi-hanh-nhan#primaryimage"},"thumbnailUrl":"https:\/\/maison-chance.org\/shop\/wp-content\/uploads\/2024\/11\/banh-ngoi-hanh-nhan.png","datePublished":"2024-11-27T03:43:50+00:00","dateModified":"2024-11-27T03:51:00+00:00","description":"B\u00e1nh ng\u00f3i h\u1ea1nh nh\u00e2n Nh\u00e0 May M\u1eafn n\u1ed5i l\u00ean nh\u01b0 m\u1ed9t \u0111i\u1ec3m s\u00e1ng, mang \u0111\u1ebfn tr\u1ea3i nghi\u1ec7m \u1ea9m th\u1ef1c tinh t\u1ebf m\u00e0 \u1ea5m \u00e1p l\u1ea1 th\u01b0\u1eddng. Kh\u00f4ng ch\u1ec9 l\u00e0 m\u1ed9t m\u00f3n \u0103n v\u1eb7t, m\u1ed7i chi\u1ebfc b\u00e1nh ng\u00f3i gi\u00f2n r\u1ee5m l\u00e0 m\u1ed9t c\u00e2u chuy\u1ec7n v\u1ec1 s\u1ef1 \u0111am m\u00ea, t\u1ec9 m\u1ec9 v\u00e0 kh\u00e1t khao lan t\u1ecfa y\u00eau th\u01b0\u01a1ng","breadcrumb":{"@id":"https:\/\/maison-chance.org\/shop\/san-pham\/banh-ngoi-hanh-nhan#breadcrumb"},"inLanguage":"vi-VN","potentialAction":[{"@type":"ReadAction","target":["https:\/\/maison-chance.org\/shop\/san-pham\/banh-ngoi-hanh-nhan"]}]},{"@type":"ImageObject","inLanguage":"vi-VN","@id":"https:\/\/maison-chance.org\/shop\/san-pham\/banh-ngoi-hanh-nhan#primaryimage","url":"https:\/\/maison-chance.org\/shop\/wp-content\/uploads\/2024\/11\/banh-ngoi-hanh-nhan.png","contentUrl":"https:\/\/maison-chance.org\/shop\/wp-content\/uploads\/2024\/11\/banh-ngoi-hanh-nhan.png","width":600,"height":600,"caption":"B\u00e1nh ng\u00f3i h\u1ea1nh nh\u00e2n"},{"@type":"BreadcrumbList","@id":"https:\/\/maison-chance.org\/shop\/san-pham\/banh-ngoi-hanh-nhan#breadcrumb","itemListElement":[{"@type":"ListItem","position":1,"name":"Trang ch\u1ee7","item":"https:\/\/maison-chance.org\/shop\/"},{"@type":"ListItem","position":2,"name":"Shop","item":"https:\/\/maison-chance.org\/shop\/shop"},{"@type":"ListItem","position":3,"name":"B\u00e1nh ng\u00f3i h\u1ea1nh nh\u00e2n"}]},{"@type":"WebSite","@id":"https:\/\/maison-chance.org\/shop\/#website","url":"https:\/\/maison-chance.org\/shop\/","name":"Nh\u00e0 May M\u1eafn - Maison Chance","description":"M\u1ecdi l\u1ee3i nhu\u1eadn thu v\u1ec1 t\u1eeb vi\u1ec7c b\u00e1n h\u00e0ng s\u1ebd tr\u00edch m\u1ed9t ph\u1ea7n \u0111\u1ec3 ch\u0103m lo cho \u0111\u1eddi s\u1ed1ng c\u00e1c b\u1ea1n khuy\u1ebft t\u1eadt v\u00e0 tr\u1ebb m\u1ed3 c\u00f4i \u1edf \u0111\u00e2y","publisher":{"@id":"https:\/\/maison-chance.org\/shop\/#organization"},"potentialAction":[{"@type":"SearchAction","target":{"@type":"EntryPoint","urlTemplate":"https:\/\/maison-chance.org\/shop\/?s={search_term_string}"},"query-input":{"@type":"PropertyValueSpecification","valueRequired":true,"valueName":"search_term_string"}}],"inLanguage":"vi-VN"},{"@type":"Organization","@id":"https:\/\/maison-chance.org\/shop\/#organization","name":"Nh\u00e0 May M\u1eafn - Maison Chance","url":"https:\/\/maison-chance.org\/shop\/","logo":{"@type":"ImageObject","inLanguage":"vi-VN","@id":"https:\/\/maison-chance.org\/shop\/#\/schema\/logo\/image\/","url":"https:\/\/maison-chance.org\/shop\/wp-content\/uploads\/2024\/03\/cropped-Logo_DNXH.png","contentUrl":"https:\/\/maison-chance.org\/shop\/wp-content\/uploads\/2024\/03\/cropped-Logo_DNXH.png","width":512,"height":512,"caption":"Nh\u00e0 May M\u1eafn - Maison Chance"},"image":{"@id":"https:\/\/maison-chance.org\/shop\/#\/schema\/logo\/image\/"},"sameAs":["https:\/\/www.facebook.com\/dnxh.nhamayman\/"]}]},"product_price_amount":"2.90","product_price_currency":"USD","og_availability":"instock","product_availability":"instock","product_condition":"new"},"_links":{"self":[{"href":"https:\/\/maison-chance.org\/shop\/wp-json\/wp\/v2\/product\/41273","targetHints":{"allow":["GET"]}}],"collection":[{"href":"https:\/\/maison-chance.org\/shop\/wp-json\/wp\/v2\/product"}],"about":[{"href":"https:\/\/maison-chance.org\/shop\/wp-json\/wp\/v2\/types\/product"}],"wp:featuredmedia":[{"embeddable":true,"href":"https:\/\/maison-chance.org\/shop\/wp-json\/wp\/v2\/media\/41275"}],"wp:attachment":[{"href":"https:\/\/maison-chance.org\/shop\/wp-json\/wp\/v2\/media?parent=41273"}],"wp:term":[{"taxonomy":"product_brand","embeddable":true,"href":"https:\/\/maison-chance.org\/shop\/wp-json\/wp\/v2\/product_brand?post=41273"},{"taxonomy":"product_cat","embeddable":true,"href":"https:\/\/maison-chance.org\/shop\/wp-json\/wp\/v2\/product_cat?post=41273"},{"taxonomy":"product_tag","embeddable":true,"href":"https:\/\/maison-chance.org\/shop\/wp-json\/wp\/v2\/product_tag?post=41273"}],"curies":[{"name":"wp","href":"https:\/\/api.w.org\/{rel}","templated":true}]}}