{"id":41282,"date":"2024-11-27T14:16:39","date_gmt":"2024-11-27T07:16:39","guid":{"rendered":"https:\/\/maison-chance.org\/shop?post_type=product&#038;p=41282"},"modified":"2024-11-27T14:20:51","modified_gmt":"2024-11-27T07:20:51","slug":"banh-ngu-coc-dinh-duong","status":"publish","type":"product","link":"https:\/\/maison-chance.org\/shop\/san-pham\/banh-ngu-coc-dinh-duong","title":{"rendered":"B\u00e1nh ng\u0169 c\u1ed1c dinh d\u01b0\u1ee1ng"},"content":{"rendered":"<p style=\"text-align: justify;\">Nh\u00e0 May M\u1eafn mang \u0111\u1ebfn s\u1ea3n ph\u1ea9m <a href=\"https:\/\/maison-chance.org\/shop\/san-pham\/banh-ngu-coc-dinh-duong\">b\u00e1nh ng\u0169 c\u1ed1c dinh d\u01b0\u1ee1ng<\/a> \u2013 m\u1ed9t s\u1ef1 k\u1ebft h\u1ee3p ho\u00e0n h\u1ea3o gi\u1eefa h\u01b0\u01a1ng v\u1ecb v\u00e0 gi\u00e1 tr\u1ecb dinh d\u01b0\u1ee1ng. V\u1edbi t\u00e2m huy\u1ebft trong t\u1eebng c\u00f4ng \u0111o\u1ea1n ch\u1ebf bi\u1ebfn, m\u00f3n b\u00e1nh n\u00e0y kh\u00f4ng ch\u1ec9 l\u00e0 b\u1eefa \u0103n nh\u1eb9 ti\u1ec7n l\u1ee3i m\u00e0 c\u00f2n l\u00e0 m\u00f3n qu\u00e0 s\u1ee9c kh\u1ecfe d\u00e0nh cho m\u1ecdi l\u1ee9a tu\u1ed5i.<\/p>\n<p style=\"text-align: justify;\">\u0110i\u1ec1u g\u00ec khi\u1ebfn <a href=\"https:\/\/maison-chance.org\/shop\/banh-ngot\">b\u00e1nh ng\u1ecdt<\/a> c\u1ee7a <a href=\"https:\/\/maison-chance.org\/shop\">Nh\u00e0 May M\u1eafn<\/a> kh\u00e1c bi\u1ec7t v\u00e0 h\u1ea5p d\u1eabn \u0111\u1ebfn v\u1eady? Ch\u00ednh l\u00e0 nh\u1edd nh\u1eefng nguy\u00ean li\u1ec7u cao c\u1ea5p, \u0111\u01b0\u1ee3c ch\u1ecdn l\u1ecdc k\u1ef9 c\u00e0ng, mang \u0111\u1ebfn s\u1ef1 h\u00f2a quy\u1ec7n ho\u00e0n h\u1ea3o:<\/p>\n<p style=\"text-align: justify;\">H\u1ea1nh nh\u00e2n v\u00e0 h\u1ea1t \u0111i\u1ec1u: Nh\u1eefng lo\u1ea1i h\u1ea1t n\u00e0y kh\u00f4ng ch\u1ec9 gi\u00f2n tan m\u00e0 c\u00f2n ch\u1ee9a l\u01b0\u1ee3ng l\u1edbn ch\u1ea5t b\u00e9o t\u1ed1t v\u00e0 vitamin E, gi\u00fap t\u0103ng c\u01b0\u1eddng s\u1ee9c kh\u1ecfe tim m\u1ea1ch.<\/p>\n<p style=\"text-align: justify;\">H\u1ea1t h\u01b0\u1edbng d\u01b0\u01a1ng v\u00e0 m\u00e8 tr\u1eafng: L\u00e0 ngu\u1ed3n cung c\u1ea5p ch\u1ea5t ch\u1ed1ng oxy h\u00f3a d\u1ed3i d\u00e0o, t\u1ea1o n\u00ean v\u1ecb b\u00f9i b\u00f9i d\u1ec5 ch\u1ecbu, gi\u00fap ng\u01b0\u1eddi th\u01b0\u1edfng th\u1ee9c kh\u00f4ng th\u1ec3 ng\u1eebng tay.<\/p>\n<p style=\"text-align: justify;\">B\u00ed xanh v\u00e0 nho kh\u00f4: B\u00ed xanh cung c\u1ea5p ch\u1ea5t x\u01a1 t\u1ef1 nhi\u00ean, trong khi nho kh\u00f4 l\u1ea1i th\u00eam ch\u00fat ng\u1ecdt d\u1ecbu, khi\u1ebfn chi\u1ebfc b\u00e1nh c\u00e2n b\u1eb1ng v\u1ec1 c\u1ea3 h\u01b0\u01a1ng v\u1ecb l\u1eabn dinh d\u01b0\u1ee1ng.<\/p>\n<p style=\"text-align: justify;\">M\u1eadt ong v\u00e0 l\u00f2ng tr\u1eafng tr\u1ee9ng: \u0110\u00e2y l\u00e0 &#8220;b\u00ed quy\u1ebft v\u00e0ng&#8221; gi\u00fap b\u00e1nh c\u00f3 \u0111\u1ed9 k\u1ebft d\u00ednh ho\u00e0n h\u1ea3o, mang \u0111\u1ebfn v\u1ecb ng\u1ecdt thanh nh\u1eb9, kh\u00f4ng g\u00e2y c\u1ea3m gi\u00e1c ng\u1ea5y.<\/p>\n<p style=\"text-align: justify;\">B\u1ea1n s\u1ebd b\u1ecb chinh ph\u1ee5c b\u1edfi m\u00f9i h\u01b0\u01a1ng th\u01a1m l\u1eebng c\u1ee7a m\u1eadt ong h\u00f2a quy\u1ec7n c\u00f9ng m\u00f9i b\u00e9o nh\u1eb9 c\u1ee7a c\u00e1c lo\u1ea1i h\u1ea1t. Khi th\u01b0\u1edfng th\u1ee9c, m\u1ed7i mi\u1ebfng b\u00e1nh gi\u00f2n tan s\u1ebd mang \u0111\u1ebfn c\u1ea3m gi\u00e1c b\u00f9i b\u00f9i, ng\u1ecdt nh\u1eb9, v\u00e0 \u0111\u1eb7c bi\u1ec7t l\u00e0 kh\u00f4ng h\u1ec1 ng\u1ea5y. \u0110\u00e2y l\u00e0 lo\u1ea1i b\u00e1nh l\u00fd t\u01b0\u1edfng \u0111\u1ec3 b\u1ed5 sung n\u0103ng l\u01b0\u1ee3ng gi\u1eefa bu\u1ed5i, ho\u1eb7c l\u00e0m m\u00f3n \u0103n nh\u1eb9 m\u1ed7i khi b\u1ea1n c\u1ea7n n\u1ea1p th\u00eam dinh d\u01b0\u1ee1ng.<\/p>\n<p style=\"text-align: justify;\">Kh\u00f4ng ch\u1ec9 v\u1eady, b\u00e1nh ng\u0169 c\u1ed1c dinh d\u01b0\u1ee1ng c\u00f2n l\u00e0 m\u00f3n qu\u00e0 \u00fd ngh\u0129a d\u00e0nh t\u1eb7ng ng\u01b0\u1eddi th\u00e2n, b\u1ea1n b\u00e8 trong nh\u1eefng d\u1ecbp \u0111\u1eb7c bi\u1ec7t.<\/p>\n<p style=\"text-align: justify;\">T\u1eebng chi\u1ebfc b\u00e1nh kh\u00f4ng ch\u1ec9 l\u00e0 s\u1ea3n ph\u1ea9m ch\u1ea5t l\u01b0\u1ee3ng m\u00e0 c\u00f2n g\u1eedi g\u1eafm s\u1ef1 quan t\u00e2m v\u00e0 y\u00eau th\u01b0\u01a1ng \u0111\u1ebfn ng\u01b0\u1eddi nh\u1eadn.<\/p>\n<p style=\"text-align: justify;\">H\u00e3y \u0111\u1ec3 nh\u1eefng chi\u1ebfc <a href=\"https:\/\/maison-chance.org\/shop\/phong-banh\">b\u00e1nh ng\u0169 c\u1ed1c dinh d\u01b0\u1ee1ng t\u1eeb Nh\u00e0 May M\u1eafn<\/a> \u0111\u1ed3ng h\u00e0nh c\u00f9ng b\u1ea1n trong h\u00e0nh tr\u00ecnh ch\u0103m s\u00f3c s\u1ee9c kh\u1ecfe. M\u1ed9t s\u1ea3n ph\u1ea9m v\u1eeba ngon mi\u1ec7ng, v\u1eeba t\u1ed1t cho s\u1ee9c kh\u1ecfe, l\u1ea1i \u0111\u01b0\u1ee3c ch\u1ebf bi\u1ebfn v\u1edbi t\u00e2m huy\u1ebft, ch\u1eafc ch\u1eafn s\u1ebd kh\u00f4ng l\u00e0m b\u1ea1n th\u1ea5t v\u1ecdng.<\/p>\n","protected":false},"excerpt":{"rendered":"<p style=\"text-align: justify;\">S\u1ea3n ph\u1ea9m b\u00e1nh ng\u1ecdt \u0111\u01b0\u1ee3c l\u00e0m t\u1eeb c\u00e1c b\u1ea1n tr\u1ebb m\u1ed3 c\u00f4i hi\u1ec7n \u0111ang \u0111\u01b0\u1ee3c Nh\u00e0 May M\u1eafn &#8211; Maison Chance nu\u00f4i d\u01b0\u1ee1ng. K\u00ednh mong nh\u1eadn \u0111\u01b0\u1ee3c s\u1ef1 \u1ee7ng h\u1ed9 c\u1ee7a Qu\u00fd kh\u00e1ch!<\/p>\n<p>Hotline : <span style=\"font-size: 20px;\"><strong><span style=\"color: #ff0000;\">0909 06 25 28<\/span><\/strong><\/span><\/p>\n","protected":false},"featured_media":41283,"template":"","meta":[],"product_brand":[],"product_cat":[153,150],"product_tag":[],"class_list":{"0":"post-41282","1":"product","2":"type-product","3":"status-publish","4":"has-post-thumbnail","6":"product_cat-banh-ngot","7":"product_cat-phong-banh","9":"first","10":"instock","11":"shipping-taxable","12":"purchasable","13":"product-type-simple"},"yoast_head":"<!-- This site is optimized with the Yoast SEO Premium plugin v22.7 (Yoast SEO v25.3.1) - https:\/\/yoast.com\/wordpress\/plugins\/seo\/ -->\n<title>B\u00e1nh ng\u0169 c\u1ed1c dinh d\u01b0\u1ee1ng - Nh\u00e0 May M\u1eafn - Maison Chance<\/title>\n<meta name=\"description\" content=\"H\u00e3y \u0111\u1ec3 nh\u1eefng chi\u1ebfc b\u00e1nh ng\u0169 c\u1ed1c dinh d\u01b0\u1ee1ng t\u1eeb Nh\u00e0 May M\u1eafn \u0111\u1ed3ng h\u00e0nh c\u00f9ng b\u1ea1n trong h\u00e0nh tr\u00ecnh ch\u0103m s\u00f3c s\u1ee9c kh\u1ecfe. M\u1ed9t s\u1ea3n ph\u1ea9m v\u1eeba ngon mi\u1ec7ng, v\u1eeba t\u1ed1t cho s\u1ee9c kh\u1ecfe, l\u1ea1i \u0111\u01b0\u1ee3c ch\u1ebf bi\u1ebfn v\u1edbi t\u00e2m huy\u1ebft, ch\u1eafc ch\u1eafn s\u1ebd kh\u00f4ng l\u00e0m b\u1ea1n th\u1ea5t v\u1ecdng.\" \/>\n<meta name=\"robots\" content=\"index, follow, max-snippet:-1, max-image-preview:large, max-video-preview:-1\" \/>\n<link rel=\"canonical\" href=\"https:\/\/maison-chance.org\/shop\/san-pham\/banh-ngu-coc-dinh-duong\" \/>\n<meta property=\"og:locale\" content=\"vi_VN\" \/>\n<meta property=\"og:type\" content=\"article\" \/>\n<meta property=\"og:title\" content=\"B\u00e1nh ng\u0169 c\u1ed1c dinh d\u01b0\u1ee1ng\" \/>\n<meta property=\"og:description\" content=\"H\u00e3y \u0111\u1ec3 nh\u1eefng chi\u1ebfc b\u00e1nh ng\u0169 c\u1ed1c dinh d\u01b0\u1ee1ng t\u1eeb Nh\u00e0 May M\u1eafn \u0111\u1ed3ng h\u00e0nh c\u00f9ng b\u1ea1n trong h\u00e0nh tr\u00ecnh ch\u0103m s\u00f3c s\u1ee9c kh\u1ecfe. M\u1ed9t s\u1ea3n ph\u1ea9m v\u1eeba ngon mi\u1ec7ng, v\u1eeba t\u1ed1t cho s\u1ee9c kh\u1ecfe, l\u1ea1i \u0111\u01b0\u1ee3c ch\u1ebf bi\u1ebfn v\u1edbi t\u00e2m huy\u1ebft, ch\u1eafc ch\u1eafn s\u1ebd kh\u00f4ng l\u00e0m b\u1ea1n th\u1ea5t v\u1ecdng.\" \/>\n<meta property=\"og:url\" content=\"https:\/\/maison-chance.org\/shop\/san-pham\/banh-ngu-coc-dinh-duong\" \/>\n<meta property=\"og:site_name\" content=\"Nh\u00e0 May M\u1eafn - Maison Chance\" \/>\n<meta property=\"article:publisher\" content=\"https:\/\/www.facebook.com\/dnxh.nhamayman\/\" \/>\n<meta property=\"article:modified_time\" content=\"2024-11-27T07:20:51+00:00\" \/>\n<meta property=\"og:image\" content=\"https:\/\/maison-chance.org\/shop\/wp-content\/uploads\/2024\/11\/banh-ngu-coc-dinh-duong.png\" \/>\n\t<meta property=\"og:image:width\" content=\"600\" \/>\n\t<meta property=\"og:image:height\" content=\"600\" \/>\n\t<meta property=\"og:image:type\" content=\"image\/png\" \/>\n<meta name=\"twitter:card\" content=\"summary_large_image\" \/>\n<meta name=\"twitter:label1\" content=\"Gi\u00e1\" \/>\n\t<meta name=\"twitter:data1\" content=\"2.90&nbsp;&#036;\" \/>\n\t<meta name=\"twitter:label2\" content=\"Availability\" \/>\n\t<meta name=\"twitter:data2\" content=\"In stock\" \/>\n<script type=\"application\/ld+json\" class=\"yoast-schema-graph\">{\"@context\":\"https:\/\/schema.org\",\"@graph\":[{\"@type\":\"WebPage\",\"@id\":\"https:\/\/maison-chance.org\/shop\/san-pham\/banh-ngu-coc-dinh-duong\",\"url\":\"https:\/\/maison-chance.org\/shop\/san-pham\/banh-ngu-coc-dinh-duong\",\"name\":\"B\u00e1nh ng\u0169 c\u1ed1c dinh d\u01b0\u1ee1ng - Nh\u00e0 May M\u1eafn - Maison Chance\",\"isPartOf\":{\"@id\":\"https:\/\/maison-chance.org\/shop\/#website\"},\"primaryImageOfPage\":{\"@id\":\"https:\/\/maison-chance.org\/shop\/san-pham\/banh-ngu-coc-dinh-duong#primaryimage\"},\"image\":{\"@id\":\"https:\/\/maison-chance.org\/shop\/san-pham\/banh-ngu-coc-dinh-duong#primaryimage\"},\"thumbnailUrl\":\"https:\/\/maison-chance.org\/shop\/wp-content\/uploads\/2024\/11\/banh-ngu-coc-dinh-duong.png\",\"datePublished\":\"2024-11-27T07:16:39+00:00\",\"dateModified\":\"2024-11-27T07:20:51+00:00\",\"description\":\"H\u00e3y \u0111\u1ec3 nh\u1eefng chi\u1ebfc b\u00e1nh ng\u0169 c\u1ed1c dinh d\u01b0\u1ee1ng t\u1eeb Nh\u00e0 May M\u1eafn \u0111\u1ed3ng h\u00e0nh c\u00f9ng b\u1ea1n trong h\u00e0nh tr\u00ecnh ch\u0103m s\u00f3c s\u1ee9c kh\u1ecfe. M\u1ed9t s\u1ea3n ph\u1ea9m v\u1eeba ngon mi\u1ec7ng, v\u1eeba t\u1ed1t cho s\u1ee9c kh\u1ecfe, l\u1ea1i \u0111\u01b0\u1ee3c ch\u1ebf bi\u1ebfn v\u1edbi t\u00e2m huy\u1ebft, ch\u1eafc ch\u1eafn s\u1ebd kh\u00f4ng l\u00e0m b\u1ea1n th\u1ea5t v\u1ecdng.\",\"breadcrumb\":{\"@id\":\"https:\/\/maison-chance.org\/shop\/san-pham\/banh-ngu-coc-dinh-duong#breadcrumb\"},\"inLanguage\":\"vi-VN\",\"potentialAction\":[{\"@type\":\"ReadAction\",\"target\":[\"https:\/\/maison-chance.org\/shop\/san-pham\/banh-ngu-coc-dinh-duong\"]}]},{\"@type\":\"ImageObject\",\"inLanguage\":\"vi-VN\",\"@id\":\"https:\/\/maison-chance.org\/shop\/san-pham\/banh-ngu-coc-dinh-duong#primaryimage\",\"url\":\"https:\/\/maison-chance.org\/shop\/wp-content\/uploads\/2024\/11\/banh-ngu-coc-dinh-duong.png\",\"contentUrl\":\"https:\/\/maison-chance.org\/shop\/wp-content\/uploads\/2024\/11\/banh-ngu-coc-dinh-duong.png\",\"width\":600,\"height\":600,\"caption\":\"B\u00e1nh ng\u0169 c\u1ed1c dinh d\u01b0\u1ee1ng\"},{\"@type\":\"BreadcrumbList\",\"@id\":\"https:\/\/maison-chance.org\/shop\/san-pham\/banh-ngu-coc-dinh-duong#breadcrumb\",\"itemListElement\":[{\"@type\":\"ListItem\",\"position\":1,\"name\":\"Trang ch\u1ee7\",\"item\":\"https:\/\/maison-chance.org\/shop\/\"},{\"@type\":\"ListItem\",\"position\":2,\"name\":\"Shop\",\"item\":\"https:\/\/maison-chance.org\/shop\/shop\"},{\"@type\":\"ListItem\",\"position\":3,\"name\":\"B\u00e1nh ng\u0169 c\u1ed1c dinh d\u01b0\u1ee1ng\"}]},{\"@type\":\"WebSite\",\"@id\":\"https:\/\/maison-chance.org\/shop\/#website\",\"url\":\"https:\/\/maison-chance.org\/shop\/\",\"name\":\"Nh\u00e0 May M\u1eafn - Maison Chance\",\"description\":\"M\u1ecdi l\u1ee3i nhu\u1eadn thu v\u1ec1 t\u1eeb vi\u1ec7c b\u00e1n h\u00e0ng s\u1ebd tr\u00edch m\u1ed9t ph\u1ea7n \u0111\u1ec3 ch\u0103m lo cho \u0111\u1eddi s\u1ed1ng c\u00e1c b\u1ea1n khuy\u1ebft t\u1eadt v\u00e0 tr\u1ebb m\u1ed3 c\u00f4i \u1edf \u0111\u00e2y\",\"publisher\":{\"@id\":\"https:\/\/maison-chance.org\/shop\/#organization\"},\"potentialAction\":[{\"@type\":\"SearchAction\",\"target\":{\"@type\":\"EntryPoint\",\"urlTemplate\":\"https:\/\/maison-chance.org\/shop\/?s={search_term_string}\"},\"query-input\":{\"@type\":\"PropertyValueSpecification\",\"valueRequired\":true,\"valueName\":\"search_term_string\"}}],\"inLanguage\":\"vi-VN\"},{\"@type\":\"Organization\",\"@id\":\"https:\/\/maison-chance.org\/shop\/#organization\",\"name\":\"Nh\u00e0 May M\u1eafn - Maison Chance\",\"url\":\"https:\/\/maison-chance.org\/shop\/\",\"logo\":{\"@type\":\"ImageObject\",\"inLanguage\":\"vi-VN\",\"@id\":\"https:\/\/maison-chance.org\/shop\/#\/schema\/logo\/image\/\",\"url\":\"https:\/\/maison-chance.org\/shop\/wp-content\/uploads\/2024\/03\/cropped-Logo_DNXH.png\",\"contentUrl\":\"https:\/\/maison-chance.org\/shop\/wp-content\/uploads\/2024\/03\/cropped-Logo_DNXH.png\",\"width\":512,\"height\":512,\"caption\":\"Nh\u00e0 May M\u1eafn - Maison Chance\"},\"image\":{\"@id\":\"https:\/\/maison-chance.org\/shop\/#\/schema\/logo\/image\/\"},\"sameAs\":[\"https:\/\/www.facebook.com\/dnxh.nhamayman\/\"]}]}<\/script>\n<meta property=\"product:price:amount\" content=\"2.90\" \/>\n<meta property=\"product:price:currency\" content=\"USD\" \/>\n<meta property=\"og:availability\" content=\"instock\" \/>\n<meta property=\"product:availability\" content=\"instock\" \/>\n<meta property=\"product:condition\" content=\"new\" \/>\n<!-- \/ Yoast SEO Premium plugin. -->","yoast_head_json":{"title":"B\u00e1nh ng\u0169 c\u1ed1c dinh d\u01b0\u1ee1ng - Nh\u00e0 May M\u1eafn - Maison Chance","description":"H\u00e3y \u0111\u1ec3 nh\u1eefng chi\u1ebfc b\u00e1nh ng\u0169 c\u1ed1c dinh d\u01b0\u1ee1ng t\u1eeb Nh\u00e0 May M\u1eafn \u0111\u1ed3ng h\u00e0nh c\u00f9ng b\u1ea1n trong h\u00e0nh tr\u00ecnh ch\u0103m s\u00f3c s\u1ee9c kh\u1ecfe. M\u1ed9t s\u1ea3n ph\u1ea9m v\u1eeba ngon mi\u1ec7ng, v\u1eeba t\u1ed1t cho s\u1ee9c kh\u1ecfe, l\u1ea1i \u0111\u01b0\u1ee3c ch\u1ebf bi\u1ebfn v\u1edbi t\u00e2m huy\u1ebft, ch\u1eafc ch\u1eafn s\u1ebd kh\u00f4ng l\u00e0m b\u1ea1n th\u1ea5t v\u1ecdng.","robots":{"index":"index","follow":"follow","max-snippet":"max-snippet:-1","max-image-preview":"max-image-preview:large","max-video-preview":"max-video-preview:-1"},"canonical":"https:\/\/maison-chance.org\/shop\/san-pham\/banh-ngu-coc-dinh-duong","og_locale":"vi_VN","og_type":"article","og_title":"B\u00e1nh ng\u0169 c\u1ed1c dinh d\u01b0\u1ee1ng","og_description":"H\u00e3y \u0111\u1ec3 nh\u1eefng chi\u1ebfc b\u00e1nh ng\u0169 c\u1ed1c dinh d\u01b0\u1ee1ng t\u1eeb Nh\u00e0 May M\u1eafn \u0111\u1ed3ng h\u00e0nh c\u00f9ng b\u1ea1n trong h\u00e0nh tr\u00ecnh ch\u0103m s\u00f3c s\u1ee9c kh\u1ecfe. M\u1ed9t s\u1ea3n ph\u1ea9m v\u1eeba ngon mi\u1ec7ng, v\u1eeba t\u1ed1t cho s\u1ee9c kh\u1ecfe, l\u1ea1i \u0111\u01b0\u1ee3c ch\u1ebf bi\u1ebfn v\u1edbi t\u00e2m huy\u1ebft, ch\u1eafc ch\u1eafn s\u1ebd kh\u00f4ng l\u00e0m b\u1ea1n th\u1ea5t v\u1ecdng.","og_url":"https:\/\/maison-chance.org\/shop\/san-pham\/banh-ngu-coc-dinh-duong","og_site_name":"Nh\u00e0 May M\u1eafn - Maison Chance","article_publisher":"https:\/\/www.facebook.com\/dnxh.nhamayman\/","article_modified_time":"2024-11-27T07:20:51+00:00","og_image":[{"width":600,"height":600,"url":"https:\/\/maison-chance.org\/shop\/wp-content\/uploads\/2024\/11\/banh-ngu-coc-dinh-duong.png","type":"image\/png"}],"twitter_card":"summary_large_image","twitter_misc":{"Gi\u00e1":"2.90&nbsp;&#36;","Availability":"In stock"},"schema":{"@context":"https:\/\/schema.org","@graph":[{"@type":"WebPage","@id":"https:\/\/maison-chance.org\/shop\/san-pham\/banh-ngu-coc-dinh-duong","url":"https:\/\/maison-chance.org\/shop\/san-pham\/banh-ngu-coc-dinh-duong","name":"B\u00e1nh ng\u0169 c\u1ed1c dinh d\u01b0\u1ee1ng - Nh\u00e0 May M\u1eafn - Maison Chance","isPartOf":{"@id":"https:\/\/maison-chance.org\/shop\/#website"},"primaryImageOfPage":{"@id":"https:\/\/maison-chance.org\/shop\/san-pham\/banh-ngu-coc-dinh-duong#primaryimage"},"image":{"@id":"https:\/\/maison-chance.org\/shop\/san-pham\/banh-ngu-coc-dinh-duong#primaryimage"},"thumbnailUrl":"https:\/\/maison-chance.org\/shop\/wp-content\/uploads\/2024\/11\/banh-ngu-coc-dinh-duong.png","datePublished":"2024-11-27T07:16:39+00:00","dateModified":"2024-11-27T07:20:51+00:00","description":"H\u00e3y \u0111\u1ec3 nh\u1eefng chi\u1ebfc b\u00e1nh ng\u0169 c\u1ed1c dinh d\u01b0\u1ee1ng t\u1eeb Nh\u00e0 May M\u1eafn \u0111\u1ed3ng h\u00e0nh c\u00f9ng b\u1ea1n trong h\u00e0nh tr\u00ecnh ch\u0103m s\u00f3c s\u1ee9c kh\u1ecfe. M\u1ed9t s\u1ea3n ph\u1ea9m v\u1eeba ngon mi\u1ec7ng, v\u1eeba t\u1ed1t cho s\u1ee9c kh\u1ecfe, l\u1ea1i \u0111\u01b0\u1ee3c ch\u1ebf bi\u1ebfn v\u1edbi t\u00e2m huy\u1ebft, ch\u1eafc ch\u1eafn s\u1ebd kh\u00f4ng l\u00e0m b\u1ea1n th\u1ea5t v\u1ecdng.","breadcrumb":{"@id":"https:\/\/maison-chance.org\/shop\/san-pham\/banh-ngu-coc-dinh-duong#breadcrumb"},"inLanguage":"vi-VN","potentialAction":[{"@type":"ReadAction","target":["https:\/\/maison-chance.org\/shop\/san-pham\/banh-ngu-coc-dinh-duong"]}]},{"@type":"ImageObject","inLanguage":"vi-VN","@id":"https:\/\/maison-chance.org\/shop\/san-pham\/banh-ngu-coc-dinh-duong#primaryimage","url":"https:\/\/maison-chance.org\/shop\/wp-content\/uploads\/2024\/11\/banh-ngu-coc-dinh-duong.png","contentUrl":"https:\/\/maison-chance.org\/shop\/wp-content\/uploads\/2024\/11\/banh-ngu-coc-dinh-duong.png","width":600,"height":600,"caption":"B\u00e1nh ng\u0169 c\u1ed1c dinh d\u01b0\u1ee1ng"},{"@type":"BreadcrumbList","@id":"https:\/\/maison-chance.org\/shop\/san-pham\/banh-ngu-coc-dinh-duong#breadcrumb","itemListElement":[{"@type":"ListItem","position":1,"name":"Trang ch\u1ee7","item":"https:\/\/maison-chance.org\/shop\/"},{"@type":"ListItem","position":2,"name":"Shop","item":"https:\/\/maison-chance.org\/shop\/shop"},{"@type":"ListItem","position":3,"name":"B\u00e1nh ng\u0169 c\u1ed1c dinh d\u01b0\u1ee1ng"}]},{"@type":"WebSite","@id":"https:\/\/maison-chance.org\/shop\/#website","url":"https:\/\/maison-chance.org\/shop\/","name":"Nh\u00e0 May M\u1eafn - Maison Chance","description":"M\u1ecdi l\u1ee3i nhu\u1eadn thu v\u1ec1 t\u1eeb vi\u1ec7c b\u00e1n h\u00e0ng s\u1ebd tr\u00edch m\u1ed9t ph\u1ea7n \u0111\u1ec3 ch\u0103m lo cho \u0111\u1eddi s\u1ed1ng c\u00e1c b\u1ea1n khuy\u1ebft t\u1eadt v\u00e0 tr\u1ebb m\u1ed3 c\u00f4i \u1edf \u0111\u00e2y","publisher":{"@id":"https:\/\/maison-chance.org\/shop\/#organization"},"potentialAction":[{"@type":"SearchAction","target":{"@type":"EntryPoint","urlTemplate":"https:\/\/maison-chance.org\/shop\/?s={search_term_string}"},"query-input":{"@type":"PropertyValueSpecification","valueRequired":true,"valueName":"search_term_string"}}],"inLanguage":"vi-VN"},{"@type":"Organization","@id":"https:\/\/maison-chance.org\/shop\/#organization","name":"Nh\u00e0 May M\u1eafn - Maison Chance","url":"https:\/\/maison-chance.org\/shop\/","logo":{"@type":"ImageObject","inLanguage":"vi-VN","@id":"https:\/\/maison-chance.org\/shop\/#\/schema\/logo\/image\/","url":"https:\/\/maison-chance.org\/shop\/wp-content\/uploads\/2024\/03\/cropped-Logo_DNXH.png","contentUrl":"https:\/\/maison-chance.org\/shop\/wp-content\/uploads\/2024\/03\/cropped-Logo_DNXH.png","width":512,"height":512,"caption":"Nh\u00e0 May M\u1eafn - Maison Chance"},"image":{"@id":"https:\/\/maison-chance.org\/shop\/#\/schema\/logo\/image\/"},"sameAs":["https:\/\/www.facebook.com\/dnxh.nhamayman\/"]}]},"product_price_amount":"2.90","product_price_currency":"USD","og_availability":"instock","product_availability":"instock","product_condition":"new"},"_links":{"self":[{"href":"https:\/\/maison-chance.org\/shop\/wp-json\/wp\/v2\/product\/41282","targetHints":{"allow":["GET"]}}],"collection":[{"href":"https:\/\/maison-chance.org\/shop\/wp-json\/wp\/v2\/product"}],"about":[{"href":"https:\/\/maison-chance.org\/shop\/wp-json\/wp\/v2\/types\/product"}],"wp:featuredmedia":[{"embeddable":true,"href":"https:\/\/maison-chance.org\/shop\/wp-json\/wp\/v2\/media\/41283"}],"wp:attachment":[{"href":"https:\/\/maison-chance.org\/shop\/wp-json\/wp\/v2\/media?parent=41282"}],"wp:term":[{"taxonomy":"product_brand","embeddable":true,"href":"https:\/\/maison-chance.org\/shop\/wp-json\/wp\/v2\/product_brand?post=41282"},{"taxonomy":"product_cat","embeddable":true,"href":"https:\/\/maison-chance.org\/shop\/wp-json\/wp\/v2\/product_cat?post=41282"},{"taxonomy":"product_tag","embeddable":true,"href":"https:\/\/maison-chance.org\/shop\/wp-json\/wp\/v2\/product_tag?post=41282"}],"curies":[{"name":"wp","href":"https:\/\/api.w.org\/{rel}","templated":true}]}}