{"id":41322,"date":"2024-12-04T15:08:32","date_gmt":"2024-12-04T08:08:32","guid":{"rendered":"https:\/\/maison-chance.org\/shop?post_type=product&#038;p=41322"},"modified":"2024-12-04T15:15:54","modified_gmt":"2024-12-04T08:15:54","slug":"banh-quy-hat-oc-cho","status":"publish","type":"product","link":"https:\/\/maison-chance.org\/shop\/san-pham\/banh-quy-hat-oc-cho","title":{"rendered":"B\u00e1nh quy h\u1ea1t \u00f3c ch\u00f3"},"content":{"rendered":"<p style=\"text-align: justify;\"><a href=\"https:\/\/maison-chance.org\/shop\/san-pham\/banh-quy-hat-oc-cho\">B\u00e1nh quy h\u1ea1t \u00f3c ch\u00f3<\/a> Nh\u00e0 May M\u1eafn kh\u00f4ng ch\u1ec9 mang \u0111\u1ebfn s\u1ef1 kh\u00e1c bi\u1ec7t v\u1ec1 ch\u1ea5t l\u01b0\u1ee3ng m\u00e0 c\u00f2n ch\u1ee9a \u0111\u1ef1ng c\u00e2u chuy\u1ec7n c\u1ea3m \u0111\u1ed9ng v\u00e0 \u0111\u1ea7y \u00fd ngh\u0129a v\u1ec1 s\u1ef1 c\u1ed1 g\u1eafng v\u00e0 kh\u00e1t khao v\u01b0\u01a1n l\u00ean. Trong s\u1ed1 c\u00e1c s\u1ea3n ph\u1ea9m n\u1ed5i b\u1eadt c\u1ee7a <a href=\"https:\/\/maison-chance.org\/shop\">Nh\u00e0 May M\u1eafn<\/a>, b\u00e1nh quy h\u1ea1t \u00f3c ch\u00f3 l\u00e0 m\u00f3n \u0103n h\u1ea5p d\u1eabn, ho\u00e0n h\u1ea3o cho nh\u1eefng ai y\u00eau th\u00edch s\u1ef1 k\u1ebft h\u1ee3p gi\u1eefa h\u01b0\u01a1ng v\u1ecb th\u01a1m ngon v\u00e0 gi\u00e1 tr\u1ecb dinh d\u01b0\u1ee1ng.<\/p>\n<p style=\"text-align: justify;\">S\u1ea3n ph\u1ea9m <a href=\"https:\/\/maison-chance.org\/shop\/phong-banh\">b\u00e1nh quy h\u1ea1t \u00f3c ch\u00f3 c\u1ee7a Nh\u00e0 May M\u1eafn<\/a> \u0111\u01b0\u1ee3c ch\u1ebf bi\u1ebfn t\u1eeb nh\u1eefng nguy\u00ean li\u1ec7u t\u1ef1 nhi\u00ean, mang \u0111\u1ebfn m\u1ed9t h\u01b0\u01a1ng v\u1ecb thanh tho\u00e1t nh\u01b0ng \u0111\u1eadm \u0111\u00e0 kh\u00f3 qu\u00ean. Th\u00e0nh ph\u1ea7n ch\u00ednh c\u1ee7a b\u00e1nh bao g\u1ed3m b\u1ed9t m\u00ec, tr\u1ee9ng, \u0111\u01b0\u1eddng, b\u01a1, s\u1eefa v\u00e0 h\u1ea1t \u00f3c ch\u00f3 \u2013 nh\u1eefng nguy\u00ean li\u1ec7u quen thu\u1ed9c nh\u01b0ng \u0111\u1ea7y \u0111\u1ee7 d\u01b0\u1ee1ng ch\u1ea5t.<\/p>\n<p style=\"text-align: justify;\">\u0110\u1eb7c bi\u1ec7t, h\u1ea1t \u00f3c ch\u00f3 l\u00e0 linh h\u1ed3n c\u1ee7a b\u00e1nh quy n\u00e0y, mang \u0111\u1ebfn cho s\u1ea3n ph\u1ea9m m\u1ed9t h\u01b0\u01a1ng v\u1ecb \u0111\u1eb7c bi\u1ec7t, v\u1eeba th\u01a1m ng\u1eady v\u1eeba b\u00e9o b\u00f9i. H\u1ea1t \u00f3c ch\u00f3 kh\u00f4ng ch\u1ec9 l\u00e0m t\u0103ng th\u00eam gi\u00e1 tr\u1ecb dinh d\u01b0\u1ee1ng m\u00e0 c\u00f2n b\u1ed5 sung ch\u1ea5t x\u01a1, vitamin E v\u00e0 ch\u1ea5t ch\u1ed1ng oxy h\u00f3a, gi\u00fap b\u1ea3o v\u1ec7 s\u1ee9c kh\u1ecfe v\u00e0 mang l\u1ea1i c\u1ea3m gi\u00e1c ngon mi\u1ec7ng h\u01a1n m\u1ed7i l\u1ea7n th\u01b0\u1edfng th\u1ee9c.<\/p>\n<p style=\"text-align: justify;\">M\u1ed7i chi\u1ebfc b\u00e1nh quy h\u1ea1t \u00f3c ch\u00f3 \u0111\u1ec1u \u0111\u01b0\u1ee3c ch\u1ebf bi\u1ebfn m\u1ed9t c\u00e1ch t\u1ec9 m\u1ec9, k\u1ebft h\u1ee3p h\u00e0i h\u00f2a gi\u1eefa c\u00e1c th\u00e0nh ph\u1ea7n t\u1ef1 nhi\u00ean, \u0111em \u0111\u1ebfn m\u1ed9t m\u00f3n \u0103n v\u1eb7t l\u00fd t\u01b0\u1edfng cho nh\u1eefng ai y\u00eau th\u00edch s\u1ef1 gi\u1ea3n d\u1ecb nh\u01b0ng kh\u00f4ng k\u00e9m ph\u1ea7n tinh t\u1ebf. V\u1edbi m\u1ed7i h\u0169 b\u00e1nh quy h\u1ea1t \u00f3c ch\u00f3 n\u1eb7ng 110gr, b\u1ea1n s\u1ebd \u0111\u01b0\u1ee3c tr\u1ea3i nghi\u1ec7m m\u1ed9t m\u00f3n \u0103n nh\u1eb9 nh\u00e0ng nh\u01b0ng \u0111\u1ea7y \u0111\u1ee7 d\u01b0\u1ee1ng ch\u1ea5t, gi\u00fap b\u1ea1n th\u1ecfa m\u00e3n c\u01a1n th\u00e8m m\u00e0 kh\u00f4ng lo ng\u1ea1i v\u1ec1 l\u01b0\u1ee3ng calo ti\u00eau th\u1ee5.<\/p>\n<p style=\"text-align: justify;\">Khi l\u1ef1a ch\u1ecdn <a href=\"https:\/\/maison-chance.org\/shop\/banh-ngot\">b\u00e1nh quy h\u1ea1t \u00f3c ch\u00f3<\/a> Nh\u00e0 May M\u1eafn, b\u1ea1n kh\u00f4ng ch\u1ec9 \u0111\u01a1n thu\u1ea7n l\u00e0 mua m\u1ed9t m\u00f3n \u0103n v\u1eb7t m\u00e0 c\u00f2n g\u00f3p ph\u1ea7n v\u00e0o s\u1ef1 ph\u00e1t tri\u1ec3n c\u1ee7a nh\u1eefng s\u1ea3n ph\u1ea9m mang \u0111\u1eadm tinh th\u1ea7n c\u1ed9ng \u0111\u1ed3ng. Nh\u1eefng chi\u1ebfc b\u00e1nh quy h\u1ea1t \u00f3c ch\u00f3 n\u00e0y \u0111\u01b0\u1ee3c ch\u1ebf bi\u1ebfn d\u01b0\u1edbi s\u1ef1 gi\u00e1m s\u00e1t ch\u1eb7t ch\u1ebd c\u1ee7a m\u1ed9t ng\u01b0\u1eddi th\u1ea7y c\u00f3 nhi\u1ec1u n\u0103m kinh nghi\u1ec7m trong ngh\u1ec1 l\u00e0m b\u00e1nh, \u0111\u1ea3m b\u1ea3o ch\u1ea5t l\u01b0\u1ee3ng v\u00e0 an to\u00e0n v\u1ec7 sinh th\u1ef1c ph\u1ea9m. M\u1ed7i chi\u1ebfc b\u00e1nh l\u00e0 s\u1ef1 k\u1ebft tinh t\u1eeb s\u1ef1 t\u00e2m huy\u1ebft, y\u00eau ngh\u1ec1 v\u00e0 s\u1ef1 ch\u0103m ch\u00fat \u0111\u1ebfn t\u1eebng chi ti\u1ebft nh\u1ecf nh\u1ea5t.<\/p>\n","protected":false},"excerpt":{"rendered":"<p style=\"text-align: justify;\">S\u1ea3n ph\u1ea9m b\u00e1nh ng\u1ecdt \u0111\u01b0\u1ee3c l\u00e0m t\u1eeb c\u00e1c b\u1ea1n tr\u1ebb m\u1ed3 c\u00f4i hi\u1ec7n \u0111ang \u0111\u01b0\u1ee3c Nh\u00e0 May M\u1eafn &#8211; Maison Chance nu\u00f4i d\u01b0\u1ee1ng. K\u00ednh mong nh\u1eadn \u0111\u01b0\u1ee3c s\u1ef1 \u1ee7ng h\u1ed9 c\u1ee7a Qu\u00fd kh\u00e1ch!<\/p>\n<p>Hotline : <span style=\"font-size: 20px;\"><strong><span style=\"color: #ff0000;\">0909 06 25 28<\/span><\/strong><\/span><\/p>\n","protected":false},"featured_media":41306,"template":"","meta":[],"product_brand":[],"product_cat":[153,150],"product_tag":[],"class_list":{"0":"post-41322","1":"product","2":"type-product","3":"status-publish","4":"has-post-thumbnail","6":"product_cat-banh-ngot","7":"product_cat-phong-banh","9":"first","10":"instock","11":"shipping-taxable","12":"purchasable","13":"product-type-simple"},"yoast_head":"<!-- This site is optimized with the Yoast SEO Premium plugin v22.7 (Yoast SEO v25.3.1) - https:\/\/yoast.com\/wordpress\/plugins\/seo\/ -->\n<title>B\u00e1nh quy h\u1ea1t \u00f3c ch\u00f3 - Nh\u00e0 May M\u1eafn - Maison Chance<\/title>\n<meta name=\"description\" content=\"B\u00e1nh quy h\u1ea1t \u00f3c ch\u00f3 c\u1ee7a Nh\u00e0 May M\u1eafn \u0111\u01b0\u1ee3c ch\u1ebf bi\u1ebfn t\u1eeb nh\u1eefng nguy\u00ean li\u1ec7u t\u1ef1 nhi\u00ean, mang \u0111\u1ebfn m\u1ed9t h\u01b0\u01a1ng v\u1ecb thanh tho\u00e1t nh\u01b0ng \u0111\u1eadm \u0111\u00e0 kh\u00f3 qu\u00ean\" \/>\n<meta name=\"robots\" content=\"index, follow, max-snippet:-1, max-image-preview:large, max-video-preview:-1\" \/>\n<link rel=\"canonical\" href=\"https:\/\/maison-chance.org\/shop\/san-pham\/banh-quy-hat-oc-cho\" \/>\n<meta property=\"og:locale\" content=\"vi_VN\" \/>\n<meta property=\"og:type\" content=\"article\" \/>\n<meta property=\"og:title\" content=\"B\u00e1nh quy h\u1ea1t \u00f3c ch\u00f3\" \/>\n<meta property=\"og:description\" content=\"B\u00e1nh quy h\u1ea1t \u00f3c ch\u00f3 c\u1ee7a Nh\u00e0 May M\u1eafn \u0111\u01b0\u1ee3c ch\u1ebf bi\u1ebfn t\u1eeb nh\u1eefng nguy\u00ean li\u1ec7u t\u1ef1 nhi\u00ean, mang \u0111\u1ebfn m\u1ed9t h\u01b0\u01a1ng v\u1ecb thanh tho\u00e1t nh\u01b0ng \u0111\u1eadm \u0111\u00e0 kh\u00f3 qu\u00ean\" \/>\n<meta property=\"og:url\" content=\"https:\/\/maison-chance.org\/shop\/san-pham\/banh-quy-hat-oc-cho\" \/>\n<meta property=\"og:site_name\" content=\"Nh\u00e0 May M\u1eafn - Maison Chance\" \/>\n<meta property=\"article:publisher\" content=\"https:\/\/www.facebook.com\/dnxh.nhamayman\/\" \/>\n<meta property=\"article:modified_time\" content=\"2024-12-04T08:15:54+00:00\" \/>\n<meta property=\"og:image\" content=\"https:\/\/maison-chance.org\/shop\/wp-content\/uploads\/2024\/12\/hop-banh-quy-oc-cho.jpg\" \/>\n\t<meta property=\"og:image:width\" content=\"600\" \/>\n\t<meta property=\"og:image:height\" content=\"600\" \/>\n\t<meta property=\"og:image:type\" content=\"image\/jpeg\" \/>\n<meta name=\"twitter:card\" content=\"summary_large_image\" \/>\n<meta name=\"twitter:label1\" content=\"Gi\u00e1\" \/>\n\t<meta name=\"twitter:data1\" content=\"2.80&nbsp;&#036;\" \/>\n\t<meta name=\"twitter:label2\" content=\"Availability\" \/>\n\t<meta name=\"twitter:data2\" content=\"In stock\" \/>\n<script type=\"application\/ld+json\" class=\"yoast-schema-graph\">{\"@context\":\"https:\/\/schema.org\",\"@graph\":[{\"@type\":\"WebPage\",\"@id\":\"https:\/\/maison-chance.org\/shop\/san-pham\/banh-quy-hat-oc-cho\",\"url\":\"https:\/\/maison-chance.org\/shop\/san-pham\/banh-quy-hat-oc-cho\",\"name\":\"B\u00e1nh quy h\u1ea1t \u00f3c ch\u00f3 - Nh\u00e0 May M\u1eafn - Maison Chance\",\"isPartOf\":{\"@id\":\"https:\/\/maison-chance.org\/shop\/#website\"},\"primaryImageOfPage\":{\"@id\":\"https:\/\/maison-chance.org\/shop\/san-pham\/banh-quy-hat-oc-cho#primaryimage\"},\"image\":{\"@id\":\"https:\/\/maison-chance.org\/shop\/san-pham\/banh-quy-hat-oc-cho#primaryimage\"},\"thumbnailUrl\":\"https:\/\/maison-chance.org\/shop\/wp-content\/uploads\/2024\/12\/hop-banh-quy-oc-cho.jpg\",\"datePublished\":\"2024-12-04T08:08:32+00:00\",\"dateModified\":\"2024-12-04T08:15:54+00:00\",\"description\":\"B\u00e1nh quy h\u1ea1t \u00f3c ch\u00f3 c\u1ee7a Nh\u00e0 May M\u1eafn \u0111\u01b0\u1ee3c ch\u1ebf bi\u1ebfn t\u1eeb nh\u1eefng nguy\u00ean li\u1ec7u t\u1ef1 nhi\u00ean, mang \u0111\u1ebfn m\u1ed9t h\u01b0\u01a1ng v\u1ecb thanh tho\u00e1t nh\u01b0ng \u0111\u1eadm \u0111\u00e0 kh\u00f3 qu\u00ean\",\"breadcrumb\":{\"@id\":\"https:\/\/maison-chance.org\/shop\/san-pham\/banh-quy-hat-oc-cho#breadcrumb\"},\"inLanguage\":\"vi-VN\",\"potentialAction\":[{\"@type\":\"ReadAction\",\"target\":[\"https:\/\/maison-chance.org\/shop\/san-pham\/banh-quy-hat-oc-cho\"]}]},{\"@type\":\"ImageObject\",\"inLanguage\":\"vi-VN\",\"@id\":\"https:\/\/maison-chance.org\/shop\/san-pham\/banh-quy-hat-oc-cho#primaryimage\",\"url\":\"https:\/\/maison-chance.org\/shop\/wp-content\/uploads\/2024\/12\/hop-banh-quy-oc-cho.jpg\",\"contentUrl\":\"https:\/\/maison-chance.org\/shop\/wp-content\/uploads\/2024\/12\/hop-banh-quy-oc-cho.jpg\",\"width\":600,\"height\":600,\"caption\":\"B\u00e1nh quy h\u1ea1t \u00f3c ch\u00f3\"},{\"@type\":\"BreadcrumbList\",\"@id\":\"https:\/\/maison-chance.org\/shop\/san-pham\/banh-quy-hat-oc-cho#breadcrumb\",\"itemListElement\":[{\"@type\":\"ListItem\",\"position\":1,\"name\":\"Trang ch\u1ee7\",\"item\":\"https:\/\/maison-chance.org\/shop\/\"},{\"@type\":\"ListItem\",\"position\":2,\"name\":\"Shop\",\"item\":\"https:\/\/maison-chance.org\/shop\/shop\"},{\"@type\":\"ListItem\",\"position\":3,\"name\":\"B\u00e1nh quy h\u1ea1t \u00f3c ch\u00f3\"}]},{\"@type\":\"WebSite\",\"@id\":\"https:\/\/maison-chance.org\/shop\/#website\",\"url\":\"https:\/\/maison-chance.org\/shop\/\",\"name\":\"Nh\u00e0 May M\u1eafn - Maison Chance\",\"description\":\"M\u1ecdi l\u1ee3i nhu\u1eadn thu v\u1ec1 t\u1eeb vi\u1ec7c b\u00e1n h\u00e0ng s\u1ebd tr\u00edch m\u1ed9t ph\u1ea7n \u0111\u1ec3 ch\u0103m lo cho \u0111\u1eddi s\u1ed1ng c\u00e1c b\u1ea1n khuy\u1ebft t\u1eadt v\u00e0 tr\u1ebb m\u1ed3 c\u00f4i \u1edf \u0111\u00e2y\",\"publisher\":{\"@id\":\"https:\/\/maison-chance.org\/shop\/#organization\"},\"potentialAction\":[{\"@type\":\"SearchAction\",\"target\":{\"@type\":\"EntryPoint\",\"urlTemplate\":\"https:\/\/maison-chance.org\/shop\/?s={search_term_string}\"},\"query-input\":{\"@type\":\"PropertyValueSpecification\",\"valueRequired\":true,\"valueName\":\"search_term_string\"}}],\"inLanguage\":\"vi-VN\"},{\"@type\":\"Organization\",\"@id\":\"https:\/\/maison-chance.org\/shop\/#organization\",\"name\":\"Nh\u00e0 May M\u1eafn - Maison Chance\",\"url\":\"https:\/\/maison-chance.org\/shop\/\",\"logo\":{\"@type\":\"ImageObject\",\"inLanguage\":\"vi-VN\",\"@id\":\"https:\/\/maison-chance.org\/shop\/#\/schema\/logo\/image\/\",\"url\":\"https:\/\/maison-chance.org\/shop\/wp-content\/uploads\/2024\/03\/cropped-Logo_DNXH.png\",\"contentUrl\":\"https:\/\/maison-chance.org\/shop\/wp-content\/uploads\/2024\/03\/cropped-Logo_DNXH.png\",\"width\":512,\"height\":512,\"caption\":\"Nh\u00e0 May M\u1eafn - Maison Chance\"},\"image\":{\"@id\":\"https:\/\/maison-chance.org\/shop\/#\/schema\/logo\/image\/\"},\"sameAs\":[\"https:\/\/www.facebook.com\/dnxh.nhamayman\/\"]}]}<\/script>\n<meta property=\"product:price:amount\" content=\"2.80\" \/>\n<meta property=\"product:price:currency\" content=\"USD\" \/>\n<meta property=\"og:availability\" content=\"instock\" \/>\n<meta property=\"product:availability\" content=\"instock\" \/>\n<meta property=\"product:condition\" content=\"new\" \/>\n<!-- \/ Yoast SEO Premium plugin. -->","yoast_head_json":{"title":"B\u00e1nh quy h\u1ea1t \u00f3c ch\u00f3 - Nh\u00e0 May M\u1eafn - Maison Chance","description":"B\u00e1nh quy h\u1ea1t \u00f3c ch\u00f3 c\u1ee7a Nh\u00e0 May M\u1eafn \u0111\u01b0\u1ee3c ch\u1ebf bi\u1ebfn t\u1eeb nh\u1eefng nguy\u00ean li\u1ec7u t\u1ef1 nhi\u00ean, mang \u0111\u1ebfn m\u1ed9t h\u01b0\u01a1ng v\u1ecb thanh tho\u00e1t nh\u01b0ng \u0111\u1eadm \u0111\u00e0 kh\u00f3 qu\u00ean","robots":{"index":"index","follow":"follow","max-snippet":"max-snippet:-1","max-image-preview":"max-image-preview:large","max-video-preview":"max-video-preview:-1"},"canonical":"https:\/\/maison-chance.org\/shop\/san-pham\/banh-quy-hat-oc-cho","og_locale":"vi_VN","og_type":"article","og_title":"B\u00e1nh quy h\u1ea1t \u00f3c ch\u00f3","og_description":"B\u00e1nh quy h\u1ea1t \u00f3c ch\u00f3 c\u1ee7a Nh\u00e0 May M\u1eafn \u0111\u01b0\u1ee3c ch\u1ebf bi\u1ebfn t\u1eeb nh\u1eefng nguy\u00ean li\u1ec7u t\u1ef1 nhi\u00ean, mang \u0111\u1ebfn m\u1ed9t h\u01b0\u01a1ng v\u1ecb thanh tho\u00e1t nh\u01b0ng \u0111\u1eadm \u0111\u00e0 kh\u00f3 qu\u00ean","og_url":"https:\/\/maison-chance.org\/shop\/san-pham\/banh-quy-hat-oc-cho","og_site_name":"Nh\u00e0 May M\u1eafn - Maison Chance","article_publisher":"https:\/\/www.facebook.com\/dnxh.nhamayman\/","article_modified_time":"2024-12-04T08:15:54+00:00","og_image":[{"width":600,"height":600,"url":"https:\/\/maison-chance.org\/shop\/wp-content\/uploads\/2024\/12\/hop-banh-quy-oc-cho.jpg","type":"image\/jpeg"}],"twitter_card":"summary_large_image","twitter_misc":{"Gi\u00e1":"2.80&nbsp;&#36;","Availability":"In stock"},"schema":{"@context":"https:\/\/schema.org","@graph":[{"@type":"WebPage","@id":"https:\/\/maison-chance.org\/shop\/san-pham\/banh-quy-hat-oc-cho","url":"https:\/\/maison-chance.org\/shop\/san-pham\/banh-quy-hat-oc-cho","name":"B\u00e1nh quy h\u1ea1t \u00f3c ch\u00f3 - Nh\u00e0 May M\u1eafn - Maison Chance","isPartOf":{"@id":"https:\/\/maison-chance.org\/shop\/#website"},"primaryImageOfPage":{"@id":"https:\/\/maison-chance.org\/shop\/san-pham\/banh-quy-hat-oc-cho#primaryimage"},"image":{"@id":"https:\/\/maison-chance.org\/shop\/san-pham\/banh-quy-hat-oc-cho#primaryimage"},"thumbnailUrl":"https:\/\/maison-chance.org\/shop\/wp-content\/uploads\/2024\/12\/hop-banh-quy-oc-cho.jpg","datePublished":"2024-12-04T08:08:32+00:00","dateModified":"2024-12-04T08:15:54+00:00","description":"B\u00e1nh quy h\u1ea1t \u00f3c ch\u00f3 c\u1ee7a Nh\u00e0 May M\u1eafn \u0111\u01b0\u1ee3c ch\u1ebf bi\u1ebfn t\u1eeb nh\u1eefng nguy\u00ean li\u1ec7u t\u1ef1 nhi\u00ean, mang \u0111\u1ebfn m\u1ed9t h\u01b0\u01a1ng v\u1ecb thanh tho\u00e1t nh\u01b0ng \u0111\u1eadm \u0111\u00e0 kh\u00f3 qu\u00ean","breadcrumb":{"@id":"https:\/\/maison-chance.org\/shop\/san-pham\/banh-quy-hat-oc-cho#breadcrumb"},"inLanguage":"vi-VN","potentialAction":[{"@type":"ReadAction","target":["https:\/\/maison-chance.org\/shop\/san-pham\/banh-quy-hat-oc-cho"]}]},{"@type":"ImageObject","inLanguage":"vi-VN","@id":"https:\/\/maison-chance.org\/shop\/san-pham\/banh-quy-hat-oc-cho#primaryimage","url":"https:\/\/maison-chance.org\/shop\/wp-content\/uploads\/2024\/12\/hop-banh-quy-oc-cho.jpg","contentUrl":"https:\/\/maison-chance.org\/shop\/wp-content\/uploads\/2024\/12\/hop-banh-quy-oc-cho.jpg","width":600,"height":600,"caption":"B\u00e1nh quy h\u1ea1t \u00f3c ch\u00f3"},{"@type":"BreadcrumbList","@id":"https:\/\/maison-chance.org\/shop\/san-pham\/banh-quy-hat-oc-cho#breadcrumb","itemListElement":[{"@type":"ListItem","position":1,"name":"Trang ch\u1ee7","item":"https:\/\/maison-chance.org\/shop\/"},{"@type":"ListItem","position":2,"name":"Shop","item":"https:\/\/maison-chance.org\/shop\/shop"},{"@type":"ListItem","position":3,"name":"B\u00e1nh quy h\u1ea1t \u00f3c ch\u00f3"}]},{"@type":"WebSite","@id":"https:\/\/maison-chance.org\/shop\/#website","url":"https:\/\/maison-chance.org\/shop\/","name":"Nh\u00e0 May M\u1eafn - Maison Chance","description":"M\u1ecdi l\u1ee3i nhu\u1eadn thu v\u1ec1 t\u1eeb vi\u1ec7c b\u00e1n h\u00e0ng s\u1ebd tr\u00edch m\u1ed9t ph\u1ea7n \u0111\u1ec3 ch\u0103m lo cho \u0111\u1eddi s\u1ed1ng c\u00e1c b\u1ea1n khuy\u1ebft t\u1eadt v\u00e0 tr\u1ebb m\u1ed3 c\u00f4i \u1edf \u0111\u00e2y","publisher":{"@id":"https:\/\/maison-chance.org\/shop\/#organization"},"potentialAction":[{"@type":"SearchAction","target":{"@type":"EntryPoint","urlTemplate":"https:\/\/maison-chance.org\/shop\/?s={search_term_string}"},"query-input":{"@type":"PropertyValueSpecification","valueRequired":true,"valueName":"search_term_string"}}],"inLanguage":"vi-VN"},{"@type":"Organization","@id":"https:\/\/maison-chance.org\/shop\/#organization","name":"Nh\u00e0 May M\u1eafn - Maison Chance","url":"https:\/\/maison-chance.org\/shop\/","logo":{"@type":"ImageObject","inLanguage":"vi-VN","@id":"https:\/\/maison-chance.org\/shop\/#\/schema\/logo\/image\/","url":"https:\/\/maison-chance.org\/shop\/wp-content\/uploads\/2024\/03\/cropped-Logo_DNXH.png","contentUrl":"https:\/\/maison-chance.org\/shop\/wp-content\/uploads\/2024\/03\/cropped-Logo_DNXH.png","width":512,"height":512,"caption":"Nh\u00e0 May M\u1eafn - Maison Chance"},"image":{"@id":"https:\/\/maison-chance.org\/shop\/#\/schema\/logo\/image\/"},"sameAs":["https:\/\/www.facebook.com\/dnxh.nhamayman\/"]}]},"product_price_amount":"2.80","product_price_currency":"USD","og_availability":"instock","product_availability":"instock","product_condition":"new"},"_links":{"self":[{"href":"https:\/\/maison-chance.org\/shop\/wp-json\/wp\/v2\/product\/41322","targetHints":{"allow":["GET"]}}],"collection":[{"href":"https:\/\/maison-chance.org\/shop\/wp-json\/wp\/v2\/product"}],"about":[{"href":"https:\/\/maison-chance.org\/shop\/wp-json\/wp\/v2\/types\/product"}],"wp:featuredmedia":[{"embeddable":true,"href":"https:\/\/maison-chance.org\/shop\/wp-json\/wp\/v2\/media\/41306"}],"wp:attachment":[{"href":"https:\/\/maison-chance.org\/shop\/wp-json\/wp\/v2\/media?parent=41322"}],"wp:term":[{"taxonomy":"product_brand","embeddable":true,"href":"https:\/\/maison-chance.org\/shop\/wp-json\/wp\/v2\/product_brand?post=41322"},{"taxonomy":"product_cat","embeddable":true,"href":"https:\/\/maison-chance.org\/shop\/wp-json\/wp\/v2\/product_cat?post=41322"},{"taxonomy":"product_tag","embeddable":true,"href":"https:\/\/maison-chance.org\/shop\/wp-json\/wp\/v2\/product_tag?post=41322"}],"curies":[{"name":"wp","href":"https:\/\/api.w.org\/{rel}","templated":true}]}}