{"id":41415,"date":"2024-12-11T14:17:33","date_gmt":"2024-12-11T07:17:33","guid":{"rendered":"https:\/\/maison-chance.org\/shop?post_type=product&#038;p=41415"},"modified":"2024-12-11T14:26:41","modified_gmt":"2024-12-11T07:26:41","slug":"banh-nhung-do-t-break","status":"publish","type":"product","link":"https:\/\/maison-chance.org\/shop\/san-pham\/banh-nhung-do-t-break","title":{"rendered":"B\u00e1nh nhung \u0111\u1ecf (T-break)"},"content":{"rendered":"<p style=\"text-align: justify;\">M\u1ed9t chi\u1ebfc b\u00e1nh ngon kh\u00f4ng ch\u1ec9 n\u1eb1m \u1edf h\u01b0\u01a1ng v\u1ecb m\u00e0 c\u00f2n \u1edf c\u00e1ch n\u00f3 ch\u1ea1m \u0111\u1ebfn tr\u00e1i tim ng\u01b0\u1eddi th\u01b0\u1edfng th\u1ee9c. V\u1edbi s\u1ef1 \u0111am m\u00ea v\u00e0 t\u1ec9 m\u1ec9 trong t\u1eebng c\u00f4ng \u0111o\u1ea1n, Nh\u00e0 May M\u1eafn t\u1ef1 h\u00e0o mang \u0111\u1ebfn <a href=\"https:\/\/maison-chance.org\/shop\/san-pham\/banh-nhung-do-t-break\">b\u00e1nh nhung \u0111\u1ecf (T-break)<\/a> \u2013 chi\u1ebfc b\u00e1nh mang s\u1eafc \u0111\u1ecf quy\u1ebfn r\u0169, h\u01b0\u01a1ng v\u1ecb ng\u1ecdt ng\u00e0o v\u00e0 k\u1ebft c\u1ea5u m\u1ec1m m\u1ecbn, ch\u1eafc ch\u1eafn s\u1ebd khi\u1ebfn b\u1ea1n say m\u00ea ngay t\u1eeb l\u1ea7n \u0111\u1ea7u th\u01b0\u1edfng th\u1ee9c. \u0110\u00e2y kh\u00f4ng ch\u1ec9 l\u00e0 m\u1ed9t m\u00f3n b\u00e1nh ng\u1ecdt th\u00f4ng th\u01b0\u1eddng m\u00e0 c\u00f2n l\u00e0 d\u1ea5u \u1ea5n c\u1ee7a s\u1ef1 s\u00e1ng t\u1ea1o v\u00e0 tinh t\u1ebf trong ngh\u1ec7 thu\u1eadt l\u00e0m b\u00e1nh.<\/p>\n<p style=\"text-align: justify;\">B\u00e1nh nhung \u0111\u1ecf (T-break) n\u1ed5i b\u1eadt v\u1edbi s\u1ef1 k\u1ebft h\u1ee3p \u0111\u1ed9c \u0111\u00e1o gi\u1eefa m\u00e0u s\u1eafc, h\u01b0\u01a1ng v\u1ecb v\u00e0 k\u1ebft c\u1ea5u, mang l\u1ea1i tr\u1ea3i nghi\u1ec7m th\u01b0\u1edfng th\u1ee9c \u0111\u1ea7y tr\u1ecdn v\u1eb9n.<\/p>\n<p style=\"text-align: justify;\">L\u1edbp c\u1ed1t b\u00e1nh mang s\u1eafc \u0111\u1ecf \u0111\u1eb7c tr\u01b0ng l\u00e0 \u0111i\u1ec3m nh\u1ea5n ch\u00ednh, \u0111\u01b0\u1ee3c t\u1ea1o n\u00ean t\u1eeb nh\u1eefng nguy\u00ean li\u1ec7u tuy\u1ec3n ch\u1ecdn nh\u01b0 b\u1ed9t m\u00ec cao c\u1ea5p, b\u1ed9t cacao nguy\u00ean ch\u1ea5t v\u00e0 tr\u1ee9ng g\u00e0 t\u01b0\u01a1i. M\u00e0u \u0111\u1ecf t\u1ef1 nhi\u00ean kh\u00f4ng ch\u1ec9 l\u00e0m h\u00e0i l\u00f2ng th\u1ecb gi\u00e1c m\u00e0 c\u00f2n g\u1ee3i c\u1ea3m gi\u00e1c \u1ea5m \u00e1p v\u00e0 sang tr\u1ecdng. B\u00e1nh \u0111\u01b0\u1ee3c n\u01b0\u1edbng v\u1eeba \u0111\u1ed9, gi\u1eef \u0111\u01b0\u1ee3c \u0111\u1ed9 \u1ea9m t\u1ef1 nhi\u00ean, m\u1ec1m m\u1ecbn v\u00e0 tan ch\u1ea3y trong mi\u1ec7ng, mang \u0111\u1ebfn c\u1ea3m gi\u00e1c nh\u01b0 \u0111ang th\u01b0\u1edfng th\u1ee9c m\u1ed9t m\u00f3n qu\u00e0 t\u1eeb tr\u00e1i tim.<\/p>\n<p style=\"text-align: justify;\">Kh\u00f4ng th\u1ec3 b\u1ecf qua l\u1edbp kem ph\u00f4 mai tr\u1eafng m\u1ecbn xen k\u1ebd gi\u1eefa c\u00e1c l\u1edbp b\u00e1nh nhung \u0111\u1ecf. \u0110\u01b0\u1ee3c l\u00e0m t\u1eeb cream cheese nguy\u00ean ch\u1ea5t, l\u1edbp kem n\u00e0y mang v\u1ecb ng\u1ecdt nh\u1eb9, b\u00e9o ng\u1eady nh\u01b0ng kh\u00f4ng ng\u00e1n. S\u1ef1 h\u00f2a quy\u1ec7n gi\u1eefa kem ph\u00f4 mai v\u00e0 c\u1ed1t b\u00e1nh t\u1ea1o n\u00ean m\u1ed9t b\u1ea3n giao h\u01b0\u1edfng \u1ea9m th\u1ef1c ho\u00e0n h\u1ea3o, khi\u1ebfn m\u1ed7i mi\u1ebfng b\u00e1nh khi th\u01b0\u1edfng th\u1ee9c \u0111\u1ec1u mang l\u1ea1i c\u1ea3m gi\u00e1c tr\u1ecdn v\u1eb9n.<\/p>\n<p style=\"text-align: justify;\">B\u1ec1 m\u1eb7t b\u00e1nh \u0111\u01b0\u1ee3c \u0111i\u1ec3m xuy\u1ebft b\u1eb1ng nh\u1eefng m\u1ea3nh v\u1ee5n b\u00e1nh \u0111\u1ecf nh\u1ecf xinh, t\u1ea1o n\u00ean s\u1ef1 \u0111\u1ed3ng \u0111i\u1ec7u v\u1ec1 m\u00e0u s\u1eafc. Nh\u00e1nh b\u1ea1c h\u00e0 xanh t\u01b0\u01a1i tr\u00ean c\u00f9ng kh\u00f4ng ch\u1ec9 l\u00e0m t\u0103ng th\u00eam v\u1ebb \u0111\u1eb9p t\u1ef1 nhi\u00ean m\u00e0 c\u00f2n t\u1ea1o c\u1ea3m gi\u00e1c t\u01b0\u01a1i m\u1edbi, thanh tho\u00e1t. S\u1ef1 tinh t\u1ebf trong c\u00e1ch trang tr\u00ed gi\u00fap <a href=\"https:\/\/maison-chance.org\/shop\/banh-ngot\">b\u00e1nh nhung \u0111\u1ecf<\/a> (T-break) kh\u00f4ng ch\u1ec9 l\u00e0 m\u1ed9t m\u00f3n \u0103n m\u00e0 c\u00f2n l\u00e0 m\u1ed9t t\u00e1c ph\u1ea9m ngh\u1ec7 thu\u1eadt \u0111\u1eb9p m\u1eaft.<\/p>\n<p style=\"text-align: justify;\">S\u1ef1 k\u1ebft h\u1ee3p gi\u1eefa v\u1ecb cacao nh\u1eb9 nh\u00e0ng, v\u1ecb ng\u1ecdt thanh c\u1ee7a ph\u00f4 mai v\u00e0 k\u1ebft c\u1ea5u m\u1ec1m m\u1ea1i c\u1ee7a b\u00e1nh mang \u0111\u1ebfn tr\u1ea3i nghi\u1ec7m \u1ea9m th\u1ef1c kh\u00f3 qu\u00ean. D\u00f9 l\u00e0 th\u01b0\u1edfng th\u1ee9c c\u00f9ng tr\u00e0, c\u00e0 ph\u00ea hay d\u00f9ng trong c\u00e1c b\u1eefa ti\u1ec7c, <a href=\"https:\/\/maison-chance.org\/shop\/phong-banh\">b\u00e1nh nhung \u0111\u1ecf Nh\u00e0 May M\u1eafn<\/a> lu\u00f4n l\u00e0 l\u1ef1a ch\u1ecdn ho\u00e0n h\u1ea3o, g\u00f3p ph\u1ea7n l\u00e0m n\u00ean nh\u1eefng kho\u1ea3nh kh\u1eafc \u0111\u00e1ng nh\u1edb.<\/p>\n<p style=\"text-align: justify;\">Kh\u00f4ng ph\u1ea3i ng\u1eabu nhi\u00ean m\u00e0 b\u00e1nh nhung \u0111\u1ecf (T-break) tr\u1edf th\u00e0nh s\u1ea3n ph\u1ea9m \u0111\u01b0\u1ee3c y\u00eau th\u00edch t\u1ea1i <a href=\"https:\/\/maison-chance.org\/shop\">Nh\u00e0 May M\u1eafn<\/a>. \u0110\u00e2y kh\u00f4ng ch\u1ec9 l\u00e0 m\u1ed9t chi\u1ebfc b\u00e1nh ngon m\u00e0 c\u00f2n l\u00e0 m\u00f3n qu\u00e0 \u00fd ngh\u0129a d\u00e0nh t\u1eb7ng cho ng\u01b0\u1eddi th\u00e2n y\u00eau hay ch\u00ednh b\u1ea1n. Tinh t\u1ebf t\u1eeb h\u01b0\u01a1ng v\u1ecb \u0111\u1ebfn h\u00ecnh th\u1ee9c, chi\u1ebfc b\u00e1nh n\u00e0y h\u1ee9a h\u1eb9n s\u1ebd l\u00e0m h\u00e0i l\u00f2ng c\u1ea3 nh\u1eefng th\u1ef1c kh\u00e1ch kh\u00f3 t\u00ednh nh\u1ea5t.<\/p>\n","protected":false},"excerpt":{"rendered":"<p style=\"text-align: justify;\">S\u1ea3n ph\u1ea9m b\u00e1nh ng\u1ecdt \u0111\u01b0\u1ee3c l\u00e0m t\u1eeb c\u00e1c b\u1ea1n tr\u1ebb m\u1ed3 c\u00f4i hi\u1ec7n \u0111ang \u0111\u01b0\u1ee3c Nh\u00e0 May M\u1eafn &#8211; Maison Chance nu\u00f4i d\u01b0\u1ee1ng. K\u00ednh mong nh\u1eadn \u0111\u01b0\u1ee3c s\u1ef1 \u1ee7ng h\u1ed9 c\u1ee7a Qu\u00fd kh\u00e1ch!<\/p>\n<p>Hotline : <span style=\"font-size: 20px;\"><strong><span style=\"color: #ff0000;\">0909 06 25 28<\/span><\/strong><\/span><\/p>\n","protected":false},"featured_media":41416,"template":"","meta":[],"product_brand":[],"product_cat":[153,150],"product_tag":[],"class_list":{"0":"post-41415","1":"product","2":"type-product","3":"status-publish","4":"has-post-thumbnail","6":"product_cat-banh-ngot","7":"product_cat-phong-banh","9":"first","10":"instock","11":"shipping-taxable","12":"purchasable","13":"product-type-simple"},"yoast_head":"<!-- This site is optimized with the Yoast SEO Premium plugin v22.7 (Yoast SEO v25.3.1) - https:\/\/yoast.com\/wordpress\/plugins\/seo\/ -->\n<title>B\u00e1nh nhung \u0111\u1ecf (T-break) - Nh\u00e0 May M\u1eafn - Maison Chance<\/title>\n<meta name=\"description\" content=\"Kh\u00f4ng ph\u1ea3i ng\u1eabu nhi\u00ean m\u00e0 b\u00e1nh nhung \u0111\u1ecf (T-break) tr\u1edf th\u00e0nh s\u1ea3n ph\u1ea9m \u0111\u01b0\u1ee3c y\u00eau th\u00edch t\u1ea1i Nh\u00e0 May M\u1eafn. \u0110\u00e2y kh\u00f4ng ch\u1ec9 l\u00e0 m\u1ed9t chi\u1ebfc b\u00e1nh ngon m\u00e0 c\u00f2n l\u00e0 m\u00f3n qu\u00e0 \u00fd ngh\u0129a d\u00e0nh t\u1eb7ng cho ng\u01b0\u1eddi th\u00e2n y\u00eau hay ch\u00ednh b\u1ea1n\" \/>\n<meta name=\"robots\" content=\"index, follow, max-snippet:-1, max-image-preview:large, max-video-preview:-1\" \/>\n<link rel=\"canonical\" href=\"https:\/\/maison-chance.org\/shop\/san-pham\/banh-nhung-do-t-break\" \/>\n<meta property=\"og:locale\" content=\"vi_VN\" \/>\n<meta property=\"og:type\" content=\"article\" \/>\n<meta property=\"og:title\" content=\"B\u00e1nh nhung \u0111\u1ecf (T-break)\" \/>\n<meta property=\"og:description\" content=\"Kh\u00f4ng ph\u1ea3i ng\u1eabu nhi\u00ean m\u00e0 b\u00e1nh nhung \u0111\u1ecf (T-break) tr\u1edf th\u00e0nh s\u1ea3n ph\u1ea9m \u0111\u01b0\u1ee3c y\u00eau th\u00edch t\u1ea1i Nh\u00e0 May M\u1eafn. \u0110\u00e2y kh\u00f4ng ch\u1ec9 l\u00e0 m\u1ed9t chi\u1ebfc b\u00e1nh ngon m\u00e0 c\u00f2n l\u00e0 m\u00f3n qu\u00e0 \u00fd ngh\u0129a d\u00e0nh t\u1eb7ng cho ng\u01b0\u1eddi th\u00e2n y\u00eau hay ch\u00ednh b\u1ea1n\" \/>\n<meta property=\"og:url\" content=\"https:\/\/maison-chance.org\/shop\/san-pham\/banh-nhung-do-t-break\" \/>\n<meta property=\"og:site_name\" content=\"Nh\u00e0 May M\u1eafn - Maison Chance\" \/>\n<meta property=\"article:publisher\" content=\"https:\/\/www.facebook.com\/dnxh.nhamayman\/\" \/>\n<meta property=\"article:modified_time\" content=\"2024-12-11T07:26:41+00:00\" \/>\n<meta property=\"og:image\" content=\"https:\/\/maison-chance.org\/shop\/wp-content\/uploads\/2024\/12\/banh-nhung-do-t-break.png\" \/>\n\t<meta property=\"og:image:width\" content=\"600\" \/>\n\t<meta property=\"og:image:height\" content=\"600\" \/>\n\t<meta property=\"og:image:type\" content=\"image\/png\" \/>\n<meta name=\"twitter:card\" content=\"summary_large_image\" \/>\n<meta name=\"twitter:label1\" content=\"Gi\u00e1\" \/>\n\t<meta name=\"twitter:data1\" content=\"0.50&nbsp;&#036;\" \/>\n\t<meta name=\"twitter:label2\" content=\"Availability\" \/>\n\t<meta name=\"twitter:data2\" content=\"In stock\" \/>\n<script type=\"application\/ld+json\" class=\"yoast-schema-graph\">{\"@context\":\"https:\/\/schema.org\",\"@graph\":[{\"@type\":\"WebPage\",\"@id\":\"https:\/\/maison-chance.org\/shop\/san-pham\/banh-nhung-do-t-break\",\"url\":\"https:\/\/maison-chance.org\/shop\/san-pham\/banh-nhung-do-t-break\",\"name\":\"B\u00e1nh nhung \u0111\u1ecf (T-break) - Nh\u00e0 May M\u1eafn - Maison Chance\",\"isPartOf\":{\"@id\":\"https:\/\/maison-chance.org\/shop\/#website\"},\"primaryImageOfPage\":{\"@id\":\"https:\/\/maison-chance.org\/shop\/san-pham\/banh-nhung-do-t-break#primaryimage\"},\"image\":{\"@id\":\"https:\/\/maison-chance.org\/shop\/san-pham\/banh-nhung-do-t-break#primaryimage\"},\"thumbnailUrl\":\"https:\/\/maison-chance.org\/shop\/wp-content\/uploads\/2024\/12\/banh-nhung-do-t-break.png\",\"datePublished\":\"2024-12-11T07:17:33+00:00\",\"dateModified\":\"2024-12-11T07:26:41+00:00\",\"description\":\"Kh\u00f4ng ph\u1ea3i ng\u1eabu nhi\u00ean m\u00e0 b\u00e1nh nhung \u0111\u1ecf (T-break) tr\u1edf th\u00e0nh s\u1ea3n ph\u1ea9m \u0111\u01b0\u1ee3c y\u00eau th\u00edch t\u1ea1i Nh\u00e0 May M\u1eafn. \u0110\u00e2y kh\u00f4ng ch\u1ec9 l\u00e0 m\u1ed9t chi\u1ebfc b\u00e1nh ngon m\u00e0 c\u00f2n l\u00e0 m\u00f3n qu\u00e0 \u00fd ngh\u0129a d\u00e0nh t\u1eb7ng cho ng\u01b0\u1eddi th\u00e2n y\u00eau hay ch\u00ednh b\u1ea1n\",\"breadcrumb\":{\"@id\":\"https:\/\/maison-chance.org\/shop\/san-pham\/banh-nhung-do-t-break#breadcrumb\"},\"inLanguage\":\"vi-VN\",\"potentialAction\":[{\"@type\":\"ReadAction\",\"target\":[\"https:\/\/maison-chance.org\/shop\/san-pham\/banh-nhung-do-t-break\"]}]},{\"@type\":\"ImageObject\",\"inLanguage\":\"vi-VN\",\"@id\":\"https:\/\/maison-chance.org\/shop\/san-pham\/banh-nhung-do-t-break#primaryimage\",\"url\":\"https:\/\/maison-chance.org\/shop\/wp-content\/uploads\/2024\/12\/banh-nhung-do-t-break.png\",\"contentUrl\":\"https:\/\/maison-chance.org\/shop\/wp-content\/uploads\/2024\/12\/banh-nhung-do-t-break.png\",\"width\":600,\"height\":600,\"caption\":\"B\u00e1nh nhung \u0111\u1ecf (T-break)\"},{\"@type\":\"BreadcrumbList\",\"@id\":\"https:\/\/maison-chance.org\/shop\/san-pham\/banh-nhung-do-t-break#breadcrumb\",\"itemListElement\":[{\"@type\":\"ListItem\",\"position\":1,\"name\":\"Trang ch\u1ee7\",\"item\":\"https:\/\/maison-chance.org\/shop\/\"},{\"@type\":\"ListItem\",\"position\":2,\"name\":\"Shop\",\"item\":\"https:\/\/maison-chance.org\/shop\/shop\"},{\"@type\":\"ListItem\",\"position\":3,\"name\":\"B\u00e1nh nhung \u0111\u1ecf (T-break)\"}]},{\"@type\":\"WebSite\",\"@id\":\"https:\/\/maison-chance.org\/shop\/#website\",\"url\":\"https:\/\/maison-chance.org\/shop\/\",\"name\":\"Nh\u00e0 May M\u1eafn - Maison Chance\",\"description\":\"M\u1ecdi l\u1ee3i nhu\u1eadn thu v\u1ec1 t\u1eeb vi\u1ec7c b\u00e1n h\u00e0ng s\u1ebd tr\u00edch m\u1ed9t ph\u1ea7n \u0111\u1ec3 ch\u0103m lo cho \u0111\u1eddi s\u1ed1ng c\u00e1c b\u1ea1n khuy\u1ebft t\u1eadt v\u00e0 tr\u1ebb m\u1ed3 c\u00f4i \u1edf \u0111\u00e2y\",\"publisher\":{\"@id\":\"https:\/\/maison-chance.org\/shop\/#organization\"},\"potentialAction\":[{\"@type\":\"SearchAction\",\"target\":{\"@type\":\"EntryPoint\",\"urlTemplate\":\"https:\/\/maison-chance.org\/shop\/?s={search_term_string}\"},\"query-input\":{\"@type\":\"PropertyValueSpecification\",\"valueRequired\":true,\"valueName\":\"search_term_string\"}}],\"inLanguage\":\"vi-VN\"},{\"@type\":\"Organization\",\"@id\":\"https:\/\/maison-chance.org\/shop\/#organization\",\"name\":\"Nh\u00e0 May M\u1eafn - Maison Chance\",\"url\":\"https:\/\/maison-chance.org\/shop\/\",\"logo\":{\"@type\":\"ImageObject\",\"inLanguage\":\"vi-VN\",\"@id\":\"https:\/\/maison-chance.org\/shop\/#\/schema\/logo\/image\/\",\"url\":\"https:\/\/maison-chance.org\/shop\/wp-content\/uploads\/2024\/03\/cropped-Logo_DNXH.png\",\"contentUrl\":\"https:\/\/maison-chance.org\/shop\/wp-content\/uploads\/2024\/03\/cropped-Logo_DNXH.png\",\"width\":512,\"height\":512,\"caption\":\"Nh\u00e0 May M\u1eafn - Maison Chance\"},\"image\":{\"@id\":\"https:\/\/maison-chance.org\/shop\/#\/schema\/logo\/image\/\"},\"sameAs\":[\"https:\/\/www.facebook.com\/dnxh.nhamayman\/\"]}]}<\/script>\n<meta property=\"product:price:amount\" content=\"0.50\" \/>\n<meta property=\"product:price:currency\" content=\"USD\" \/>\n<meta property=\"og:availability\" content=\"instock\" \/>\n<meta property=\"product:availability\" content=\"instock\" \/>\n<meta property=\"product:condition\" content=\"new\" \/>\n<!-- \/ Yoast SEO Premium plugin. -->","yoast_head_json":{"title":"B\u00e1nh nhung \u0111\u1ecf (T-break) - Nh\u00e0 May M\u1eafn - Maison Chance","description":"Kh\u00f4ng ph\u1ea3i ng\u1eabu nhi\u00ean m\u00e0 b\u00e1nh nhung \u0111\u1ecf (T-break) tr\u1edf th\u00e0nh s\u1ea3n ph\u1ea9m \u0111\u01b0\u1ee3c y\u00eau th\u00edch t\u1ea1i Nh\u00e0 May M\u1eafn. \u0110\u00e2y kh\u00f4ng ch\u1ec9 l\u00e0 m\u1ed9t chi\u1ebfc b\u00e1nh ngon m\u00e0 c\u00f2n l\u00e0 m\u00f3n qu\u00e0 \u00fd ngh\u0129a d\u00e0nh t\u1eb7ng cho ng\u01b0\u1eddi th\u00e2n y\u00eau hay ch\u00ednh b\u1ea1n","robots":{"index":"index","follow":"follow","max-snippet":"max-snippet:-1","max-image-preview":"max-image-preview:large","max-video-preview":"max-video-preview:-1"},"canonical":"https:\/\/maison-chance.org\/shop\/san-pham\/banh-nhung-do-t-break","og_locale":"vi_VN","og_type":"article","og_title":"B\u00e1nh nhung \u0111\u1ecf (T-break)","og_description":"Kh\u00f4ng ph\u1ea3i ng\u1eabu nhi\u00ean m\u00e0 b\u00e1nh nhung \u0111\u1ecf (T-break) tr\u1edf th\u00e0nh s\u1ea3n ph\u1ea9m \u0111\u01b0\u1ee3c y\u00eau th\u00edch t\u1ea1i Nh\u00e0 May M\u1eafn. \u0110\u00e2y kh\u00f4ng ch\u1ec9 l\u00e0 m\u1ed9t chi\u1ebfc b\u00e1nh ngon m\u00e0 c\u00f2n l\u00e0 m\u00f3n qu\u00e0 \u00fd ngh\u0129a d\u00e0nh t\u1eb7ng cho ng\u01b0\u1eddi th\u00e2n y\u00eau hay ch\u00ednh b\u1ea1n","og_url":"https:\/\/maison-chance.org\/shop\/san-pham\/banh-nhung-do-t-break","og_site_name":"Nh\u00e0 May M\u1eafn - Maison Chance","article_publisher":"https:\/\/www.facebook.com\/dnxh.nhamayman\/","article_modified_time":"2024-12-11T07:26:41+00:00","og_image":[{"width":600,"height":600,"url":"https:\/\/maison-chance.org\/shop\/wp-content\/uploads\/2024\/12\/banh-nhung-do-t-break.png","type":"image\/png"}],"twitter_card":"summary_large_image","twitter_misc":{"Gi\u00e1":"0.50&nbsp;&#36;","Availability":"In stock"},"schema":{"@context":"https:\/\/schema.org","@graph":[{"@type":"WebPage","@id":"https:\/\/maison-chance.org\/shop\/san-pham\/banh-nhung-do-t-break","url":"https:\/\/maison-chance.org\/shop\/san-pham\/banh-nhung-do-t-break","name":"B\u00e1nh nhung \u0111\u1ecf (T-break) - Nh\u00e0 May M\u1eafn - Maison Chance","isPartOf":{"@id":"https:\/\/maison-chance.org\/shop\/#website"},"primaryImageOfPage":{"@id":"https:\/\/maison-chance.org\/shop\/san-pham\/banh-nhung-do-t-break#primaryimage"},"image":{"@id":"https:\/\/maison-chance.org\/shop\/san-pham\/banh-nhung-do-t-break#primaryimage"},"thumbnailUrl":"https:\/\/maison-chance.org\/shop\/wp-content\/uploads\/2024\/12\/banh-nhung-do-t-break.png","datePublished":"2024-12-11T07:17:33+00:00","dateModified":"2024-12-11T07:26:41+00:00","description":"Kh\u00f4ng ph\u1ea3i ng\u1eabu nhi\u00ean m\u00e0 b\u00e1nh nhung \u0111\u1ecf (T-break) tr\u1edf th\u00e0nh s\u1ea3n ph\u1ea9m \u0111\u01b0\u1ee3c y\u00eau th\u00edch t\u1ea1i Nh\u00e0 May M\u1eafn. \u0110\u00e2y kh\u00f4ng ch\u1ec9 l\u00e0 m\u1ed9t chi\u1ebfc b\u00e1nh ngon m\u00e0 c\u00f2n l\u00e0 m\u00f3n qu\u00e0 \u00fd ngh\u0129a d\u00e0nh t\u1eb7ng cho ng\u01b0\u1eddi th\u00e2n y\u00eau hay ch\u00ednh b\u1ea1n","breadcrumb":{"@id":"https:\/\/maison-chance.org\/shop\/san-pham\/banh-nhung-do-t-break#breadcrumb"},"inLanguage":"vi-VN","potentialAction":[{"@type":"ReadAction","target":["https:\/\/maison-chance.org\/shop\/san-pham\/banh-nhung-do-t-break"]}]},{"@type":"ImageObject","inLanguage":"vi-VN","@id":"https:\/\/maison-chance.org\/shop\/san-pham\/banh-nhung-do-t-break#primaryimage","url":"https:\/\/maison-chance.org\/shop\/wp-content\/uploads\/2024\/12\/banh-nhung-do-t-break.png","contentUrl":"https:\/\/maison-chance.org\/shop\/wp-content\/uploads\/2024\/12\/banh-nhung-do-t-break.png","width":600,"height":600,"caption":"B\u00e1nh nhung \u0111\u1ecf (T-break)"},{"@type":"BreadcrumbList","@id":"https:\/\/maison-chance.org\/shop\/san-pham\/banh-nhung-do-t-break#breadcrumb","itemListElement":[{"@type":"ListItem","position":1,"name":"Trang ch\u1ee7","item":"https:\/\/maison-chance.org\/shop\/"},{"@type":"ListItem","position":2,"name":"Shop","item":"https:\/\/maison-chance.org\/shop\/shop"},{"@type":"ListItem","position":3,"name":"B\u00e1nh nhung \u0111\u1ecf (T-break)"}]},{"@type":"WebSite","@id":"https:\/\/maison-chance.org\/shop\/#website","url":"https:\/\/maison-chance.org\/shop\/","name":"Nh\u00e0 May M\u1eafn - Maison Chance","description":"M\u1ecdi l\u1ee3i nhu\u1eadn thu v\u1ec1 t\u1eeb vi\u1ec7c b\u00e1n h\u00e0ng s\u1ebd tr\u00edch m\u1ed9t ph\u1ea7n \u0111\u1ec3 ch\u0103m lo cho \u0111\u1eddi s\u1ed1ng c\u00e1c b\u1ea1n khuy\u1ebft t\u1eadt v\u00e0 tr\u1ebb m\u1ed3 c\u00f4i \u1edf \u0111\u00e2y","publisher":{"@id":"https:\/\/maison-chance.org\/shop\/#organization"},"potentialAction":[{"@type":"SearchAction","target":{"@type":"EntryPoint","urlTemplate":"https:\/\/maison-chance.org\/shop\/?s={search_term_string}"},"query-input":{"@type":"PropertyValueSpecification","valueRequired":true,"valueName":"search_term_string"}}],"inLanguage":"vi-VN"},{"@type":"Organization","@id":"https:\/\/maison-chance.org\/shop\/#organization","name":"Nh\u00e0 May M\u1eafn - Maison Chance","url":"https:\/\/maison-chance.org\/shop\/","logo":{"@type":"ImageObject","inLanguage":"vi-VN","@id":"https:\/\/maison-chance.org\/shop\/#\/schema\/logo\/image\/","url":"https:\/\/maison-chance.org\/shop\/wp-content\/uploads\/2024\/03\/cropped-Logo_DNXH.png","contentUrl":"https:\/\/maison-chance.org\/shop\/wp-content\/uploads\/2024\/03\/cropped-Logo_DNXH.png","width":512,"height":512,"caption":"Nh\u00e0 May M\u1eafn - Maison Chance"},"image":{"@id":"https:\/\/maison-chance.org\/shop\/#\/schema\/logo\/image\/"},"sameAs":["https:\/\/www.facebook.com\/dnxh.nhamayman\/"]}]},"product_price_amount":"0.50","product_price_currency":"USD","og_availability":"instock","product_availability":"instock","product_condition":"new"},"_links":{"self":[{"href":"https:\/\/maison-chance.org\/shop\/wp-json\/wp\/v2\/product\/41415","targetHints":{"allow":["GET"]}}],"collection":[{"href":"https:\/\/maison-chance.org\/shop\/wp-json\/wp\/v2\/product"}],"about":[{"href":"https:\/\/maison-chance.org\/shop\/wp-json\/wp\/v2\/types\/product"}],"wp:featuredmedia":[{"embeddable":true,"href":"https:\/\/maison-chance.org\/shop\/wp-json\/wp\/v2\/media\/41416"}],"wp:attachment":[{"href":"https:\/\/maison-chance.org\/shop\/wp-json\/wp\/v2\/media?parent=41415"}],"wp:term":[{"taxonomy":"product_brand","embeddable":true,"href":"https:\/\/maison-chance.org\/shop\/wp-json\/wp\/v2\/product_brand?post=41415"},{"taxonomy":"product_cat","embeddable":true,"href":"https:\/\/maison-chance.org\/shop\/wp-json\/wp\/v2\/product_cat?post=41415"},{"taxonomy":"product_tag","embeddable":true,"href":"https:\/\/maison-chance.org\/shop\/wp-json\/wp\/v2\/product_tag?post=41415"}],"curies":[{"name":"wp","href":"https:\/\/api.w.org\/{rel}","templated":true}]}}